{"text_format":"1","workbook":"xlsx","n_sheets":6,"sheets":["User Instructions","Notes","SSA Dashboard","Framework Dashboard","SSA Data","Framework Data"],"not_rendered":{"charts":0,"images":3,"macros":1,"external_links":8,"defined_names":312,"comments":0,"pivot_tables":0},"unopened":[],"bounds":{"document_bytes":16777216,"sheet_cells":100000,"rows_first":2000,"rows_last":500,"rows_between":2000,"halvings":0,"cell_chars":16384,"cell_head_chars":4096},"cells_cut":0,"cells_raw":0,"read":"whole","date_system":"1900"}

{"sheet":"User Instructions","index":0,"n_rows":23,"n_cols":3,"rows_kept":23,"cut":false,"hidden":false,"merged":[[3,2,3,8],[8,0,8,11],[20,0,20,10],[14,0,14,10],[16,0,16,10],[17,0,17,10],[15,0,15,10]]}
[]
[]
[]
[null,null,"User instructions"]
[]
[]
[]
["General information"]
["This document contains the following:\n-Two dashboards (see contents below)\n-A Notes tab giving important supporting information \n-Hidden tabs with underlying data tables that each dashboard is linked to."]
["Dashboard Contents"]
["The SSA Dashboard contains information regarding Level Group, Age Group, and Sector Subject Area Tier 1"]
["The Framework Dashboard contains information regarding Level Group, Age Group, and Framework/Standard Name"]
[]
["How to use the dashboards"]
["On the SSA and Framework dashboards, use the drop-down filter at the top of the screen to make your selection.  Note that on the framework dashboard, frameworks and standards are grouped separately."]
["In order to filter age and level in each of the dashboards, click on the grey square filter button to the right of the header:"]
[]
["You will then have the option to select different levels/ages."]
[]
["Hidden tabs"]
["If you would like to see the larger data tables that each of the tables in the dashboards are linked to, then right click on any of the tabs below, click 'unhide' and each table will appear in a list."]
["This allows users to view all sectors / frameworks / standards rather than restricting to one at a time."]
["The hidden tabs also allow users to view data from earlier years."]

{"sheet":"Notes","index":1,"n_rows":66,"n_cols":10,"rows_kept":66,"cut":false,"hidden":false,"merged":[[18,10,18,14],[8,1,8,9],[9,1,9,9],[10,1,10,9],[11,1,11,9],[12,1,12,9],[13,1,13,9],[27,1,27,9],[14,1,14,9],[15,1,15,9],[16,1,16,9],[17,1,17,9],[18,1,18,9],[21,1,21,9],[22,1,22,9],[24,1,24,9],[26,1,26,9],[50,1,50,9],[19,1,19,9],[34,1,34,9],[35,1,35,9],[39,1,39,9],[40,1,40,9],[41,1,41,9],[42,1,42,9],[43,1,43,9],[44,1,44,9],[33,1,33,9],[20,1,20,9],[28,1,28,9],[29,1,29,9],[31,1,31,9],[32,1,32,9],[59,1,59,9],[62,1,62,9],[63,1,63,9],[64,1,64,9],[51,1,51,9],[52,1,52,9],[53,1,53,9],[56,1,56,9],[57,1,57,9],[58,1,58,9]]}
[]
[]
[]
[]
[]
[]
[]
[]
[null,"Table Notes"]
[null,"General Notes covering all outputs"]
[null,"1) Volumes are rounded to the nearest ten except for the Grand Totals which are rounded to the nearest hundred."]
[null,"2) '-' Indicates a base value of less than five, or less than fifty for Grand Totals.  '*' indicates a percentage less than 0.5%. "]
[null,"3) For definitions of variables used in the tables please see the data dictionary:"]
[null,"http://webarchive.nationalarchives.gov.uk/20140107201041/http://www.thedataservice.org.uk/datadictionary/"]
[null,"4) The data source for all tables is the Individualised Learner Record, except where stated."]
[null,"5) Unlike learner figures in other tables, figures for 2008/09 onwards are comparable with earlier years as demand led funding rules are not applied to starts and achievements."]
[null,"6) Age is calculated based on age at start of the programme rather than based on 31 August."]
[null,"7)  In this table full-year numbers are a count of the number of achievements at any point during the year.  Learners achieving more than one Apprenticeship will appear more than once."]
[null,"8) Programme-Led Apprenticeships recorded in ILR returns are included in the figures."]
[null,"9) These tables include provisional 2014/15 Employer Ownership Pilot (EOP) volumes due to problems with the final 2014/15 EOP data collection. See the note in the commentary and on the contents page of the table pack for more information. "]
[null,"10) These tables show achievements for apprenticeship standards, which are developed by employer groups known as \"trailblazers\". The first starts on the new standards began in September 2014."]
[null,"11) Figures for 2011/12 onwards are not comparable to earlier years as a Single Individualised Learner Record (ILR) data collection system has been introduced. More information on the Single ILR is available at: "]
[null,"http://webarchive.nationalarchives.gov.uk/20140107201041/http://www.thedataservice.org.uk/NR/rdonlyres/C05DCDD5-67EE-4AD0-88B9-BEBC8F7F3300/0/SILR_Effects_SFR_Learners_June12.pdf"]
[]
[null,"Apprenticeship Programme Achievements by Sector Framework and Apprenticeship Standard, Level and Age"]
[]
[null,"1) Some Sector Frameworks were renamed or combined in 2012/13. Figures for previous years have been revised in the same way for consistency."]
[null,"2) This table shows achievements for frameworks, some of which have been grouped after the introduction of SASE (Specification of Apprenticeship Standards for England) frameworks in 2010/11. This allows meaningful comparisons between years where new frameworks have been introduced in 2010/11. Some figures for earlier years have been revised due to this grouping. There is a separate table called 'Breakdown by Framework (non-grouped)' presenting Apprenticeship data for 2010/11 to 2012/13. This shows all SASE and non-SASE frameworks started in 2010/11 to 2012/13 without grouping."]
[]
[null," Apprenticeship Programme Achievements by Type - Frameworks / Standards"]
[]
[null,"1) Level 2 is equivalent to an Intermediate Level Apprenticeship, Level 3 is equivalent to an Advanced Level Apprenticeship, and Levels 4, 5 and 6 are equivalent to a Higher Apprenticeship."]
[null,"2) Level 4 apprenticeships were introduced in 2006/07, level 5 apprenticeships were introduced in 2011/12, level 6 apprenticeships were introduced in 2013/14 and level 7 apprenticeships were introduced in 2014/15. Prior to 2009/10, there were 310 starts equivalent to a Higher Apprenticeship."]
[null,"3) Apprenticeship standards are included in the Intermediate Level, Advanced Level or Higher Apprenticeship categories according to the level of each standard. All Apprenticeship standards are also shown separately at the bottom of the table."]
[null,"https://www.gov.uk/government/collections/further-education-and-skills-statistical-first-release-sfr"]
[]
[]
[null,"Publication Date",null,null,null,null,null,null,null,"July 2017"]
[]
[null,"Data Sources"]
[null,"2007/08 and earlier years (W13 final)"]
[null,"2008/09 (E13 final)"]
[null,"2009/10 (E13 final)"]
[null,"2010/11 (ER13 final)"]
[null,"2011/12 (R15 final)"]
[null,"2012/13 (R14 final)"]
[null,"2013/14 (R14 final)"]
[null,"2014/15 (R14 final)"]
[null,"2015/16 (R14 final)"]
[]
[null,"Large Employer Outcome Pilot Data -  "]
[null,"2011/12 (R14 final)"]
[null,"2012/13 (R14 final)"]
[null,"2013/14 (R14 final)"]
[null,"2014/15 (R14 final)"]
[]
[null,"Employer Ownership Pilot Data 1"]
[null,"2012/13 (R14 Final)"]
[null,"2013/14 (R14 Final)"]
[null,"2014/15 (R13)"]
[null,"2015/16 (R14 Final)"]
[]
[null,"Employer Ownership Pilot Data 2"]
[null,"2013/14 (R14 Final)"]
[null,"2014/15 (R13)"]
[null,"2015/16 (R14 Final)"]

{"sheet":"SSA Dashboard","index":2,"n_rows":37,"n_cols":8,"rows_kept":37,"cut":false,"hidden":false,"merged":[[1,0,1,7],[3,13,3,14],[0,0,0,1]]}
[null,null,"Agriculture, Horticulture and Animal Care"]
["Apprenticeship Programme Achievements by Sector Subject Area, Level and Age"]
[]
["Level","Age Group","Sector Subject Area","2011/12","2012/13","2013/14","2014/15","2015/16"]
["Intermediate Apprenticeship","Under 19",{"$f":"$C$1","v":"Agriculture, Horticulture and Animal Care"},{"$f":"VLOOKUP($C$1,SSA_Oct16_Data,(COLUMN(H1)*16)+3,FALSE)","v":1530},{"$f":"VLOOKUP($C$1,SSA_Oct16_Data,(COLUMN(I1)*16)+3,FALSE)","v":1540},{"$f":"VLOOKUP($C$1,SSA_Oct16_Data,(COLUMN(J1)*16)+3,FALSE)","v":1580},{"$f":"VLOOKUP($C$1,SSA_Oct16_Data,(COLUMN(K1)*16)+3,FALSE)","v":1710},{"$f":"VLOOKUP($C$1,SSA_Oct16_Data,(COLUMN(L1)*16)+3,FALSE)","v":1760}]
["Intermediate Apprenticeship","19-24","Agriculture, Horticulture and Animal Care",{"$f":"VLOOKUP($C$1,SSA_Oct16_Data,(COLUMN(H2)*16)+3+ROW(A1),FALSE)","v":890},{"$f":"VLOOKUP($C$1,SSA_Oct16_Data,(COLUMN(I1)*16)+3+ROW(B1),FALSE)","v":770},{"$f":"VLOOKUP($C$1,SSA_Oct16_Data,(COLUMN(J1)*16)+3+ROW(C1),FALSE)","v":970},{"$f":"VLOOKUP($C$1,SSA_Oct16_Data,(COLUMN(K1)*16)+3+ROW(D1),FALSE)","v":910},{"$f":"VLOOKUP($C$1,SSA_Oct16_Data,(COLUMN(L2)*16)+3+ROW(E1),FALSE)","v":1060}]
["Intermediate Apprenticeship","25+","Agriculture, Horticulture and Animal Care",{"$f":"VLOOKUP($C$1,SSA_Oct16_Data,(COLUMN(H3)*16)+3+ROW(A2),FALSE)","v":430},650,500,330,350]
["Intermediate Apprenticeship","All","Agriculture, Horticulture and Animal Care",{"$f":"VLOOKUP($C$1,SSA_Oct16_Data,(COLUMN(H4)*16)+3+ROW(A3),FALSE)","v":2850},2960,3040,2950,3160]
["Advanced Apprenticeship","Under 19","Agriculture, Horticulture and Animal Care",{"$f":"VLOOKUP($C$1,SSA_Oct16_Data,(COLUMN(H5)*16)+3+ROW(A4),FALSE)","v":280},300,350,350,340]
["Advanced Apprenticeship","19-24","Agriculture, Horticulture and Animal Care",540,560,660,680,670]
["Advanced Apprenticeship","25+","Agriculture, Horticulture and Animal Care",180,410,430,460,320]
["Advanced Apprenticeship","All","Agriculture, Horticulture and Animal Care",1000,1270,1430,1480,1330]
["Higher Apprenticeship","Under 19","Agriculture, Horticulture and Animal Care","-","-","-","-","-"]
["Higher Apprenticeship","19-24","Agriculture, Horticulture and Animal Care","-","-",10,20,"-"]
["Higher Apprenticeship","25+","Agriculture, Horticulture and Animal Care","-","-","-","-","-"]
["Higher Apprenticeship","All","Agriculture, Horticulture and Animal Care","-","-",10,20,10]
["All Apprenticeships","Under 19","Agriculture, Horticulture and Animal Care",1810,1840,1920,2060,2100]
["All Apprenticeships","19-24","Agriculture, Horticulture and Animal Care",1430,1340,1630,1610,1730]
["All Apprenticeships","25+","Agriculture, Horticulture and Animal Care",610,1050,930,790,670]
["All Apprenticeships","All","Agriculture, Horticulture and Animal Care",3840,4230,4480,4460,4500]
["Totals relating to All SSA"]
["Intermediate Apprenticeship","Under 19","All",{"$f":"INDEX('SSA Data'!$C$17:$HB$17,1,COLUMN(H1)*16+ROW(I1))","v":56500},{"$f":"INDEX('SSA Data'!$C$17:$HB$17,1,COLUMN(I1)*16+ROW(H1))","v":42100},{"$f":"INDEX('SSA Data'!$C$17:$HB$17,1,COLUMN(J1)*16+ROW(I1))","v":45200},{"$f":"INDEX('SSA Data'!$C$17:$HB$17,1,COLUMN(K1)*16+ROW(L1))","v":48200},{"$f":"INDEX('SSA Data'!$C$17:$HB$17,1,COLUMN(L1)*16+ROW(M1))","v":49100}]
["Intermediate Apprenticeship","19-24","All",{"$f":"INDEX('SSA Data'!$C$17:$HB$17,1,COLUMN(H2)*16+ROW(I2))","v":54100},{"$f":"INDEX('SSA Data'!$C$17:$HB$17,1,COLUMN(I2)*16+ROW(H2))","v":47700},{"$f":"INDEX('SSA Data'!$C$17:$HB$17,1,COLUMN(J2)*16+ROW(I2))","v":50800},{"$f":"INDEX('SSA Data'!$C$17:$HB$17,1,COLUMN(K2)*16+ROW(L2))","v":53100},{"$f":"INDEX('SSA Data'!$C$17:$HB$17,1,COLUMN(L2)*16+ROW(M2))","v":51700}]
["Intermediate Apprenticeship","25+","All",{"$f":"INDEX('SSA Data'!$C$17:$HB$17,1,COLUMN(H3)*16+ROW(I3))","v":61800},{"$f":"INDEX('SSA Data'!$C$17:$HB$17,1,COLUMN(I3)*16+ROW(H3))","v":66500},{"$f":"INDEX('SSA Data'!$C$17:$HB$17,1,COLUMN(J3)*16+ROW(I3))","v":54900},{"$f":"INDEX('SSA Data'!$C$17:$HB$17,1,COLUMN(K3)*16+ROW(L3))","v":59100},{"$f":"INDEX('SSA Data'!$C$17:$HB$17,1,COLUMN(L3)*16+ROW(M3))","v":63000}]
["Intermediate Apprenticeship","All","All",{"$f":"INDEX('SSA Data'!$C$17:$HB$17,1,COLUMN(H4)*16+ROW(I4))","v":172400},{"$f":"INDEX('SSA Data'!$C$17:$HB$17,1,COLUMN(I4)*16+ROW(H4))","v":156300},{"$f":"INDEX('SSA Data'!$C$17:$HB$17,1,COLUMN(J4)*16+ROW(I4))","v":150900},{"$f":"INDEX('SSA Data'!$C$17:$HB$17,1,COLUMN(K4)*16+ROW(L4))","v":160300},{"$f":"INDEX('SSA Data'!$C$17:$HB$17,1,COLUMN(L4)*16+ROW(M4))","v":163800}]
["Advanced Apprenticeship","Under 19","All",{"$f":"INDEX('SSA Data'!$C$17:$HB$17,1,COLUMN(H5)*16+ROW(I5))","v":21300},{"$f":"INDEX('SSA Data'!$C$17:$HB$17,1,COLUMN(I5)*16+ROW(H5))","v":18600},{"$f":"INDEX('SSA Data'!$C$17:$HB$17,1,COLUMN(J5)*16+ROW(I5))","v":20000},{"$f":"INDEX('SSA Data'!$C$17:$HB$17,1,COLUMN(K5)*16+ROW(L5))","v":22500},{"$f":"INDEX('SSA Data'!$C$17:$HB$17,1,COLUMN(L5)*16+ROW(M5))","v":24000}]
["Advanced Apprenticeship","19-24","All",{"$f":"INDEX('SSA Data'!$C$17:$HB$17,1,COLUMN(H6)*16+ROW(I6))","v":30600},{"$f":"INDEX('SSA Data'!$C$17:$HB$17,1,COLUMN(I6)*16+ROW(H6))","v":30800},{"$f":"INDEX('SSA Data'!$C$17:$HB$17,1,COLUMN(J6)*16+ROW(I6))","v":35000},{"$f":"INDEX('SSA Data'!$C$17:$HB$17,1,COLUMN(K6)*16+ROW(L6))","v":37100},{"$f":"INDEX('SSA Data'!$C$17:$HB$17,1,COLUMN(L6)*16+ROW(M6))","v":36900}]
["Advanced Apprenticeship","25+","All",{"$f":"INDEX('SSA Data'!$C$17:$HB$17,1,COLUMN(H7)*16+ROW(I7))","v":32800},{"$f":"INDEX('SSA Data'!$C$17:$HB$17,1,COLUMN(I7)*16+ROW(H7))","v":45700},{"$f":"INDEX('SSA Data'!$C$17:$HB$17,1,COLUMN(J7)*16+ROW(I7))","v":47200},{"$f":"INDEX('SSA Data'!$C$17:$HB$17,1,COLUMN(K7)*16+ROW(L7))","v":36600},{"$f":"INDEX('SSA Data'!$C$17:$HB$17,1,COLUMN(L7)*16+ROW(M7))","v":40000}]
["Advanced Apprenticeship","All","All",{"$f":"INDEX('SSA Data'!$C$17:$HB$17,1,COLUMN(H8)*16+ROW(I8))","v":84700},{"$f":"INDEX('SSA Data'!$C$17:$HB$17,1,COLUMN(I8)*16+ROW(H8))","v":95000},{"$f":"INDEX('SSA Data'!$C$17:$HB$17,1,COLUMN(J8)*16+ROW(I8))","v":102200},{"$f":"INDEX('SSA Data'!$C$17:$HB$17,1,COLUMN(K8)*16+ROW(L8))","v":96200},{"$f":"INDEX('SSA Data'!$C$17:$HB$17,1,COLUMN(L8)*16+ROW(M8))","v":100900}]
["Higher Apprenticeship","Under 19","All",{"$f":"INDEX('SSA Data'!$C$17:$HB$17,1,COLUMN(H9)*16+ROW(I9))","v":100},{"$f":"INDEX('SSA Data'!$C$17:$HB$17,1,COLUMN(I9)*16+ROW(H9))","v":100},{"$f":"INDEX('SSA Data'!$C$17:$HB$17,1,COLUMN(J9)*16+ROW(I9))","v":200},{"$f":"INDEX('SSA Data'!$C$17:$HB$17,1,COLUMN(K9)*16+ROW(L9))","v":300},{"$f":"INDEX('SSA Data'!$C$17:$HB$17,1,COLUMN(L9)*16+ROW(M9))","v":400}]
["Higher Apprenticeship","19-24","All",{"$f":"INDEX('SSA Data'!$C$17:$HB$17,1,COLUMN(H10)*16+ROW(I10))","v":800},{"$f":"INDEX('SSA Data'!$C$17:$HB$17,1,COLUMN(I10)*16+ROW(H10))","v":800},{"$f":"INDEX('SSA Data'!$C$17:$HB$17,1,COLUMN(J10)*16+ROW(I10))","v":1100},{"$f":"INDEX('SSA Data'!$C$17:$HB$17,1,COLUMN(K10)*16+ROW(L10))","v":1100},{"$f":"INDEX('SSA Data'!$C$17:$HB$17,1,COLUMN(L10)*16+ROW(M10))","v":1600}]
["Higher Apprenticeship","25+","All",{"$f":"INDEX('SSA Data'!$C$17:$HB$17,1,COLUMN(H11)*16+ROW(I11))","v":300},{"$f":"INDEX('SSA Data'!$C$17:$HB$17,1,COLUMN(I11)*16+ROW(H11))","v":600},{"$f":"INDEX('SSA Data'!$C$17:$HB$17,1,COLUMN(J11)*16+ROW(I11))","v":1400},{"$f":"INDEX('SSA Data'!$C$17:$HB$17,1,COLUMN(K11)*16+ROW(L11))","v":2900},{"$f":"INDEX('SSA Data'!$C$17:$HB$17,1,COLUMN(L11)*16+ROW(M11))","v":5000}]
["Higher Apprenticeship","All","All",{"$f":"INDEX('SSA Data'!$C$17:$HB$17,1,COLUMN(H12)*16+ROW(I12))","v":1200},{"$f":"INDEX('SSA Data'!$C$17:$HB$17,1,COLUMN(I12)*16+ROW(H12))","v":1600},{"$f":"INDEX('SSA Data'!$C$17:$HB$17,1,COLUMN(J12)*16+ROW(I12))","v":2700},{"$f":"INDEX('SSA Data'!$C$17:$HB$17,1,COLUMN(K12)*16+ROW(L12))","v":4300},{"$f":"INDEX('SSA Data'!$C$17:$HB$17,1,COLUMN(L12)*16+ROW(M12))","v":7000}]
["All Apprenticeships","Under 19","All",{"$f":"INDEX('SSA Data'!$C$17:$HB$17,1,COLUMN(H13)*16+ROW(I13))","v":77900},{"$f":"INDEX('SSA Data'!$C$17:$HB$17,1,COLUMN(I13)*16+ROW(H13))","v":60800},{"$f":"INDEX('SSA Data'!$C$17:$HB$17,1,COLUMN(J13)*16+ROW(I13))","v":65400},{"$f":"INDEX('SSA Data'!$C$17:$HB$17,1,COLUMN(K13)*16+ROW(L13))","v":71100},{"$f":"INDEX('SSA Data'!$C$17:$HB$17,1,COLUMN(L13)*16+ROW(M13))","v":73600}]
["All Apprenticeships","19-24","All",{"$f":"INDEX('SSA Data'!$C$17:$HB$17,1,COLUMN(H14)*16+ROW(I14))","v":85600},{"$f":"INDEX('SSA Data'!$C$17:$HB$17,1,COLUMN(I14)*16+ROW(H14))","v":79300},{"$f":"INDEX('SSA Data'!$C$17:$HB$17,1,COLUMN(J14)*16+ROW(I14))","v":86900},{"$f":"INDEX('SSA Data'!$C$17:$HB$17,1,COLUMN(K14)*16+ROW(L14))","v":91300},{"$f":"INDEX('SSA Data'!$C$17:$HB$17,1,COLUMN(L14)*16+ROW(M14))","v":90100}]
["All Apprenticeships","25+","All",{"$f":"INDEX('SSA Data'!$C$17:$HB$17,1,COLUMN(H15)*16+ROW(I15))","v":94900},{"$f":"INDEX('SSA Data'!$C$17:$HB$17,1,COLUMN(I15)*16+ROW(H15))","v":112800},{"$f":"INDEX('SSA Data'!$C$17:$HB$17,1,COLUMN(J15)*16+ROW(I15))","v":103500},{"$f":"INDEX('SSA Data'!$C$17:$HB$17,1,COLUMN(K15)*16+ROW(L15))","v":98500},{"$f":"INDEX('SSA Data'!$C$17:$HB$17,1,COLUMN(L15)*16+ROW(M15))","v":108000}]
["All Apprenticeships","All","All",{"$f":"INDEX('SSA Data'!$C$17:$HB$17,1,COLUMN(H16)*16+ROW(I16))","v":258400},{"$f":"INDEX('SSA Data'!$C$17:$HB$17,1,COLUMN(I16)*16+ROW(H16))","v":252900},{"$f":"INDEX('SSA Data'!$C$17:$HB$17,1,COLUMN(J16)*16+ROW(I16))","v":255800},{"$f":"INDEX('SSA Data'!$C$17:$HB$17,1,COLUMN(K16)*16+ROW(L16))","v":260900},{"$f":"INDEX('SSA Data'!$C$17:$HB$17,1,COLUMN(L16)*16+ROW(M16))","v":271700}]

{"sheet":"Framework Dashboard","index":3,"n_rows":36,"n_cols":8,"rows_kept":36,"cut":false,"hidden":false,"merged":[[21,12,21,13],[0,0,0,1],[1,0,1,7],[2,12,2,13],[19,12,19,13]]}
[null,null,"Framework - Accountancy"]
["Apprenticeship Programme Achievements by Framework and Standard, Level and Age"]
["Level","Age Group","Framework /Standard","2011/12","2012/13","2013/14","2014/15","2015/16"]
["Intermediate Apprenticeship","Under 19",{"$f":"$C$1","v":"Framework - Accountancy"},{"$f":"VLOOKUP($C$1,Frame_OCt_16_Data,COLUMN(I1)*12+3,FALSE)","v":850},{"$f":"VLOOKUP($C$1,Frame_OCt_16_Data,COLUMN(H1)*16-1,FALSE)","v":400},{"$f":"VLOOKUP($C$1,Frame_OCt_16_Data,COLUMN(I1)*16-1,FALSE)","v":840},{"$f":"VLOOKUP($C$1,Frame_OCt_16_Data,COLUMN(J1)*16-1,FALSE)","v":980},{"$f":"VLOOKUP($C$1,Frame_OCt_16_Data,COLUMN(K1)*16-1,FALSE)","v":1170}]
["Intermediate Apprenticeship","19-24",{"$f":"$C$1","v":"Framework - Accountancy"},{"$f":"VLOOKUP($C$1,Frame_OCt_16_Data,COLUMN(I1)*12+3+ROW(A1),FALSE)","v":730},{"$f":"VLOOKUP($C$1,Frame_OCt_16_Data,COLUMN(H1)*16-1+ROW(A1),FALSE)","v":520},{"$f":"VLOOKUP($C$1,Frame_OCt_16_Data,COLUMN(I1)*16-1+ROW(A1),FALSE)","v":650},{"$f":"VLOOKUP($C$1,Frame_OCt_16_Data,COLUMN(J1)*16-1+ROW(K1),FALSE)","v":770},{"$f":"VLOOKUP($C$1,Frame_OCt_16_Data,COLUMN(K1)*16-1+ROW(A1),FALSE)","v":850}]
["Intermediate Apprenticeship","25+",{"$f":"$C$1","v":"Framework - Accountancy"},520,360,330,200,230]
["Intermediate Apprenticeship","All","Framework - Accountancy",2100,1280,1810,1950,2250]
["Advanced Apprenticeship","Under 19","Framework - Accountancy",550,360,590,710,840]
["Advanced Apprenticeship","19-24","Framework - Accountancy",1000,800,920,1160,1360]
["Advanced Apprenticeship","25+","Framework - Accountancy",510,450,320,130,240]
["Advanced Apprenticeship","All","Framework - Accountancy",2070,1600,1840,2000,2450]
["Higher Apprenticeship","Under 19","Framework - Accountancy",70,90,120,70,50]
["Higher Apprenticeship","19-24","Framework - Accountancy",790,750,880,470,440]
["Higher Apprenticeship","25+","Framework - Accountancy",320,360,340,160,20]
["Higher Apprenticeship","All","Framework - Accountancy",1180,1200,1340,700,510]
["All Apprenticeships","Under 19","Framework - Accountancy",1470,840,1540,1770,2060]
["All Apprenticeships","19-24","Framework - Accountancy",2520,2070,2450,2390,2650]
["All Apprenticeships","25+","Framework - Accountancy",1350,1170,990,490,490]
["All Apprenticeships","All","Framework - Accountancy",5340,4080,4980,4650,5210]
["Totals for all Frameworks / Standards"]
["Intermediate Apprenticeship","Under 19","All",{"$f":"INDEX('Framework Data'!$D$240:$GG$240,1,COLUMN(I1)*12+ROW(A1))","v":56500},{"$f":"INDEX('Framework Data'!$D$240:$GG$240,1,COLUMN(H1)*16-3)","v":42100},{"$f":"INDEX('Framework Data'!$D$240:$GG$240,1,COLUMN(I1)*16-3)","v":45200},{"$f":"INDEX('Framework Data'!$D$240:$GG$240,1,COLUMN(J1)*16-3)","v":48200},{"$f":"INDEX('Framework Data'!$D$240:$GG$240,1,COLUMN(K1)*16-3)","v":49100}]
["Intermediate Apprenticeship","19-24","All",{"$f":"INDEX('Framework Data'!$D$240:$GG$240,1,COLUMN(I2)*12+ROW(A2))","v":54100},{"$f":"INDEX('Framework Data'!$D$240:$GG$240,1,COLUMN(H1)*16-3+ROW(A1))","v":47700},{"$f":"INDEX('Framework Data'!$D$240:$GG$240,1,COLUMN(I1)*16-3+ROW(A1))","v":50800},{"$f":"INDEX('Framework Data'!$D$240:$GG$240,1,COLUMN(J1)*16-3+ROW(A1))","v":53100},{"$f":"INDEX('Framework Data'!$D$240:$GG$240,1,COLUMN(K1)*16-3+ROW(A1))","v":51700}]
["Intermediate Apprenticeship","25+","All",{"$f":"INDEX('Framework Data'!$D$240:$GG$240,1,COLUMN(I3)*12+ROW(A3))","v":61800},{"$f":"INDEX('Framework Data'!$D$240:$GG$240,1,COLUMN(H2)*16-3+ROW(A2))","v":66500},{"$f":"INDEX('Framework Data'!$D$240:$GG$240,1,COLUMN(I2)*16-3+ROW(A2))","v":54900},{"$f":"INDEX('Framework Data'!$D$240:$GG$240,1,COLUMN(J2)*16-3+ROW(A2))","v":59100},{"$f":"INDEX('Framework Data'!$D$240:$GG$240,1,COLUMN(K2)*16-3+ROW(A2))","v":63000}]
["Intermediate Apprenticeship","All","All",{"$f":"INDEX('Framework Data'!$D$240:$GG$240,1,COLUMN(I4)*12+ROW(A4))","v":172400},{"$f":"INDEX('Framework Data'!$D$240:$GG$240,1,COLUMN(H3)*16-3+ROW(A3))","v":156300},{"$f":"INDEX('Framework Data'!$D$240:$GG$240,1,COLUMN(I3)*16-3+ROW(A3))","v":150900},{"$f":"INDEX('Framework Data'!$D$240:$GG$240,1,COLUMN(J3)*16-3+ROW(A3))","v":160300},{"$f":"INDEX('Framework Data'!$D$240:$GG$240,1,COLUMN(K3)*16-3+ROW(A3))","v":163800}]
["Advanced Apprenticeship","Under 19","All",{"$f":"INDEX('Framework Data'!$D$240:$GG$240,1,COLUMN(I5)*12+ROW(A5))","v":21300},{"$f":"INDEX('Framework Data'!$D$240:$GG$240,1,COLUMN(H4)*16-3+ROW(A4))","v":18600},{"$f":"INDEX('Framework Data'!$D$240:$GG$240,1,COLUMN(I4)*16-3+ROW(A4))","v":20000},{"$f":"INDEX('Framework Data'!$D$240:$GG$240,1,COLUMN(J4)*16-3+ROW(A4))","v":22500},{"$f":"INDEX('Framework Data'!$D$240:$GG$240,1,COLUMN(K4)*16-3+ROW(A4))","v":24000}]
["Advanced Apprenticeship","19-24","All",{"$f":"INDEX('Framework Data'!$D$240:$GG$240,1,COLUMN(I6)*12+ROW(A6))","v":30600},{"$f":"INDEX('Framework Data'!$D$240:$GG$240,1,COLUMN(H5)*16-3+ROW(A5))","v":30800},{"$f":"INDEX('Framework Data'!$D$240:$GG$240,1,COLUMN(I5)*16-3+ROW(A5))","v":35000},{"$f":"INDEX('Framework Data'!$D$240:$GG$240,1,COLUMN(J5)*16-3+ROW(A5))","v":37100},{"$f":"INDEX('Framework Data'!$D$240:$GG$240,1,COLUMN(K5)*16-3+ROW(A5))","v":36900}]
["Advanced Apprenticeship","25+","All",{"$f":"INDEX('Framework Data'!$D$240:$GG$240,1,COLUMN(I7)*12+ROW(A7))","v":32800},{"$f":"INDEX('Framework Data'!$D$240:$GG$240,1,COLUMN(H6)*16-3+ROW(A6))","v":45700},{"$f":"INDEX('Framework Data'!$D$240:$GG$240,1,COLUMN(I6)*16-3+ROW(A6))","v":47200},{"$f":"INDEX('Framework Data'!$D$240:$GG$240,1,COLUMN(J6)*16-3+ROW(A6))","v":36600},{"$f":"INDEX('Framework Data'!$D$240:$GG$240,1,COLUMN(K6)*16-3+ROW(A6))","v":40000}]
["Advanced Apprenticeship","All","All",{"$f":"INDEX('Framework Data'!$D$240:$GG$240,1,COLUMN(I8)*12+ROW(A8))","v":84700},{"$f":"INDEX('Framework Data'!$D$240:$GG$240,1,COLUMN(H7)*16-3+ROW(A7))","v":95000},{"$f":"INDEX('Framework Data'!$D$240:$GG$240,1,COLUMN(I7)*16-3+ROW(A7))","v":102200},{"$f":"INDEX('Framework Data'!$D$240:$GG$240,1,COLUMN(J7)*16-3+ROW(A7))","v":96200},{"$f":"INDEX('Framework Data'!$D$240:$GG$240,1,COLUMN(K7)*16-3+ROW(A7))","v":100900}]
["Higher Apprenticeship","Under 19","All",{"$f":"INDEX('Framework Data'!$D$240:$GG$240,1,COLUMN(I9)*12+ROW(A9))","v":100},{"$f":"INDEX('Framework Data'!$D$240:$GG$240,1,COLUMN(H8)*16-3+ROW(A8))","v":100},{"$f":"INDEX('Framework Data'!$D$240:$GG$240,1,COLUMN(I8)*16-3+ROW(A8))","v":200},{"$f":"INDEX('Framework Data'!$D$240:$GG$240,1,COLUMN(J8)*16-3+ROW(A8))","v":300},{"$f":"INDEX('Framework Data'!$D$240:$GG$240,1,COLUMN(K8)*16-3+ROW(A8))","v":400}]
["Higher Apprenticeship","19-24","All",{"$f":"INDEX('Framework Data'!$D$240:$GG$240,1,COLUMN(I10)*12+ROW(A10))","v":800},{"$f":"INDEX('Framework Data'!$D$240:$GG$240,1,COLUMN(H9)*16-3+ROW(A9))","v":800},{"$f":"INDEX('Framework Data'!$D$240:$GG$240,1,COLUMN(I9)*16-3+ROW(A9))","v":1100},{"$f":"INDEX('Framework Data'!$D$240:$GG$240,1,COLUMN(J9)*16-3+ROW(A9))","v":1100},{"$f":"INDEX('Framework Data'!$D$240:$GG$240,1,COLUMN(K9)*16-3+ROW(A9))","v":1600}]
["Higher Apprenticeship","25+","All",{"$f":"INDEX('Framework Data'!$D$240:$GG$240,1,COLUMN(I11)*12+ROW(A11))","v":300},{"$f":"INDEX('Framework Data'!$D$240:$GG$240,1,COLUMN(H10)*16-3+ROW(A10))","v":600},{"$f":"INDEX('Framework Data'!$D$240:$GG$240,1,COLUMN(I10)*16-3+ROW(A10))","v":1400},{"$f":"INDEX('Framework Data'!$D$240:$GG$240,1,COLUMN(J10)*16-3+ROW(A10))","v":2900},{"$f":"INDEX('Framework Data'!$D$240:$GG$240,1,COLUMN(K10)*16-3+ROW(A10))","v":5000}]
["Higher Apprenticeship","All","All",{"$f":"INDEX('Framework Data'!$D$240:$GG$240,1,COLUMN(I12)*12+ROW(A12))","v":1200},{"$f":"INDEX('Framework Data'!$D$240:$GG$240,1,COLUMN(H11)*16-3+ROW(A11))","v":1600},{"$f":"INDEX('Framework Data'!$D$240:$GG$240,1,COLUMN(I11)*16-3+ROW(A11))","v":2700},{"$f":"INDEX('Framework Data'!$D$240:$GG$240,1,COLUMN(J11)*16-3+ROW(A11))","v":4300},{"$f":"INDEX('Framework Data'!$D$240:$GG$240,1,COLUMN(K11)*16-3+ROW(A11))","v":7000}]
["All Apprenticeships","Under 19","All",{"$f":"INDEX('Framework Data'!$D$240:$GG$240,1,COLUMN(I13)*12+ROW(A13))","v":77900},{"$f":"INDEX('Framework Data'!$D$240:$GG$240,1,COLUMN(H12)*16-3+ROW(A12))","v":60800},{"$f":"INDEX('Framework Data'!$D$240:$GG$240,1,COLUMN(I12)*16-3+ROW(A12))","v":65400},{"$f":"INDEX('Framework Data'!$D$240:$GG$240,1,COLUMN(J12)*16-3+ROW(A12))","v":71100},{"$f":"INDEX('Framework Data'!$D$240:$GG$240,1,COLUMN(K12)*16-3+ROW(A12))","v":73600}]
["All Apprenticeships","19-24","All",{"$f":"INDEX('Framework Data'!$D$240:$GG$240,1,COLUMN(I14)*12+ROW(A14))","v":85600},{"$f":"INDEX('Framework Data'!$D$240:$GG$240,1,COLUMN(H13)*16-3+ROW(A13))","v":79300},{"$f":"INDEX('Framework Data'!$D$240:$GG$240,1,COLUMN(I13)*16-3+ROW(A13))","v":86900},{"$f":"INDEX('Framework Data'!$D$240:$GG$240,1,COLUMN(J13)*16-3+ROW(A13))","v":91300},{"$f":"INDEX('Framework Data'!$D$240:$GG$240,1,COLUMN(K13)*16-3+ROW(A13))","v":90100}]
["All Apprenticeships","25+","All",{"$f":"INDEX('Framework Data'!$D$240:$GG$240,1,COLUMN(I15)*12+ROW(A15))","v":94900},{"$f":"INDEX('Framework Data'!$D$240:$GG$240,1,COLUMN(H14)*16-3+ROW(A14))","v":112800},{"$f":"INDEX('Framework Data'!$D$240:$GG$240,1,COLUMN(I14)*16-3+ROW(A14))","v":103500},{"$f":"INDEX('Framework Data'!$D$240:$GG$240,1,COLUMN(J14)*16-3+ROW(A14))","v":98500},{"$f":"INDEX('Framework Data'!$D$240:$GI$240,1,COLUMN(K14)*16-3+ROW(A14))","v":108000}]
["All Apprenticeships","All","All",{"$f":"INDEX('Framework Data'!$D$240:$GG$240,1,COLUMN(I16)*12+ROW(A16))","v":258400},{"$f":"INDEX('Framework Data'!$D$240:$GG$240,1,COLUMN(H15)*16-3+ROW(A15))","v":252900},{"$f":"INDEX('Framework Data'!$D$240:$GG$240,1,COLUMN(I15)*16-3+ROW(A15))","v":255800},{"$f":"INDEX('Framework Data'!$D$240:$GG$240,1,COLUMN(J15)*16-3+ROW(A15))","v":260900},{"$f":"INDEX('Framework Data'!$D$240:$GI$240,1,COLUMN(K15)*16-3+ROW(A15))","v":271700}]

{"sheet":"SSA Data","index":4,"n_rows":17,"n_cols":210,"rows_kept":17,"cut":false,"hidden":true,"merged":[[3,142,3,145],[3,122,3,125],[3,126,3,129],[3,130,3,133],[3,134,3,137],[3,138,3,141],[3,206,3,209],[3,174,3,177],[3,178,3,181],[3,182,3,185],[3,186,3,189],[3,190,3,193],[3,194,3,197],[3,90,3,93],[3,94,3,97],[3,198,3,201],[3,202,3,205],[3,150,3,153],[3,154,3,157],[3,158,3,161],[3,162,3,165],[3,166,3,169],[3,110,3,113],[3,170,3,173],[3,146,3,149],[3,102,3,105],[3,106,3,109],[3,114,3,117],[3,118,3,121],[3,98,3,101],[3,74,3,77],[3,30,3,33],[3,34,3,37],[3,38,3,41],[3,42,3,45],[3,46,3,49],[3,50,3,53],[3,54,3,57],[3,58,3,61],[3,62,3,65],[3,66,3,69],[3,70,3,73],[3,78,3,81],[3,82,3,85],[3,86,3,89],[2,178,2,193],[2,194,2,209],[3,2,3,5],[3,6,3,9],[3,10,3,13],[3,14,3,17],[3,18,3,21],[3,22,3,25],[3,26,3,29],[2,82,2,97],[2,98,2,113],[2,114,2,129],[2,130,2,145],[2,146,2,161],[2,162,2,177],[2,66,2,81],[2,2,2,13],[2,14,2,25],[2,26,2,37],[2,38,2,49],[2,50,2,65]]}
["Apprenticeship Programme Achievements by Sector Subject Area, Level and Age (2011/12 to 2015/16)"]
[null,null,null,null,null,null,null,null,null,null,null,null,null,null,null,null,null,null,null,null,null,null,null,null,null,null,null,null,null,null,null,null,null,null,null,null,null,null,null,null,null,null,null,null,null,null,null,null,null,null,null,null,null,null,null,null,null,null,null,null,null,null,null,null,null,null,{"$f":"COLUMN(BO6)","v":67}]
["Sector Subject Area","Year","2002/03\nFull Year",null,null,null,null,null,null,null,null,null,null,null,"2003/04\nFull Year",null,null,null,null,null,null,null,null,null,null,null,"2004/05\nFull Year",null,null,null,null,null,null,null,null,null,null,null,"2005/06\nFull Year",null,null,null,null,null,null,null,null,null,null,null,"2006/07\nFull Year",null,null,null,null,null,null,null,null,null,null,null,null,null,null,null,"2007/08\nFull Year",null,null,null,null,null,null,null,null,null,null,null,null,null,null,null,"2008/09\nFull Year",null,null,null,null,null,null,null,null,null,null,null,null,null,null,null,"2009/10\nFull Year",null,null,null,null,null,null,null,null,null,null,null,null,null,null,null,"2010/11\nFull Year",null,null,null,null,null,null,null,null,null,null,null,null,null,null,null,"2011/12\nFull Year",null,null,null,null,null,null,null,null,null,null,null,null,null,null,null,"2012/13\nFull Year",null,null,null,null,null,null,null,null,null,null,null,null,null,null,null,"2013/14\nFull Year",null,null,null,null,null,null,null,null,null,null,null,null,null,null,null,"2014/15\nFull Year",null,null,null,null,null,null,null,null,null,null,null,null,null,null,null,"2015/16\nFull Year"]
[null,"Level","Intermediate Level Apprenticeship",null,null,null,"Advanced Level Apprenticeship",null,null,null,"All Apprenticeships",null,null,null,"Intermediate Level Apprenticeship",null,null,null,"Advanced Level Apprenticeship",null,null,null,"All Apprenticeships",null,null,null,"Intermediate Level Apprenticeship",null,null,null,"Advanced Level Apprenticeship",null,null,null,"All Apprenticeships",null,null,null,"Intermediate Level Apprenticeship",null,null,null,"Advanced Level Apprenticeship",null,null,null,"All Apprenticeships",null,null,null,"Intermediate Level Apprenticeship",null,null,null,"Advanced Level Apprenticeship",null,null,null,"Higher Apprenticeship",null,null,null,"All Apprenticeships",null,null,null,"Intermediate Level Apprenticeship",null,null,null,"Advanced Level Apprenticeship",null,null,null,"Higher Apprenticeship",null,null,null,"All Apprenticeships",null,null,null,"Intermediate Level Apprenticeship",null,null,null,"Advanced Level Apprenticeship",null,null,null,"Higher Apprenticeship",null,null,null,"All Apprenticeships",null,null,null,"Intermediate Level Apprenticeship",null,null,null,"Advanced Level Apprenticeship",null,null,null,"Higher Apprenticeship",null,null,null,"All Apprenticeships",null,null,null,"Intermediate Level Apprenticeship",null,null,null,"Advanced Level Apprenticeship",null,null,null,"Higher Apprenticeship",null,null,null,"All Apprenticeships",null,null,null,"Intermediate Level Apprenticeship",null,null,null,"Advanced Level Apprenticeship",null,null,null,"Higher Apprenticeship",null,null,null,"All Apprenticeships",null,null,null,"Intermediate Level Apprenticeship",null,null,null,"Advanced Level Apprenticeship",null,null,null,"Higher Apprenticeship",null,null,null,"All Apprenticeships",null,null,null,"Intermediate Level Apprenticeship",null,null,null,"Advanced Level Apprenticeship",null,null,null,"Higher Apprenticeship",null,null,null,"All Apprenticeships",null,null,null,"Intermediate Level Apprenticeship",null,null,null,"Advanced Level Apprenticeship",null,null,null,"Higher Apprenticeship",null,null,null,"All Apprenticeships",null,null,null,"Intermediate Level Apprenticeship",null,null,null,"Advanced Level Apprenticeship",null,null,null,"Higher Apprenticeship",null,null,null,"All Apprenticeships"]
[null,"Age","Under 19","19-24","25+","All Ages","Under 19","19-24","25+","All Ages","Under 19","19-24","25+","All Ages","Under 19","19-24","25+","All Ages","Under 19","19-24","25+","All Ages","Under 19","19-24","25+","All Ages","Under 19","19-24","25+","All Ages","Under 19","19-24","25+","All Ages","Under 19","19-24","25+","All Ages","Under 19","19-24","25+","All Ages","Under 19","19-24","25+","All Ages","Under 19","19-24","25+","All Ages","Under 19","19-24","25+","All Ages","Under 19","19-24","25+","All Ages","Under 19","19-24","25+","All Ages","Under 19","19-24","25+","All Ages","Under 19","19-24","25+","All Ages","Under 19","19-24","25+","All Ages","Under 19","19-24","25+","All Ages","Under 19","19-24","25+","All Ages","Under 19","19-24","25+","All Ages","Under 19","19-24","25+","All Ages","Under 19","19-24","25+","All Ages","Under 19","19-24","25+","All Ages","Under 19","19-24","25+","All Ages","Under 19","19-24","25+","All Ages","Under 19","19-24","25+","All Ages","Under 19","19-24","25+","All Ages","Under 19","19-24","25+","All Ages","Under 19","19-24","25+","All Ages","Under 19","19-24","25+","All Ages","Under 19","19-24","25+","All Ages","Under 19","19-24","25+","All Ages","Under 19","19-24","25+","All Ages","Under 19","19-24","25+","All Ages","Under 19","19-24","25+","All Ages","Under 19","19-24","25+","All Ages","Under 19","19-24","25+","All Ages","Under 19","19-24","25+","All Ages","Under 19","19-24","25+","All Ages","Under 19","19-24","25+","All Ages","Under 19","19-24","25+","All Ages","Under 19","19-24","25+","All Ages","Under 19","19-24","25+","All Ages","Under 19","19-24","25+","All Ages","Under 19","19-24","25+","All Ages","Under 19","19-24","25+","All Ages","Under 19","19-24","25+","All Ages","Under 19","19-24","25+","All Ages","Under 19","19-24","25+","All Ages","Under 19","19-24","25+","All Ages","Under 19","19-24","25+","All Ages"]
["Agriculture, Horticulture and Animal Care",null,2220,730,"-",2940,230,280,"-",500,2440,1000,"-",3450,2410,850,"-",3260,300,440,"-",740,2710,1290,"-",4000,2690,950,"-",3630,340,520,"-",850,3020,1460,"-",4490,2470,960,10,3440,350,680,"-",1040,2820,1640,10,4470,2310,930,"-",3240,350,680,"-",1040,"-","-","-","-",2660,1620,10,4280,2360,1190,130,3680,330,670,130,1130,"-","-","-","-",2690,1860,260,4810,2320,1210,450,3980,330,670,240,1230,"-","-","-","-",2640,1880,690,5210,2640,1340,330,4310,380,770,230,1380,"-","-","-","-",3020,2110,550,5690,2640,1460,820,4920,520,1250,690,2460,"-","-","-","-",3160,2710,1500,7380,1530,890,430,2850,280,540,180,1000,"-","-","-","-",1810,1430,610,3840,1540,770,650,2960,300,560,410,1270,"-","-","-","-",1840,1340,1050,4230,1580,970,500,3040,350,660,430,1430,"-",10,"-",10,1920,1630,930,4480,1710,910,330,2950,350,680,460,1480,"-",20,"-",20,2060,1610,790,4460,1760,1060,350,3160,340,670,320,1330,"-","-","-",10,2100,1730,670,4500]
["Arts, Media and Publishing",null,50,10,"-",60,30,40,"-",70,80,50,"-",120,10,"-","-",10,20,20,"-",50,30,30,"-",60,10,"-","-",10,50,20,"-",70,60,20,"-",80,10,"-","-",10,"-","-","-","-",10,"-","-",10,20,10,"-",30,10,10,"-",10,"-","-","-","-",30,10,"-",40,20,10,"-",20,10,10,"-",20,"-","-","-","-",30,10,"-",40,40,30,10,80,60,70,20,150,"-","-","-","-",100,100,30,230,90,80,10,180,110,110,40,260,"-","-","-","-",200,200,50,440,120,140,10,270,370,320,70,760,"-","-","-","-",490,460,80,1030,90,80,"-",180,130,90,30,250,"-","-","-","-",220,170,30,430,40,50,"-",100,210,140,20,370,"-","-","-","-",250,190,20,470,50,70,"-",120,250,150,30,420,"-","-","-","-",300,220,30,540,70,90,"-",160,280,230,20,540,10,10,"-",20,360,340,30,720,90,100,"-",190,290,320,20,630,"-",10,"-",10,380,430,20,830]
["Business, Administration and Law",null,15650,11730,"-",27380,2290,7230,"-",9520,17940,18960,"-",36900,15750,13440,"-",29190,2430,8060,"-",10490,18180,21500,"-",39680,14990,13610,30,28630,2360,7040,10,9410,17350,20650,40,38040,14050,14030,"-",28080,2500,7280,20,9790,16540,21310,20,37870,13430,13730,30,27190,2770,7740,40,10550,"-","-","-","-",16200,21470,70,37740,13100,17720,7400,38220,2610,7430,4580,14620,"-","-","-","-",15700,25140,11990,52830,11720,17300,15520,44530,2370,6970,10110,19450,20,70,10,90,14100,24340,25630,64060,17680,22290,13280,53250,2640,9500,9900,22040,100,1080,120,1300,20420,32870,23300,76590,24510,27600,36070,88170,4320,12300,26960,43580,140,1260,670,2070,28970,41150,63700,133820,14400,17320,22000,53720,2800,8040,14730,25560,70,790,320,1190,17280,26150,37040,80470,9550,15280,21000,45840,2330,8340,18840,29520,100,780,610,1490,11990,24400,40450,76840,12130,17220,17840,47190,3100,9730,17290,30120,140,990,1050,2180,15370,27940,36180,79480,13370,17040,16930,47340,3810,10060,11470,25350,120,720,1620,2460,17300,27820,30020,75140,13570,15840,16690,46100,4240,9510,11180,24930,200,930,1990,3110,18010,26280,29850,74150]
["Construction, Planning and the Built Environment",null,10700,2150,"-",12850,2130,880,"-",3020,12830,3030,"-",15860,13110,3340,"-",16440,2600,1770,"-",4360,15700,5100,"-",20810,15620,4180,"-",19810,2650,2520,30,5190,18270,6700,30,25000,11860,3330,30,15220,3000,2870,"-",5870,14860,6200,30,21090,16070,4260,"-",20330,3360,3600,10,6970,"-","-","-","-",19430,7860,10,27300,16040,4630,350,21020,2780,3270,130,6180,"-","-","-","-",18820,7910,480,27200,12080,3850,950,16890,2730,3430,400,6560,"-","-","-","-",14810,7290,1350,23440,10660,3410,690,14760,2300,3130,350,5790,"-","-","-","-",12960,6550,1040,20550,10290,4080,1640,16020,2420,3340,640,6400,"-","-","-","-",12720,7430,2280,22420,5320,2140,800,8270,1690,2260,390,4340,"-","-","-","-",7010,4400,1190,12600,4260,1730,520,6510,990,1340,230,2560,"-","-","-","-",5250,3070,750,9060,3730,1720,530,5980,800,1080,160,2030,"-",10,10,10,4530,2800,690,8030,4010,1850,520,6380,810,1070,190,2070,"-",10,"-",20,4820,2930,710,8470,4430,2150,580,7150,890,1240,180,2320,10,30,10,40,5320,3420,770,9510]
["Education and Training",null,"-","-","-","-","-","-","-","-","-","-","-","-","-","-","-","-","-",10,"-",10,"-",10,"-",10,10,"-","-",10,"-",10,"-",10,10,10,"-",20,20,20,"-",50,20,50,"-",60,40,70,"-",110,50,10,"-",60,10,30,"-",40,"-","-","-","-",50,40,"-",90,80,20,30,130,"-",30,170,210,"-","-","-","-",80,50,210,340,70,50,140,270,20,100,770,900,"-","-","-","-",100,150,920,1160,200,90,100,390,50,110,300,460,"-","-","-","-",250,210,400,860,280,250,470,1000,100,350,2690,3140,"-","-","-","-",380,600,3150,4140,260,160,320,740,70,190,1300,1560,"-","-","-","-",330,350,1630,2300,210,190,380,780,120,370,2500,2990,"-","-","-","-",330,560,2880,3770,350,320,390,1050,150,460,2290,2900,"-","-","-","-",500,780,2680,3950,520,440,400,1350,260,570,1700,2530,"-","-","-","-",770,1010,2090,3880,590,510,500,1600,350,750,1780,2880,"-","-","-","-",940,1270,2280,4480]
["Engineering and Manufacturing Technologies",null,9910,4350,"-",14260,12110,4150,"-",16260,22020,8500,"-",30520,12340,5990,"-",18330,13910,6700,"-",20610,26240,12690,"-",38930,14010,5600,20,19630,13160,5480,10,18650,27170,11080,30,38280,14140,5270,"-",19420,9960,5700,20,15670,24110,10960,20,35090,13730,5410,40,19180,11290,6690,30,18000,20,40,"-",60,25040,12140,60,37240,16070,7540,1400,25020,12310,9040,860,22200,"-","-","-","-",28380,16590,2260,47220,13100,6690,2440,22220,10410,8110,2020,20540,"-",10,"-",10,23510,14800,4460,42770,13460,7230,1940,22620,8970,9270,1610,19850,10,40,"-",50,22440,16540,3550,42520,14040,7510,10670,32220,9770,9220,3360,22340,20,50,10,80,23830,16780,14030,54640,8090,4960,7070,20130,6950,5770,1680,14400,"-",20,"-",20,15040,10750,8750,34550,6880,5570,11340,23790,6150,5330,1890,13370,10,10,"-",20,13040,10910,13240,37180,8500,6350,7890,22740,5980,6120,2370,14470,20,10,"-",30,14500,12480,10260,37240,8980,6940,9000,24920,6410,7070,2540,16020,40,50,"-",90,15430,14060,11550,41040,9130,7640,10640,27410,7170,7500,2410,17090,60,80,10,150,16360,15220,13060,44640]
["Health, Public Services and Care",null,6690,5770,"-",12460,1790,4400,"-",6190,8480,10170,"-",18640,8470,7210,"-",15680,2030,5380,"-",7410,10490,12600,"-",23090,10120,6320,10,16450,2690,5200,300,8190,12810,11520,310,24640,9000,6040,20,15050,2680,5310,100,8090,11680,11340,120,23140,9070,6370,30,15470,2800,5760,20,8580,"-","-","-","-",11860,12140,50,24050,9360,6710,1870,17940,2750,6540,4530,13820,"-","-","-","-",12110,13250,6410,31760,10670,6770,2990,20440,3210,5490,5750,14450,"-","-","-","-",13880,12260,8750,34890,13670,9840,3880,27390,3870,7990,4900,16760,"-","-","-","-",17540,17830,8780,44150,12170,14930,20520,47610,4880,13130,24280,42290,"-","-","-","-",17050,28060,44790,89900,6140,7320,9280,22730,2930,6730,9320,18980,"-","-","-","-",9070,14050,18600,41710,5210,8010,12610,25830,3000,7990,15250,26240,"-","-","-","-",8220,15990,27850,52060,5380,9460,13330,28180,3170,8960,17190,29320,"-",40,290,330,8550,18460,30820,57830,5620,10270,16820,32710,3350,9260,14880,27490,"-",90,1180,1270,8970,19630,32880,61480,6040,10270,18760,35060,2860,8080,16980,27920,"-",180,2850,3020,8900,18530,38580,66000]
["Information and Communication Technology",null,2440,710,"-",3150,730,940,"-",1670,3170,1650,"-",4820,2910,1030,"-",3940,710,1100,"-",1810,3620,2130,"-",5750,3560,940,10,4500,590,960,"-",1560,4150,1900,10,6060,2530,780,"-",3310,980,2130,70,3180,3510,2910,70,6490,2520,1290,10,3810,1020,940,"-",1950,10,10,"-",20,3540,2240,10,5790,2510,1160,460,4130,1360,1070,150,2570,30,30,"-",60,3890,2260,610,6760,2720,1150,1130,5000,1920,1370,480,3770,20,40,"-",60,4650,2560,1610,8820,3070,1540,1100,5720,3910,2260,540,6710,20,110,20,140,7000,3910,1660,12570,3480,1740,3420,8640,6360,2710,1760,10830,10,40,10,60,9850,4490,5180,19520,1870,1090,1720,4680,2420,1330,940,4680,"-",30,"-",40,4290,2450,2660,9400,1020,930,1450,3400,1540,1400,1190,4130,10,30,10,50,2580,2360,2650,7580,1090,920,1090,3100,1790,1760,1090,4640,30,60,10,100,2910,2740,2190,7840,680,1130,940,2740,2600,2130,950,5690,160,220,20,390,3430,3480,1900,8820,660,1080,980,2730,3100,2440,860,6400,150,320,30,500,3910,3850,1870,9630]
["Leisure, Travel and Tourism",null,1430,2240,"-",3670,1790,1710,"-",3500,3220,3950,"-",7170,1730,2670,"-",4400,1040,1310,"-",2350,2770,3980,"-",6750,2130,2210,"-",4350,2310,860,"-",3170,4440,3080,"-",7510,2230,2170,"-",4410,1070,810,"-",1890,3300,2990,10,6300,2250,2010,"-",4260,1010,990,"-",2000,"-","-","-","-",3260,3000,"-",6260,1900,2020,350,4270,1200,1090,280,2570,"-","-","-","-",3100,3110,640,6850,2620,2900,1310,6830,2000,1450,1050,4490,"-","-","-","-",4620,4350,2360,11330,5450,3730,870,10050,2190,1740,710,4640,"-","-","-","-",7640,5470,1580,14690,7190,5810,2220,15220,2460,2360,1550,6370,"-","-","-","-",9650,8170,3770,21590,4820,3220,1570,9600,2030,1580,860,4480,"-","-","-","-",6850,4800,2430,14080,2170,1890,1050,5120,2110,1430,1120,4670,"-","-","-","-",4290,3320,2180,9780,1630,1660,860,4150,2200,1300,1140,4640,"-","-","-","-",3830,2960,1990,8790,1940,1660,800,4390,2260,1330,730,4320,"-","-","-","-",4200,2990,1530,8710,1750,1470,910,4130,2340,1440,1020,4800,"-","-","-","-",4090,2910,1930,8930]
["Retail and Commercial Enterprise",null,25040,16960,"-",42000,1840,5660,"-",7500,26880,22620,"-",49500,26270,18960,"-",45230,2190,6860,"-",9050,28460,25820,"-",54280,24430,13540,10,37980,1770,4950,10,6730,26200,18500,20,44710,20770,12940,20,33730,1850,4650,10,6500,22620,17580,30,40230,21300,12390,30,33720,2200,5530,20,7750,"-","-","-","-",23500,17920,50,41470,20600,14180,2600,37380,2170,5690,1710,9570,"-","-","-","-",22770,19860,4310,46940,18840,12690,6770,38300,2110,4320,3310,9740,"-","-","-","-",20950,17010,10080,48030,22490,23190,6170,51850,2810,4900,2060,9770,"-","-","-","-",25300,28090,8230,61620,22600,26920,37560,87080,3000,6660,6030,15700,"-","-","-","-",25600,33580,43590,102770,14030,16940,18580,49550,1990,4080,3360,9430,"-","-","-","-",16020,21030,21940,58980,11160,13280,17480,41920,1790,3860,4230,9870,"-","-","-","-",12940,17140,21700,51780,10760,12060,12470,35290,2160,4750,5180,12090,"-",10,60,70,12920,16820,17700,47440,11310,12720,13300,37330,2300,4630,3650,10580,10,10,50,60,13620,17360,16990,47970,11120,11570,13560,36260,2300,4840,5270,12410,"-",20,90,110,13430,16430,18920,48780]
["Science and Mathematics",null,"-","-","-","-","-","-","-","-","-","-","-","-","-","-","-","-","-","-","-","-","-","-","-","-","-","-","-","-","-","-","-","-","-","-","-","-","-","-","-","-","-","-","-","-","-","-","-","-","-","-","-","-","-","-","-","-","-","-","-","-","-","-","-","-","-","-","-","-","-","-","-","-","-","-","-","-","-","-","-","-","-","-","-","-","-","-","-","-","-","-","-","-","-","-","-","-","-","-","-","-","-","-","-","-","-","-","-","-","-","-","-","-","-","-","-","-","-",10,"-",10,"-","-","-","-","-",10,"-",10,"-","-","-","-","-","-","-",10,"-","-","-","-","-","-","-",10,20,10,20,50,20,20,20,60,"-","-","-","-",50,30,40,120,10,20,"-",30,60,30,20,110,"-","-","-","-",70,50,20,140,20,10,10,40,100,60,10,170,"-","-","-","-",120,80,10,210,10,10,10,30,110,70,10,180,"-","-","-",10,120,80,20,220]
["Grand Total",null,74400,44800,"-",119300,23000,25400,"-",48400,97400,70200,"-",167700,83000,53600,"-",136600,25200,31700,"-",57000,108300,85300,"-",193600,87600,47400,100,135100,25900,27600,400,53900,113500,75100,400,189000,77100,45600,100,122800,22400,29500,200,52100,99500,75200,300,175000,80800,46500,100,127400,24800,32000,100,56900,"-",100,"-",100,105600,78600,300,184400,82000,55200,14600,151800,25500,34800,12600,72900,"-","-","-",100,107600,90100,27200,224800,74200,52600,31700,158500,25100,32000,24200,81300,"-",100,"-",200,99400,84700,55900,239900,89400,72800,28400,190500,27200,39800,20600,87700,100,1200,100,1500,116800,113800,49100,279700,97300,90400,113400,301100,34200,51600,68000,153900,200,1300,700,2200,131700,143400,182100,457200,56500,54100,61800,172400,21300,30600,32800,84700,100,800,300,1200,77900,85600,94900,258400,42100,47700,66500,156300,18600,30800,45700,95000,100,800,600,1600,60800,79300,112800,252900,45200,50800,54900,150900,20000,35000,47200,102200,200,1100,1400,2700,65400,86900,103500,255800,48200,53100,59100,160300,22500,37100,36600,96200,300,1100,2900,4300,71100,91300,98500,260900,49100,51700,63000,163800,24000,36900,40000,100900,400,1600,5000,7000,73600,90100,108000,271700]

{"sheet":"Framework Data","index":5,"n_rows":240,"n_cols":191,"rows_kept":240,"cut":false,"hidden":true,"merged":[[5,75,5,78],[5,79,5,82],[5,55,5,58],[5,59,5,62],[5,63,5,66],[5,67,5,70],[5,71,5,74],[5,187,5,190],[5,143,5,146],[5,99,5,102],[5,103,5,106],[5,107,5,110],[5,111,5,114],[5,115,5,118],[5,119,5,122],[5,123,5,126],[5,127,5,130],[5,131,5,134],[5,135,5,138],[5,139,5,142],[5,171,5,174],[5,175,5,178],[5,179,5,182],[4,143,4,158],[4,159,4,174],[4,175,4,190],[4,111,4,126],[4,127,4,142],[5,183,5,186],[5,147,5,150],[5,151,5,154],[5,155,5,158],[5,159,5,162],[5,163,5,166],[5,167,5,170],[5,3,5,6],[5,7,5,10],[5,11,5,14],[5,15,5,18],[5,19,5,22],[5,23,5,26],[4,63,4,74],[4,75,4,86],[4,87,4,98],[4,99,4,110],[5,47,5,50],[5,27,5,30],[5,31,5,34],[5,35,5,38],[5,39,5,42],[5,43,5,46],[5,83,5,86],[5,87,5,90],[5,91,5,94],[5,95,5,98],[5,51,5,54],[3,127,3,142],[3,143,3,158],[3,159,3,174],[3,175,3,190],[4,3,4,14],[4,15,4,26],[4,27,4,38],[4,39,4,50],[4,51,4,62],[3,123,3,126],[3,51,3,62],[3,63,3,74],[3,75,3,86],[3,87,3,98],[3,99,3,110],[3,111,3,122],[1,1,1,4],[3,3,3,14],[3,15,3,26],[3,27,3,38],[3,39,3,50]]}
[null,"Apprenticeship Programme Achievements by Sector Framework and Apprenticeship Standard, Age and Type of Apprenticeship  (2011/12 to 2015/16)"]
[]
[]
[null,"Sector Framework/ Standard"]
[null,null,"Year","2002/03\nFull Year",null,null,null,null,null,null,null,null,null,null,null,"2003/04\nFull Year",null,null,null,null,null,null,null,null,null,null,null,"2004/05\nFull Year",null,null,null,null,null,null,null,null,null,null,null,"2005/06\nFull Year",null,null,null,null,null,null,null,null,null,null,null,"2006/07\nFull Year",null,null,null,null,null,null,null,null,null,null,null,"2007/08\nFull Year",null,null,null,null,null,null,null,null,null,null,null,"2008/09\nFull Year",null,null,null,null,null,null,null,null,null,null,null,"2009/10\nFull Year",null,null,null,null,null,null,null,null,null,null,null,"2010/11\nFull Year",null,null,null,null,null,null,null,null,null,null,null,"2011/12\nFull Year",null,null,null,null,null,null,null,null,null,null,null,null,null,null,null,"2012/13\nFull Year",null,null,null,null,null,null,null,null,null,null,null,null,null,null,null,"2013/14\nFull Year",null,null,null,null,null,null,null,null,null,null,null,null,null,null,null,"2014/15\nFull Year",null,null,null,null,null,null,null,null,null,null,null,null,null,null,null,"2015/16 \nFull Year"]
[null,null,"Level","Intermediate Level Apprenticeship",null,null,null,"Advanced Level Apprenticeship including Higher Apprenticeship",null,null,null,"All Apprenticeships",null,null,null,"Intermediate Level Apprenticeship",null,null,null,"Advanced Level Apprenticeship including Higher Apprenticeship",null,null,null,"All Apprenticeships",null,null,null,"Intermediate Level Apprenticeship",null,null,null,"Advanced Level Apprenticeship including Higher Apprenticeship",null,null,null,"All Apprenticeships",null,null,null,"Intermediate Level Apprenticeship",null,null,null,"Advanced Level Apprenticeship including Higher Apprenticeship",null,null,null,"All Apprenticeships",null,null,null,"Intermediate Level Apprenticeship",null,null,null,"Advanced Level Apprenticeship including Higher Apprenticeship",null,null,null,"All Apprenticeships",null,null,null,"Intermediate Level Apprenticeship",null,null,null,"Advanced Level Apprenticeship including Higher Apprenticeship",null,null,null,"All Apprenticeships",null,null,null,"Intermediate Level Apprenticeship",null,null,null,"Advanced Level Apprenticeship including Higher Apprenticeship",null,null,null,"All Apprenticeships",null,null,null,"Intermediate Level Apprenticeship",null,null,null,"Advanced Level Apprenticeship including Higher Apprenticeship",null,null,null,"All Apprenticeships",null,null,null,"Intermediate Level Apprenticeship",null,null,null,"Advanced Level Apprenticeship including Higher Apprenticeship",null,null,null,"All Apprenticeships",null,null,null,"Intermediate Level Apprenticeship",null,null,null,"Advanced Level Apprenticeship ",null,null,null," Higher Level Apprenticeship",null,null,null,"All Apprenticeships",null,null,null,"Intermediate Level Apprenticeship",null,null,null,"Advanced Level Apprenticeship",null,null,null," Higher Level Apprenticeship",null,null,null,"All Apprenticeships",null,null,null,"Intermediate Level Apprenticeship",null,null,null,"Advanced Level Apprenticeship ",null,null,null," Higher Level Apprenticeship",null,null,null,"All Apprenticeships",null,null,null,"Intermediate Level Apprenticeship",null,null,null,"Advanced Level Apprenticeship ",null,null,null," Higher Level Apprenticeship",null,null,null,"All Apprenticeships",null,null,null,"Intermediate Level Apprenticeship",null,null,null,"Advanced Level Apprenticeship ",null,null,null," Higher Level Apprenticeship",null,null,null,"All Apprenticeships"]
[null,null,"Age","16-18","19-24","25+","All","16-18","19-24","25+","All","16-18","19-24","25+","All","16-18","19-24","25+","All","16-18","19-24","25+","All","16-18","19-24","25+","All","16-18","19-24","25+","All","16-18","19-24","25+","All","16-18","19-24","25+","All","16-18","19-24","25+","All","16-18","19-24","25+","All","16-18","19-24","25+","All","16-18","19-24","25+","All","16-18","19-24","25+","All","16-18","19-24","25+","All","16-18","19-24","25+","All","16-18","19-24","25+","All","16-18","19-24","25+","All","16-18","19-24","25+","All","16-18","19-24","25+","All","16-18","19-24","25+","All","16-18","19-24","25+","All","16-18","19-24","25+","All","16-18","19-24","25+","All","16-18","19-24","25+","All","16-18","19-24","25+","All","16-18","19-24","25+","All","16-18","19-24","25+","All","16-18","19-24","25+","All","16-18","19-24","25+","All","16-18","19-24","25+","All","16-18","19-24","25+","All","16-18","19-24","25+","All","16-18","19-24","25+","All","16-18","19-24","25+","All","16-18","19-24","25+","All","16-18","19-24","25+","All","16-18","19-24","25+","All","16-18","19-24","25+","All","16-18","19-24","25+","All","16-18","19-24","25+","All","16-18","19-24","25+","All","16-18","19-24","25+","All","16-18","19-24","25+","All","16-18","19-24","25+","All","16-18","19-24","25+","All","16-18","19-24","25+","All"]
[]
[null,"of which sector framework"]
[null,"Framework - Accountancy",null,770,610,"-",1370,460,840,"-",1300,1230,1440,"-",2670,880,830,"-",1710,700,1380,"-",2080,1580,2210,"-",3790,950,830,"-",1780,700,1440,"-",2140,1650,2270,"-",3920,870,690,"-",1560,700,1240,"-",1940,1570,1930,"-",3500,970,820,"-",1800,720,1190,"-",1920,1690,2020,"-",3710,970,890,130,1980,730,1310,80,2120,1700,2190,220,4110,820,900,760,2480,700,1350,670,2720,1520,2250,1430,5200,730,860,350,1940,580,2290,550,3410,1310,3150,900,5360,790,930,610,2330,660,2470,1320,4450,1450,3400,1930,6780,850,730,520,2100,550,1000,510,2070,70,790,320,1180,1470,2520,1350,5340,400,520,360,1280,360,800,450,1600,90,750,360,1200,840,2070,1170,4080,840,650,330,1810,590,920,320,1840,120,880,340,1340,1540,2450,990,4980,980,770,200,1950,710,1160,130,2000,70,470,160,700,1770,2390,490,4650,1170,850,230,2250,840,1360,240,2450,50,440,20,510,2060,2650,490,5210]
[null,"Framework - Active Leisure and Learning",null,1300,2140,"-",3440,100,640,"-",740,1400,2790,"-",4180,1530,2440,"-",3980,100,940,"-",1050,1640,3390,"-",5020,1610,1930,"-",3540,340,610,"-",950,1960,2540,"-",4490,1470,1930,"-",3400,180,700,"-",880,1640,2630,10,4280,1400,1490,"-",2890,110,800,"-",900,1500,2280,"-",3790,1230,1630,210,3070,120,880,250,1250,1350,2510,470,4320,1910,2340,1050,5300,160,1270,1010,2440,2070,3610,2060,7740,5020,3170,600,8790,360,1510,680,2550,5380,4680,1280,11340,6650,5200,1830,13680,510,2100,1530,4130,7160,7300,3350,17810,4570,2870,1320,8760,320,1380,850,2540,"-","-","-","-",4890,4250,2160,11300,2050,1830,1030,4910,320,1270,1100,2680,"-","-","-","-",2370,3100,2130,7600,1480,1590,850,3920,380,1210,1130,2720,"-","-","-","-",1860,2800,1980,6640,1790,1580,790,4160,450,1160,710,2330,"-","-","-","-",2240,2740,1510,6490,1550,1390,900,3840,340,1120,960,2420,"-","-","-","-",1890,2510,1860,6260]
[null,"Framework - Advertising and Marketing Communications",null,null,null,null,null,null,null,null,null,null,null,null,null,null,null,null,null,null,null,null,null,null,null,null,null,null,null,null,null,null,null,null,null,null,null,null,null,null,null,null,null,null,null,null,null,null,null,null,null,null,null,null,null,null,null,null,null,null,null,null,null,null,null,null,null,null,null,null,null,null,null,null,null,null,null,null,null,null,null,null,null,null,null,null,null,null,null,null,null,null,null,null,null,null,null,null,null,null,null,null,null,null,null,null,null,null,null,null,null,"N/A","N/A","N/A","N/A","N/A","N/A","N/A","N/A","N/A","N/A","N/A","N/A","N/A","N/A","N/A","N/A","N/A","N/A","N/A","N/A","N/A","N/A","N/A","N/A","N/A","N/A","N/A","N/A","N/A","N/A","N/A","N/A","N/A","N/A","N/A","N/A","N/A","N/A","N/A","N/A","N/A","N/A","N/A","N/A","N/A","N/A","N/A","N/A","-","-","-","-","-","-","-","-","-",10,"-",10,"-",10,"-",10,"-","-","-","-","-","-","-","-","-","-","-","-","-","-","-","-"]
[null,"Framework - Advanced Diagnostics and Management Principles",null,null,null,null,null,null,null,null,null,null,null,null,null,null,null,null,null,null,null,null,null,null,null,null,null,null,null,null,null,null,null,null,null,null,null,null,null,null,null,null,null,null,null,null,null,null,null,null,null,null,null,null,null,null,null,null,null,null,null,null,null,null,null,null,null,null,null,null,null,null,null,null,null,null,null,null,null,null,null,null,null,null,null,null,null,null,null,null,null,null,null,null,null,null,null,null,null,null,null,null,null,null,null,null,null,null,null,null,null,"N/A","N/A","N/A","N/A","N/A","N/A","N/A","N/A","N/A","N/A","N/A","N/A","N/A","N/A","N/A","N/A","N/A","N/A","N/A","N/A","N/A","N/A","N/A","N/A","N/A","N/A","N/A","N/A","N/A","N/A","N/A","N/A","N/A","N/A","N/A","N/A","N/A","N/A","N/A","N/A","N/A","N/A","N/A","N/A","N/A","N/A","N/A","N/A","N/A","N/A","N/A","N/A","N/A","N/A","N/A","N/A","N/A","N/A","N/A","N/A","N/A","N/A","N/A","N/A","-","-","-","-","-","-","-","-","-",10,"-",10,"-",10,"-",10]
[null,"Framework - Advice and Guidance",null,"-","-","-","-","-","-","-","-","-","-","-","-","-","-","-","-","-","-","-","-","-","-","-","-","-","-","-","-","-","-","-","-","-","-","-","-","-","-","-","-","-","-","-","-","-","-","-","-","-","-","-","-","-","-","-","-","-","-","-","-","-","-","-","-","-","-","-","-","-","-","-","-","-","-","-","-","-","-","-","-","-","-","-","-","-","-","-","-","-","-","-","-","-","-","-","-","-","-","-","-","-","-","-","-","-","-","-","-","-","-","-","-","-","-",10,20,"-","-","-","-","-","-",10,20,"N/A","N/A","N/A","N/A","N/A","N/A","N/A","N/A","N/A","N/A","N/A","N/A","N/A","N/A","N/A","N/A","N/A","N/A","N/A","N/A","N/A","N/A","N/A","N/A","N/A","N/A","N/A","N/A","N/A","N/A","N/A","N/A","N/A","N/A","N/A","N/A","N/A","N/A","N/A","N/A","N/A","N/A","N/A","N/A","N/A","N/A","N/A","N/A","N/A","N/A","N/A","N/A","N/A","N/A","N/A","N/A","N/A","N/A","N/A","N/A","N/A","N/A","N/A","N/A"]
[null,"Framework - Advising on Financial Products",null,"-","-","-","-","-","-","-","-","-","-","-","-","-","-","-","-","-","-","-","-","-","-","-","-","-","-","-","-","-","-","-","-","-","-","-","-","-","-","-","-","-","-","-","-","-","-","-","-","-","-","-","-","-","-","-","-","-","-","-","-","-","-","-","-","-","-","-","-","-","-","-","-","-","-","-","-","-","-","-","-","-","-","-","-","-","-","-","-","-","-","-","-","-","-","-","-","-","-","-","-","-","-","-","-","-","-","-","-","-","-","-","-","-","-",10,10,"-","-","-","-","-","-",10,10,"N/A","N/A","N/A","N/A","N/A","N/A","N/A","N/A","N/A","N/A","N/A","N/A","N/A","N/A","N/A","N/A","N/A","N/A","N/A","N/A","N/A","N/A","N/A","N/A","N/A","N/A","N/A","N/A","N/A","N/A","N/A","N/A","N/A","N/A","N/A","N/A","N/A","N/A","N/A","N/A","N/A","N/A","N/A","N/A","N/A","N/A","N/A","N/A","N/A","N/A","N/A","N/A","N/A","N/A","N/A","N/A","N/A","N/A","N/A","N/A","N/A","N/A","N/A","N/A"]
[null,"Framework - Agriculture",null,"-","-","-","-","-","-","-","-","-","-","-","-",10,10,"-",20,"-","-","-","-",10,20,"-",30,"-","-","-","-",10,10,"-",20,10,20,"-",20,"-","-","-","-","-","-","-","-","-","-","-","-","-","-","-","-","-","-","-","-","-","-","-","-","-",10,"-",10,"-",20,30,60,"-",30,40,70,10,20,50,80,"-",40,240,270,10,50,290,350,10,40,30,70,10,50,170,230,10,90,200,300,"-","-",10,10,"-",10,20,30,"-",10,30,40,310,70,20,390,80,50,10,130,"-","-","-","-",390,110,30,530,280,50,60,390,80,40,100,220,"-","-","-","-",350,90,160,610,300,50,20,360,100,40,90,240,"-",10,"-",10,400,100,110,610,380,50,50,480,120,50,140,310,"-",20,"-",20,500,120,190,810,450,60,50,560,120,60,50,230,"-","-","-",10,570,120,100,790]
[null,"Framework - Amenity Horticulture",null,"-","-","-","-","-","-","-","-","-","-","-","-","-","-","-","-","-","-","-","-","-","-","-","-","-","-","-","-","-","-","-","-","-","-","-","-","-","-","-","-","-","-","-","-","-","-","-","-","-","-","-","-","-","-","-","-","-","-","-","-","-","-","-","-","-",10,"-",10,"-",10,"-",10,"-","-","-","-",10,30,300,340,10,30,300,340,"-","-","-","-",10,10,10,40,10,10,10,40,"-","-","-","-","-","-",10,10,"-","-",10,10,"N/A","N/A","N/A","N/A","N/A","N/A","N/A","N/A","N/A","N/A","N/A","N/A","N/A","N/A","N/A","N/A","N/A","N/A","N/A","N/A","N/A","N/A","N/A","N/A","N/A","N/A","N/A","N/A","N/A","N/A","N/A","N/A","N/A","N/A","N/A","N/A","N/A","N/A","N/A","N/A","N/A","N/A","N/A","N/A","N/A","N/A","N/A","N/A","N/A","N/A","N/A","N/A","N/A","N/A","N/A","N/A","N/A","N/A","N/A","N/A","N/A","N/A","N/A","N/A","N/A","N/A","N/A","N/A","N/A","N/A","N/A","N/A","N/A","N/A","N/A","N/A","N/A","N/A","N/A","N/A"]
[null,"Framework - Animal Care",null,370,40,"-",420,40,40,"-",80,410,80,"-",500,370,80,"-",450,80,70,"-",150,440,150,"-",590,370,40,"-",420,70,50,"-",120,440,90,"-",540,290,20,"-",310,70,40,"-",110,360,60,"-",420,300,30,"-",330,60,20,"-",80,360,60,"-",420,320,40,"-",360,80,30,"-",110,410,60,"-",470,310,40,"-",360,50,30,"-",90,370,70,10,440,470,90,10,560,110,50,10,170,570,140,20,730,420,100,30,540,140,80,90,310,560,180,120,850,120,140,100,360,10,30,20,60,"-","-","-","-",140,170,110,420,130,90,50,270,20,40,30,90,"-","-","-","-",150,120,90,360,150,120,50,320,20,40,30,100,"-","-","-","-",170,170,80,420,150,90,40,280,30,40,70,140,"-","-","-","-",180,130,100,420,180,100,20,290,30,60,40,130,"-","-","-","-",210,160,60,430]
[null,"Framework - Animal Technology",null,490,220,"-",710,20,40,"-",60,510,260,"-",770,570,260,"-",830,30,70,"-",100,600,340,"-",930,650,330,"-",980,10,60,"-",70,660,390,"-",1050,650,310,10,960,30,60,"-",80,680,360,10,1050,620,260,"-",890,20,70,"-",90,640,330,"-",980,620,380,40,1030,20,60,10,80,630,440,40,1110,630,340,150,1120,10,70,40,130,640,410,190,1250,30,20,10,60,"-","-","-","-",30,20,10,70,"-","-","-","-","-","-","-","-","-","-","-","-","N/A","N/A","N/A","N/A","N/A","N/A","N/A","N/A","N/A","N/A","N/A","N/A","N/A","N/A","N/A","N/A","N/A","N/A","N/A","N/A","N/A","N/A","N/A","N/A","N/A","N/A","N/A","N/A","N/A","N/A","N/A","N/A","N/A","N/A","N/A","N/A","N/A","N/A","N/A","N/A","N/A","N/A","N/A","N/A","N/A","N/A","N/A","N/A","N/A","N/A","N/A","N/A","N/A","N/A","N/A","N/A","N/A","N/A","N/A","N/A","N/A","N/A","N/A","N/A","-","-","-","-","-","-","-","-","-","-","-","-","-","-","-","-"]
[null,"Framework - Apparel",null,330,140,"-",470,10,40,"-",40,340,170,"-",510,360,150,"-",500,10,40,"-",50,370,190,"-",550,410,110,"-",530,10,30,"-",40,420,150,"-",570,280,90,"-",370,20,20,"-",40,290,110,"-",410,270,90,"-",360,10,30,"-",30,280,110,"-",390,240,110,20,370,10,30,10,40,250,140,30,420,250,150,70,470,10,30,40,80,260,180,110,550,280,120,40,440,20,50,20,90,300,170,60,520,270,220,140,630,30,60,60,150,300,280,210,780,"N/A","N/A","N/A","N/A","N/A","N/A","N/A","N/A","N/A","N/A","N/A","N/A","N/A","N/A","N/A","N/A","N/A","N/A","N/A","N/A","N/A","N/A","N/A","N/A","N/A","N/A","N/A","N/A","N/A","N/A","N/A","N/A","N/A","N/A","N/A","N/A","N/A","N/A","N/A","N/A","N/A","N/A","N/A","N/A","N/A","N/A","N/A","N/A","N/A","N/A","N/A","N/A","N/A","N/A","N/A","N/A","N/A","N/A","N/A","N/A","N/A","N/A","N/A","N/A","N/A","N/A","N/A","N/A","N/A","N/A","N/A","N/A","N/A","N/A","N/A","N/A","N/A","N/A","N/A","N/A"]
[null,"Framework - Arboriculture",null,null,null,null,null,null,null,null,null,null,null,null,null,null,null,null,null,null,null,null,null,null,null,null,null,null,null,null,null,null,null,null,null,null,null,null,null,null,null,null,null,null,null,null,null,null,null,null,null,null,null,null,null,null,null,null,null,null,null,null,null,null,null,null,null,null,null,null,null,null,null,null,null,null,null,null,null,null,null,null,null,null,null,null,null,null,null,null,null,null,null,null,null,null,null,null,null,null,null,null,null,null,null,null,null,null,null,null,null,"N/A","N/A","N/A","N/A","N/A","N/A","N/A","N/A","N/A","N/A","N/A","N/A","N/A","N/A","N/A","N/A","N/A","N/A","N/A","N/A","N/A","N/A","N/A","N/A","N/A","N/A","N/A","N/A","N/A","N/A","N/A","N/A","N/A","N/A","N/A","N/A","N/A","N/A","N/A","N/A","N/A","N/A","N/A","N/A","N/A","N/A","N/A","N/A","N/A","N/A","N/A","N/A","N/A","N/A","N/A","N/A","N/A","N/A","N/A","N/A","N/A","N/A","N/A","N/A","N/A","N/A","N/A","N/A","N/A","N/A","N/A","N/A","N/A","N/A","N/A","N/A","N/A","N/A","N/A","N/A"]
[null,"Framework - Arts and Entertainment, Cultural Heritage, Information and Library Services",null,null,null,null,null,null,null,null,null,null,null,null,null,null,null,null,null,null,null,null,null,null,null,null,null,null,null,null,null,null,null,null,null,null,null,null,null,null,null,null,null,null,null,null,null,null,null,null,null,null,null,null,null,null,null,null,null,null,null,null,null,null,null,null,null,null,null,null,null,null,null,null,null,null,null,null,null,null,null,null,null,null,null,null,null,null,null,null,null,null,null,null,null,null,null,null,null,null,null,null,null,null,null,null,null,null,null,null,null,"N/A","N/A","N/A","N/A","N/A","N/A","N/A","N/A","N/A","N/A","N/A","N/A","N/A","N/A","N/A","N/A","N/A","N/A","N/A","N/A","N/A","N/A","N/A","N/A","N/A","N/A","N/A","N/A","N/A","N/A","N/A","N/A","N/A","N/A","N/A","N/A","N/A","N/A","N/A","N/A","N/A","N/A","N/A","N/A","N/A","N/A","N/A","N/A","N/A","N/A","N/A","N/A","N/A","N/A","N/A","N/A","N/A","N/A","N/A","N/A","N/A","N/A","N/A","N/A","N/A","N/A","N/A","N/A","N/A","N/A","N/A","N/A","N/A","N/A","N/A","N/A","N/A","N/A","N/A","N/A"]
[null,"Framework - Automotive Clay Modelling",null,null,null,null,null,null,null,null,null,null,null,null,null,null,null,null,null,null,null,null,null,null,null,null,null,null,null,null,null,null,null,null,null,null,null,null,null,null,null,null,null,null,null,null,null,null,null,null,null,null,null,null,null,null,null,null,null,null,null,null,null,null,null,null,null,null,null,null,null,null,null,null,null,null,null,null,null,null,null,null,null,null,null,null,null,null,null,null,null,null,null,null,null,null,null,null,null,null,null,null,null,null,null,null,null,null,null,null,null,"N/A","N/A","N/A","N/A","N/A","N/A","N/A","N/A","N/A","N/A","N/A","N/A","N/A","N/A","N/A","N/A","N/A","N/A","N/A","N/A","N/A","N/A","N/A","N/A","N/A","N/A","N/A","N/A","N/A","N/A","N/A","N/A","N/A","N/A","N/A","N/A","N/A","N/A","N/A","N/A","N/A","N/A","N/A","N/A","N/A","N/A","N/A","N/A","N/A","N/A","N/A","N/A","N/A","N/A","N/A","N/A","N/A","N/A","N/A","N/A","N/A","N/A","N/A","N/A","N/A","N/A","N/A","N/A","N/A","N/A","N/A","N/A","N/A","N/A","N/A","N/A","N/A","N/A","N/A","N/A"]
[null,"Framework - Automotive Industry",null,"-","-","-","-","-","-","-","-","-","-","-","-","-","-","-","-","-","-","-","-","-","-","-","-","-","-","-","-","-","-","-","-","-","-","-","-","-","-","-","-","-","-","-","-","-","-","-","-","-","-","-","-","-","-","-","-","-","-","-","-","-","-","-","-","-","-","-","-","-","-","-","-","-","-","-",10,"-","-","-","-","-","-","-",10,"-","-","-","-","-","-","-","-","-","-","-","-","-","-","-","-","-","-","-","-","-","-","-","-","N/A","N/A","N/A","N/A","N/A","N/A","N/A","N/A","N/A","N/A","N/A","N/A","N/A","N/A","N/A","N/A","N/A","N/A","N/A","N/A","N/A","N/A","N/A","N/A","N/A","N/A","N/A","N/A","N/A","N/A","N/A","N/A","N/A","N/A","N/A","N/A","N/A","N/A","N/A","N/A","N/A","N/A","N/A","N/A","N/A","N/A","N/A","N/A","N/A","N/A","N/A","N/A","N/A","N/A","N/A","N/A","N/A","N/A","N/A","N/A","N/A","N/A","N/A","N/A","N/A","N/A","N/A","N/A","N/A","N/A","N/A","N/A","N/A","N/A","N/A","N/A","N/A","N/A","N/A","N/A"]
[null,"Framework - Aviation Operations on the Ground",null,10,20,"-",30,"-","-","-",10,20,20,"-",30,"-","-","-","-","-","-","-","-","-","-","-",10,10,10,"-",20,"-","-","-","-",10,10,"-",20,"-","-","-","-","-","-","-","-","-","-","-","-","-","-","-","-","-","-","-","-","-","-","-","-","-","-","-","-","-","-","-","-","-","-","-","-","-","-","-",10,"-","-","-","-","-","-","-",10,"-","-","-","-","-","-","-","-","-","-","-","-","-","-","-","-","-","-","-","-","-","-","-","-",40,260,250,550,"-","-",20,20,"-","-","-","-",40,260,260,560,40,190,240,470,"-",10,20,30,"-","-","-","-",40,200,260,500,40,180,240,460,"-",40,120,160,"-","-","-","-",40,220,360,610,50,330,250,630,"-",20,80,100,"-","-","-","-",50,350,330,730,50,220,220,500,"-",40,50,90,"-","-","-","-",50,260,280,590]
[null,"Framework - Bakery",null,"-","-","-","-","-","-","-","-","-","-","-","-","-","-","-","-","-","-","-","-","-","-","-","-","-","-","-","-","-","-","-","-","-","-","-","-","-","-","-","-","-","-","-","-","-","-","-","-","-","-","-","-","-","-","-","-","-","-","-","-","-","-","-","-","-","-","-","-","-","-","-","-","-","-","-","-","-","-","-","-","-","-","-","-","-","-","-","-","-","-","-","-","-","-","-","-","-","-","-","-","-","-","-","-","-","-","-","-","N/A","N/A","N/A","N/A","N/A","N/A","N/A","N/A","N/A","N/A","N/A","N/A","N/A","N/A","N/A","N/A","N/A","N/A","N/A","N/A","N/A","N/A","N/A","N/A","N/A","N/A","N/A","N/A","N/A","N/A","N/A","N/A","N/A","N/A","N/A","N/A","N/A","N/A","N/A","N/A","N/A","N/A","N/A","N/A","N/A","N/A","N/A","N/A","N/A","N/A","N/A","N/A","N/A","N/A","N/A","N/A","N/A","N/A","N/A","N/A","N/A","N/A","N/A","N/A","N/A","N/A","N/A","N/A","N/A","N/A","N/A","N/A","N/A","N/A","N/A","N/A","N/A","N/A","N/A","N/A"]
[null,"Framework - Barbering",null,50,10,"-",60,20,20,"-",40,70,30,"-",100,10,"-","-",10,20,10,"-",30,30,10,"-",40,"-","-","-","-",50,10,"-",60,50,10,"-",60,"-","-","-","-","-","-","-","-","-","-","-","-","-","-","-","-","-","-","-","-","-","-","-","-","-","-","-","-","-","-","-","-","-","-","-","-","-","-","-","-","-","-","-","-","-","-","-","-","-","-","-","-","-","-","-","-","-","-","-","-","-","-","-","-","-","-","-","-","-","-","-","-",250,340,110,690,10,60,70,140,"-","-","-","-",260,400,170,830,290,540,250,1080,10,70,70,160,"-","-","-","-",300,610,320,1240,350,730,290,1370,20,150,170,350,"-","-","-","-",380,880,460,1710,360,710,260,1320,20,180,100,300,"-","-","-","-",380,890,350,1620,470,650,290,1400,30,250,180,460,"-","-","-","-",500,900,470,1860]
[null,"Framework - Beauty Therapy",null,"-","-","-","-","-","-","-","-","-","-","-","-","-","-","-","-","-","-","-","-","-","-","-","-","-","-","-","-","-","-","-","-","-","-","-","-","-","-","-","-","-","-","-","-","-","-","-","-","-","-","-","-","-","-","-","-","-","-","-","-","-","-","-","-","-","-","-","-","-","-","-","-","-","-","-","-","-","-","-","-","-","-","-","-","-","-","-","-","-","-","-","-","-","-","-","-","-","-","-","-","-","-","-","-","-","-","-","-",310,140,120,580,240,120,50,410,"-","-","-","-",550,270,180,990,210,100,60,370,150,100,40,290,"-","-","-","-",350,200,100,660,300,170,50,510,220,190,40,450,"-","-","-","-",520,350,90,960,280,150,50,470,250,180,30,470,"-","-","-","-",530,330,80,940,330,150,70,540,230,200,40,470,"-","-","-","-",560,340,120,1010]
[null,"Framework - Bookkeeping",null,3630,480,"-",4110,4690,810,"-",5500,8320,1290,"-",9610,4490,620,"-",5110,5490,1660,"-",7150,9980,2280,"-",12260,5390,820,"-",6210,5570,1790,"-",7370,10970,2610,"-",13580,420,50,"-",470,470,410,"-",880,890,460,"-",1350,20,30,"-",50,110,270,"-",380,130,300,"-",430,10,50,"-",60,20,620,10,640,20,670,10,700,"-","-","-","-","-",10,"-",10,"-",10,"-",10,"-","-","-","-","-","-","-","-","-","-","-","-","-","-","-","-","-","-","-","-","-","-","-","-","N/A","N/A","N/A","N/A","N/A","N/A","N/A","N/A","N/A","N/A","N/A","N/A","N/A","N/A","N/A","N/A","N/A","N/A","N/A","N/A","N/A","N/A","N/A","N/A","N/A","N/A","N/A","N/A","N/A","N/A","N/A","N/A","N/A","N/A","N/A","N/A","N/A","N/A","N/A","N/A","N/A","N/A","N/A","N/A","N/A","N/A","N/A","N/A","N/A","N/A","N/A","N/A","N/A","N/A","N/A","N/A","N/A","N/A","N/A","N/A","N/A","N/A","N/A","N/A","-","-","-","-","-","-","-","-","-","-","-","-","-","-","-","-"]
[null,"Framework - Broadcast, Film, Video and Interactive Media Industry",null,null,null,null,null,null,null,null,null,null,null,null,null,null,null,null,null,null,null,null,null,null,null,null,null,null,null,null,null,null,null,null,null,null,null,null,null,null,null,null,null,null,null,null,null,null,null,null,null,null,null,null,null,null,null,null,null,null,null,null,null,null,null,null,null,null,null,null,null,null,null,null,null,null,null,null,null,null,null,null,null,null,null,null,null,null,null,null,null,null,null,null,null,null,null,null,null,null,null,null,null,null,null,null,null,null,null,null,null,"N/A","N/A","N/A","N/A","N/A","N/A","N/A","N/A","N/A","N/A","N/A","N/A","N/A","N/A","N/A","N/A","N/A","N/A","N/A","N/A","N/A","N/A","N/A","N/A","N/A","N/A","N/A","N/A","N/A","N/A","N/A","N/A","N/A","N/A","N/A","N/A","N/A","N/A","N/A","N/A","N/A","N/A","N/A","N/A","N/A","N/A","N/A","N/A","N/A","N/A","N/A","N/A","N/A","N/A","N/A","N/A","N/A","N/A","N/A","N/A","N/A","N/A","N/A","N/A","N/A","N/A","N/A","N/A","N/A","N/A","N/A","N/A","N/A","N/A","N/A","N/A","N/A","N/A","N/A","N/A"]
[null,"Framework - Broadcast Production",null,null,null,null,null,null,null,null,null,null,null,null,null,null,null,null,null,null,null,null,null,null,null,null,null,null,null,null,null,null,null,null,null,null,null,null,null,null,null,null,null,null,null,null,null,null,null,null,null,null,null,null,null,null,null,null,null,null,null,null,null,null,null,null,null,null,null,null,null,null,null,null,null,null,null,null,null,null,null,null,null,null,null,null,null,null,null,null,null,null,null,null,null,null,null,null,null,null,null,null,null,null,null,null,null,null,null,null,null,"N/A","N/A","N/A","N/A","N/A","N/A","N/A","N/A","N/A","N/A","N/A","N/A","N/A","N/A","N/A","N/A","N/A","N/A","N/A","N/A","N/A","N/A","N/A","N/A","N/A","N/A","N/A","N/A","N/A","N/A","N/A","N/A","N/A","N/A","N/A","N/A","N/A","N/A","N/A","N/A","N/A","N/A","N/A","N/A","N/A","N/A","N/A","N/A","-","-","-","-","-","-","-","-","-",10,"-",10,"-",10,"-",10,"N/A","N/A","N/A","N/A","N/A","N/A","N/A","N/A","N/A","N/A","N/A","N/A","N/A","N/A","N/A","N/A"]
[null,"Framework - Broadcast Technology",null,null,null,null,null,null,null,null,null,null,null,null,null,null,null,null,null,null,null,null,null,null,null,null,null,null,null,null,null,null,null,null,null,null,null,null,null,null,null,null,null,null,null,null,null,null,null,null,null,null,null,null,null,null,null,null,null,null,null,null,null,null,null,null,null,null,null,null,null,null,null,null,null,null,null,null,null,null,null,null,null,null,null,null,null,null,null,null,null,null,null,null,null,null,null,null,null,null,null,null,null,null,null,null,null,null,null,null,null,"N/A","N/A","N/A","N/A","N/A","N/A","N/A","N/A","N/A","N/A","N/A","N/A","N/A","N/A","N/A","N/A","N/A","N/A","N/A","N/A","N/A","N/A","N/A","N/A","N/A","N/A","N/A","N/A","N/A","N/A","N/A","N/A","N/A","N/A","N/A","N/A","N/A","N/A","N/A","N/A","N/A","N/A","N/A","N/A","N/A","N/A","N/A","N/A","N/A","N/A","N/A","N/A","N/A","N/A","N/A","N/A","N/A","N/A","N/A","N/A","N/A","N/A","N/A","N/A","N/A","N/A","N/A","N/A","N/A","N/A","N/A","N/A","N/A","N/A","N/A","N/A","N/A","N/A","N/A","N/A"]
[null,"Framework - Broadcast, Film, Video and Interactive Media Industry",null,null,null,null,null,null,null,null,null,null,null,null,null,null,null,null,null,null,null,null,null,null,null,null,null,null,null,null,null,null,null,null,null,null,null,null,null,null,null,null,null,null,null,null,null,null,null,null,null,null,null,null,null,null,null,null,null,null,null,null,null,null,null,null,null,null,null,null,null,null,null,null,null,null,null,null,null,null,null,null,null,null,null,null,null,null,null,null,null,null,null,null,null,null,null,null,null,null,null,null,null,null,null,null,null,null,null,null,null,"N/A","N/A","N/A","N/A","N/A","N/A","N/A","N/A","N/A","N/A","N/A","N/A","N/A","N/A","N/A","N/A","N/A","N/A","N/A","N/A","N/A","N/A","N/A","N/A","N/A","N/A","N/A","N/A","N/A","N/A","N/A","N/A","N/A","N/A","N/A","N/A","N/A","N/A","N/A","N/A","N/A","N/A","N/A","N/A","N/A","N/A","N/A","N/A","N/A","N/A","N/A","N/A","N/A","N/A","N/A","N/A","N/A","N/A","N/A","N/A","N/A","N/A","N/A","N/A","N/A","N/A","N/A","N/A","N/A","N/A","N/A","N/A","N/A","N/A","N/A","N/A","N/A","N/A","N/A","N/A"]
[null,"Framework - Building Energy Management Systems",null,null,null,null,null,null,null,null,null,null,null,null,null,null,null,null,null,null,null,null,null,null,null,null,null,null,null,null,null,null,null,null,null,null,null,null,null,null,null,null,null,null,null,null,null,null,null,null,null,null,null,null,null,null,null,null,null,null,null,null,null,null,null,null,null,null,null,null,null,null,null,null,null,null,null,null,null,null,null,null,null,null,null,null,null,null,null,null,null,null,null,null,null,null,null,null,null,null,null,null,null,null,null,null,null,null,null,null,null,"N/A","N/A","N/A","N/A","N/A","N/A","N/A","N/A","N/A","N/A","N/A","N/A","N/A","N/A","N/A","N/A","N/A","N/A","N/A","N/A","N/A","N/A","N/A","N/A","N/A","N/A","N/A","N/A","N/A","N/A","N/A","N/A","N/A","N/A","N/A","N/A","N/A","N/A","N/A","N/A","N/A","N/A","N/A","N/A","N/A","N/A","N/A","N/A","N/A","N/A","N/A","N/A","N/A","N/A","N/A","N/A","N/A","N/A","N/A","N/A","N/A","N/A","N/A","N/A","N/A","N/A","N/A","N/A","N/A","N/A","N/A","N/A","N/A","N/A","N/A","N/A","N/A","N/A","N/A","N/A"]
[null,"Framework - Building Products Occupations",null,10,30,"-",40,460,580,"-",1040,470,610,"-",1090,40,150,"-",190,"-","-","-","-",40,150,"-",190,40,120,"-",160,"-","-","-",10,40,120,"-",160,30,120,"-",150,"-","-","-","-",30,120,"-",150,90,400,"-",490,"-",10,"-",10,90,410,"-",500,60,240,80,390,"-","-","-","-",60,240,80,390,160,380,230,760,"-","-","-","-",160,380,230,760,110,440,250,800,"-","-","-","-",110,440,250,800,80,380,350,810,"-","-","-","-",80,380,350,810,"N/A","N/A","N/A","N/A","N/A","N/A","N/A","N/A","N/A","N/A","N/A","N/A","N/A","N/A","N/A","N/A","N/A","N/A","N/A","N/A","N/A","N/A","N/A","N/A","N/A","N/A","N/A","N/A","N/A","N/A","N/A","N/A","N/A","N/A","N/A","N/A","N/A","N/A","N/A","N/A","N/A","N/A","N/A","N/A","N/A","N/A","N/A","N/A","N/A","N/A","N/A","N/A","N/A","N/A","N/A","N/A","N/A","N/A","N/A","N/A","N/A","N/A","N/A","N/A","N/A","N/A","N/A","N/A","N/A","N/A","N/A","N/A","N/A","N/A","N/A","N/A","N/A","N/A","N/A","N/A"]
[null,"Framework - Building Services Engineering Technicians",null,60,40,"-",100,"-",20,"-",20,60,60,"-",110,40,30,"-",70,"-",10,"-",10,40,40,"-",80,30,20,"-",50,"-",10,"-",10,30,20,"-",60,30,20,"-",50,"-",10,"-",10,30,40,"-",60,20,10,"-",30,"-",10,"-",10,20,20,"-",40,"-","-","-","-","-","-","-","-","-","-","-","-","-","-","-","-","-","-","-","-","-","-","-","-","-","-","-","-","-","-","-","-","-","-","-","-","-","-","-","-","-","-","-","-","-","-","-","-","-","-","-","-",20,10,"-",40,"-","-","-","-",20,10,"-",40,"-","-","-","-",20,10,"-",30,"-","-","-","-",20,10,"-",30,"-","-","-","-",20,20,"-",40,"-","-","-","-",20,20,"-",40,"-","-","-","-",20,20,"-",50,"-","-","-","-",20,20,"-",50,"-","-","-","-",30,20,"-",60,"-","-","-","-",30,20,"-",60]
[null,"Framework - Business Administration",null,"-","-","-","-","-","-","-","-","-","-","-","-",10,"-","-",20,"-","-","-","-",10,"-","-",20,30,10,"-",40,"-","-","-","-",30,10,"-",40,60,20,"-",70,"-","-","-","-",60,20,"-",70,60,20,"-",80,"-",10,"-",10,60,30,"-",90,100,30,20,140,"-",10,"-",10,100,40,20,150,140,170,30,330,10,10,"-",20,150,180,30,360,350,370,100,820,10,30,10,50,360,400,110,870,330,410,170,900,20,100,100,210,340,500,260,1110,7140,4450,3680,15280,1510,2960,4090,8550,"-","-","-","-",8650,7410,7780,23830,6150,4770,3360,14280,1510,3040,4690,9240,10,10,20,40,7680,7820,8060,23550,7820,6490,2620,16940,1880,4130,4390,10400,10,30,90,130,9710,10650,7100,27460,8830,7180,2590,18600,2230,4660,2980,9860,20,80,160,270,11070,11920,5730,28720,8970,6880,2900,18750,2230,4480,3000,9710,40,190,190,420,11240,11550,6090,28870]
[null,"Framework - Business Innovation and Growth",null,null,null,null,null,null,null,null,null,null,null,null,null,null,null,null,null,null,null,null,null,null,null,null,null,null,null,null,null,null,null,null,null,null,null,null,null,null,null,null,null,null,null,null,null,null,null,null,null,null,null,null,null,null,null,null,null,null,null,null,null,null,null,null,null,null,null,null,null,null,null,null,null,null,null,null,null,null,null,null,null,null,null,null,null,null,null,null,null,null,null,null,null,null,null,null,null,null,null,null,null,null,null,null,null,null,null,null,null,"N/A","N/A","N/A","N/A","N/A","N/A","N/A","N/A","N/A","N/A","N/A","N/A","N/A","N/A","N/A","N/A","N/A","N/A","N/A","N/A","N/A","N/A","N/A","N/A","N/A","N/A","N/A","N/A","N/A","N/A","N/A","N/A","N/A","N/A","N/A","N/A","N/A","N/A","N/A","N/A","N/A","N/A","N/A","N/A","N/A","N/A","N/A","N/A","N/A","N/A","N/A","N/A","N/A","N/A","N/A","N/A","N/A","N/A","N/A","N/A","N/A","N/A","N/A","N/A","-","-","-","-","-","-","-","-","-","-","-","-","-","-","-","-"]
[null,"Framework - Cabin Crew",null,30,"-","-",30,100,30,"-",130,130,30,"-",160,40,20,"-",60,140,50,"-",190,180,70,"-",250,190,40,"-",230,170,70,"-",240,370,110,"-",470,320,50,"-",370,170,70,"-",230,480,120,"-",600,540,50,"-",580,150,70,"-",220,690,120,"-",810,500,50,10,550,220,60,10,290,720,110,20,840,790,80,30,890,250,90,20,350,1030,160,40,1240,1140,220,20,1380,450,170,10,630,1590,390,30,2010,630,280,180,1090,350,210,100,660,980,500,280,1750,20,70,20,100,"-","-","-","-","-","-","-","-",20,70,20,100,40,170,40,240,"-","-","-","-","-","-","-","-",40,170,40,240,10,50,"-",60,"-","-","-","-","-","-","-","-",10,50,"-",60,"N/A","N/A","N/A","N/A","N/A","N/A","N/A","N/A","N/A","N/A","N/A","N/A","N/A","N/A","N/A","N/A","N/A","N/A","N/A","N/A","N/A","N/A","N/A","N/A","N/A","N/A","N/A","N/A","N/A","N/A","N/A","N/A"]
[null,"Framework - Care Leadership and Management",null,"-","-","-","-","-","-","-","-","-","-","-","-","-","-","-","-","-","-","-","-","-","-","-","-","-","-","-","-","-","-","-","-","-","-","-","-","-","-","-","-","-","-","-","-","-","-","-","-","-","-","-","-","-","-","-","-","-","-","-","-","-","-","-","-","-","-","-","-","-","-","-","-","-","-","-","-","-","-","-","-","-","-","-","-","-","-","-","-","-","-","-","-","-","-","-","-","-","-","-","-","-","-","-","-","-","-","-","-","N/A","N/A","N/A","N/A","N/A","N/A","N/A","N/A","N/A","N/A","N/A","N/A","N/A","N/A","N/A","N/A","N/A","N/A","N/A","N/A","N/A","N/A","N/A","N/A","N/A","N/A","N/A","N/A","N/A","N/A","N/A","N/A","-","-","-","-","-","-","-","-","-",40,280,320,"-",40,280,320,"-","-","-","-","-","-","-","-","-",90,1170,1270,"-",90,1170,1270,"-","-","-","-","-","-","-","-","-",160,2740,2900,"-",160,2740,2900]
[null,"Framework - Carry and Deliver Goods",null,"-","-","-","-","-","-","-","-","-","-","-","-","-","-","-","-","-","-","-","-","-","-","-","-","-","-","-","-","-","-","-","-","-","-","-","-","-","-","-","-","-","-","-","-","-","-","-","-","-","-","-","-","-","-","-","-","-","-","-","-","-","-","-","-","-","-","-","-","-","-","-","-","-","-","-","-","-","-","-","-","-","-","-","-","-","-","-","-","-","-","-","-","-","-","-","-","-","-","-","-","-","-","-","-","-","-","-","-",50,90,130,270,"-","-","-","-","-","-","-","-",50,90,130,270,"-","-","-",10,"-","-","-","-","-","-","-","-","-","-","-",10,"N/A","N/A","N/A","N/A","N/A","N/A","N/A","N/A","N/A","N/A","N/A","N/A","N/A","N/A","N/A","N/A","N/A","N/A","N/A","N/A","N/A","N/A","N/A","N/A","N/A","N/A","N/A","N/A","N/A","N/A","N/A","N/A","N/A","N/A","N/A","N/A","N/A","N/A","N/A","N/A","N/A","N/A","N/A","N/A","N/A","N/A","N/A","N/A"]
[null,"Framework - Ceramics Manufacturing",null,"-","-","-","-","-","-","-","-","-","-","-","-","-","-","-","-","-","-","-","-","-","-","-","-","-","-","-","-","-","-","-","-","-","-","-","-","-","-","-","-","-","-","-","-","-","-","-","-","-","-","-","-","-","-","-","-","-","-","-","-","-","-","-","-","-","-","-","-","-","-","-","-","-","-","-","-","-","-","-","-","-","-","-","-","-","-","-","-","-","-","-","-","-","-","-","-","-","-","-","-","-","-","-","-","-","-","-","-","-","-","-",10,"-","-","-","-","-","-","-","-","-","-","-",10,"-",20,40,60,"-","-","-","-","-","-","-","-","-",20,40,60,10,10,40,60,"-","-","-","-","-","-","-","-",10,10,40,60,"-","-","-",10,"-","-","-","-","-","-","-","-","-","-","-",10,10,10,"-",20,"-","-","-","-","-","-","-","-",10,10,"-",20]
[null,"Framework - Children's Care Learning and Development",null,"-","-","-","-","-","-","-","-","-","-","-","-","-","-","-","-","-","-","-","-","-","-","-","-","-","-","-","-","-","-","-","-","-","-","-","-","-","-","-","-","-","-","-","-","-","-","-","-","-","-","-","-","-","-","-","-","-","-","-","-","-","-","-","-","-","-","-","-","-","-","-","-","-","-","-","-","-","-","-","-","-","-","-","-","-","-","-","-","-","-","-","-","-","-","-","-","-","-","-","-","-","-","-","-","-","-","-","-",3860,1680,830,6370,2370,3870,3040,9280,"-","-","-","-",6230,5550,3870,15650,2760,1360,780,4900,2290,3800,3530,9610,"-","-","-","-",5050,5160,4300,14510,2990,1500,680,5170,2170,3740,3380,9290,"-","-","-","-",5160,5240,4070,14460,3010,1490,820,5320,2360,3830,3000,9200,"-","-","-","-",5370,5330,3820,14520,3280,1780,1370,6430,1880,2800,2410,7080,"-","-","-","-",5160,4570,3770,13510]
[null,"Framework - Cleaning and Support Service Industry",null,"-","-","-","-","-","-","-","-","-","-","-","-","-","-","-","-","-","-","-","-","-","-","-","-","-","-","-","-","-","-","-","-","-","-","-","-","-","-","-","-","-","-","-","-","-","-","-","-","-","-","-","-","-","-","-","-","-","-","-","-","-","-","-","-","-","-","-","-","-","-","-","-","-","-","-","-","-","-","-","-","-","-","-","-","-","-","-","-","-","-","-","-","-","-","-","-","-","-","-","-","-","-","-","-","-","-","-","-",370,360,1130,1860,"-","-","-","-","-","-","-","-",370,360,1130,1860,200,480,1070,1750,"-","-","-","-","-","-","-","-",200,480,1070,1750,90,290,1030,1420,"-","-",20,20,"-","-","-","-",90,290,1050,1430,70,250,870,1190,"-","-",40,50,"-","-","-","-",70,250,920,1230,90,280,1470,1840,"-","-",50,50,"-","-","-","-",90,280,1520,1890]
[null,"Framework - Coatings Development Plan",null,"-","-","-","-","-","-","-","-","-","-","-","-","-","-","-","-","-","-","-","-","-","-","-","-","-","-","-","-","-","-","-","-","-","-","-","-","-","-","-","-","-","-","-","-","-","-","-","-","-","-","-","-","-","-","-","-","-","-","-","-","-","-","-","-","-","-","-","-","-","-","-","-","-","-","-","-","-","-","-","-","-","-","-","-","-","-","-","-","-","-","-","-","-","-","-","-","-","-","-","-","-","-","-","-","-","-","-","-","N/A","N/A","N/A","N/A","N/A","N/A","N/A","N/A","N/A","N/A","N/A","N/A","N/A","N/A","N/A","N/A","N/A","N/A","N/A","N/A","N/A","N/A","N/A","N/A","N/A","N/A","N/A","N/A","N/A","N/A","N/A","N/A","N/A","N/A","N/A","N/A","N/A","N/A","N/A","N/A","N/A","N/A","N/A","N/A","N/A","N/A","N/A","N/A","N/A","N/A","N/A","N/A","N/A","N/A","N/A","N/A","N/A","N/A","N/A","N/A","N/A","N/A","N/A","N/A","-","-","-","-","-","-","-",10,"-","-","-","-","-","-","-",10]
[null,"Framework - Coca Cola",null,"-","-","-","-",60,10,"-",60,60,10,"-",70,"-","-","-","-",60,20,"-",80,60,20,"-",90,"-","-","-","-",50,10,"-",50,50,10,"-",60,"-","-","-","-",40,20,"-",60,50,20,"-",60,10,"-","-",10,30,10,"-",40,40,10,"-",50,"-","-","-","-",40,"-","-",50,40,"-","-",50,"-","-","-","-",50,60,10,110,50,60,10,110,"-","-","-","-",20,10,"-",40,20,10,"-",40,"-","-","-","-",30,10,"-",40,30,10,"-",40,"N/A","N/A","N/A","N/A","N/A","N/A","N/A","N/A","N/A","N/A","N/A","N/A","N/A","N/A","N/A","N/A","N/A","N/A","N/A","N/A","N/A","N/A","N/A","N/A","N/A","N/A","N/A","N/A","N/A","N/A","N/A","N/A","N/A","N/A","N/A","N/A","N/A","N/A","N/A","N/A","N/A","N/A","N/A","N/A","N/A","N/A","N/A","N/A","N/A","N/A","N/A","N/A","N/A","N/A","N/A","N/A","N/A","N/A","N/A","N/A","N/A","N/A","N/A","N/A","N/A","N/A","N/A","N/A","N/A","N/A","N/A","N/A","N/A","N/A","N/A","N/A","N/A","N/A","N/A","N/A"]
[null,"Framework - Commercial Moving",null,null,null,null,null,null,null,null,null,null,null,null,null,null,null,null,null,null,null,null,null,null,null,null,null,null,null,null,null,null,null,null,null,null,null,null,null,null,null,null,null,null,null,null,null,null,null,null,null,null,null,null,null,null,null,null,null,null,null,null,null,null,null,null,null,null,null,null,null,null,null,null,null,null,null,null,null,null,null,null,null,null,null,null,null,null,null,null,null,null,null,null,null,null,null,null,null,null,null,null,null,null,null,null,null,null,null,null,null,"N/A","N/A","N/A","N/A","N/A","N/A","N/A","N/A","N/A","N/A","N/A","N/A","N/A","N/A","N/A","N/A","N/A","N/A","N/A","N/A","N/A","N/A","N/A","N/A","N/A","N/A","N/A","N/A","N/A","N/A","N/A","N/A","N/A","N/A","N/A","N/A","N/A","N/A","N/A","N/A","N/A","N/A","N/A","N/A","N/A","N/A","N/A","N/A","N/A","N/A","N/A","N/A","N/A","N/A","N/A","N/A","N/A","N/A","N/A","N/A","N/A","N/A","N/A","N/A","N/A","N/A","N/A","N/A","N/A","N/A","N/A","N/A","N/A","N/A","N/A","N/A","N/A","N/A","N/A","N/A"]
[null,"Framework - Communications Technologies (Telecoms)",null,10910,3650,"-",14560,1030,1890,"-",2920,11940,5540,"-",17470,10640,4110,"-",14750,1130,2260,"-",3390,11770,6370,"-",18140,9480,3650,10,13140,1150,1910,"-",3070,10630,5560,20,16210,8500,3300,"-",11800,1150,2130,"-",3290,9650,5430,10,15090,8100,3330,10,11440,1470,2590,10,4070,9570,5920,20,15520,7520,3990,1270,12780,1410,2550,1370,5320,8930,6530,2640,18100,7010,3940,3140,14080,1290,2530,2900,6720,8300,6460,6030,20800,9850,5770,3040,18670,1780,3530,3050,8360,11630,9300,6090,27020,11610,7050,6160,24820,2220,4500,7360,14080,13830,11550,13520,38900,"N/A","N/A","N/A","N/A","N/A","N/A","N/A","N/A","N/A","N/A","N/A","N/A","N/A","N/A","N/A","N/A","N/A","N/A","N/A","N/A","N/A","N/A","N/A","N/A","N/A","N/A","N/A","N/A","N/A","N/A","N/A","N/A","N/A","N/A","N/A","N/A","N/A","N/A","N/A","N/A","N/A","N/A","N/A","N/A","N/A","N/A","N/A","N/A","N/A","N/A","N/A","N/A","N/A","N/A","N/A","N/A","N/A","N/A","N/A","N/A","N/A","N/A","N/A","N/A","N/A","N/A","N/A","N/A","N/A","N/A","N/A","N/A","N/A","N/A","N/A","N/A","N/A","N/A","N/A","N/A"]
[null,"Framework - Community Development",null,"-","-","-","-","-","-","-","-","-","-","-","-","-","-","-","-","-","-","-","-","-","-","-","-","-","-","-","-","-","-","-","-","-","-","-","-","-","-","-","-","-","-","-","-","-","-","-","-","-","-","-","-","-","-","-","-","-","-","-","-","-","-","-","-","-","-","-","-","-","-","-","-","-","-","-","-","-","-","-","-","-","-","-","-","-","-","-","-","-","-","-","-","-","-","-","-","-","-","-","-","-","-","-","-","-","-","-","-",10,10,"-",20,"-","-","-","-","-","-","-","-",10,10,"-",20,"N/A","N/A","N/A","N/A","N/A","N/A","N/A","N/A","N/A","N/A","N/A","N/A","N/A","N/A","N/A","N/A","N/A","N/A","N/A","N/A","N/A","N/A","N/A","N/A","N/A","N/A","N/A","N/A","N/A","N/A","N/A","N/A","N/A","N/A","N/A","N/A","N/A","N/A","N/A","N/A","N/A","N/A","N/A","N/A","N/A","N/A","N/A","N/A","N/A","N/A","N/A","N/A","N/A","N/A","N/A","N/A","N/A","N/A","N/A","N/A","N/A","N/A","N/A","N/A"]
[null,"Framework - Community Justice",null,"-","-","-","-","-","-","-","-","-","-","-","-","-","-","-","-","-","-","-","-","-","-","-","-","-","-","-","-","-","-","-","-","-","-","-","-","-","-","-","-","-","-","-","-","-","-","-","-","-","-","-","-","-","-","-","-","-","-","-","-","-","-","-","-","-","-","-","-","-","-","-","-","-","-","-","-","-","-","-","-","-","-","-","-",50,"-","-",50,"-","-","-","-",50,"-","-",50,80,160,40,280,"-","-","-","-",80,160,40,280,"N/A","N/A","N/A","N/A","N/A","N/A","N/A","N/A","N/A","N/A","N/A","N/A","N/A","N/A","N/A","N/A","N/A","N/A","N/A","N/A","N/A","N/A","N/A","N/A","N/A","N/A","N/A","N/A","N/A","N/A","N/A","N/A","N/A","N/A","N/A","N/A","N/A","N/A","N/A","N/A","N/A","N/A","N/A","N/A","N/A","N/A","N/A","N/A","N/A","N/A","N/A","N/A","N/A","N/A","N/A","N/A","N/A","N/A","N/A","N/A","N/A","N/A","N/A","N/A","N/A","N/A","N/A","N/A","N/A","N/A","N/A","N/A","N/A","N/A","N/A","N/A","N/A","N/A","N/A","N/A"]
[null,"Framework - Community Safety",null,null,null,null,null,null,null,null,null,null,null,null,null,null,null,null,null,null,null,null,null,null,null,null,null,null,null,null,null,null,null,null,null,null,null,null,null,null,null,null,null,null,null,null,null,null,null,null,null,null,null,null,null,null,null,null,null,null,null,null,null,null,null,null,null,null,null,null,null,null,null,null,null,null,null,null,null,null,null,null,null,null,null,null,null,null,null,null,null,null,null,null,null,null,null,null,null,null,null,null,null,null,null,null,null,null,null,null,null,"N/A","N/A","N/A","N/A","N/A","N/A","N/A","N/A","N/A","N/A","N/A","N/A","N/A","N/A","N/A","N/A","N/A","N/A","N/A","N/A","N/A","N/A","N/A","N/A","N/A","N/A","N/A","N/A","N/A","N/A","N/A","N/A","N/A","N/A","N/A","N/A","N/A","N/A","N/A","N/A","N/A","N/A","N/A","N/A","N/A","N/A","N/A","N/A","-","-","-",10,"-","-","-","-","-","-","-","-","-","-","-",10,10,10,"-",20,"-","-","-","-","-","-","-","-",10,10,"-",20]
[null,"Framework - Composite Engineering",null,null,null,null,null,null,null,null,null,null,null,null,null,null,null,null,null,null,null,null,null,null,null,null,null,null,null,null,null,null,null,null,null,null,null,null,null,null,null,null,null,null,null,null,null,null,null,null,null,null,null,null,null,null,null,null,null,null,null,null,null,null,null,null,null,null,null,null,null,null,null,null,null,null,null,null,null,null,null,null,null,null,null,null,null,null,null,null,null,null,null,null,null,null,null,null,null,null,null,null,null,null,null,null,null,null,null,null,null,"N/A","N/A","N/A","N/A","N/A","N/A","N/A","N/A","N/A","N/A","N/A","N/A","N/A","N/A","N/A","N/A","N/A","N/A","N/A","N/A","N/A","N/A","N/A","N/A","N/A","N/A","N/A","N/A","N/A","N/A","N/A","N/A","N/A","N/A","N/A","N/A","N/A","N/A","N/A","N/A","N/A","N/A","N/A","N/A","N/A","N/A","N/A","N/A","-",20,10,30,"-","-","-","-","-","-","-","-","-",20,10,30,"-","-","-","-","-","-","-","-","-","-","-","-","-","-","-","-"]
[null,"Framework - Construction Management",null,null,null,null,null,null,null,null,null,null,null,null,null,null,null,null,null,null,null,null,null,null,null,null,null,null,null,null,null,null,null,null,null,null,null,null,null,null,null,null,null,null,null,null,null,null,null,null,null,null,null,null,null,null,null,null,null,null,null,null,null,null,null,null,null,null,null,null,null,null,null,null,null,null,null,null,null,null,null,null,null,null,null,null,null,null,null,null,null,null,null,null,null,null,null,null,null,null,null,null,null,null,null,null,null,null,null,null,null,"N/A","N/A","N/A","N/A","N/A","N/A","N/A","N/A","N/A","N/A","N/A","N/A","N/A","N/A","N/A","N/A","N/A","N/A","N/A","N/A","N/A","N/A","N/A","N/A","N/A","N/A","N/A","N/A","N/A","N/A","N/A","N/A","N/A","N/A","N/A","N/A","N/A","N/A","N/A","N/A","N/A","N/A","N/A","N/A","N/A","N/A","N/A","N/A","N/A","N/A","N/A","N/A","N/A","N/A","N/A","N/A","N/A","N/A","N/A","N/A","N/A","N/A","N/A","N/A","-","-","-","-","-","-","-","-","-",20,10,30,"-",20,10,30]
[null,"Framework - Construction Diploma",null,null,null,null,null,null,null,null,null,null,null,null,null,null,null,null,null,null,null,null,null,null,null,null,null,null,null,null,null,null,null,null,null,null,null,null,null,null,null,null,null,null,null,null,null,null,null,null,null,null,null,null,null,null,null,null,null,null,null,null,null,null,null,null,null,null,null,null,null,null,null,null,null,null,null,null,null,null,null,null,null,null,null,null,null,null,null,null,null,null,null,null,null,null,null,null,null,null,null,null,null,null,null,null,null,null,null,null,null,"N/A","N/A","N/A","N/A","N/A","N/A","N/A","N/A","N/A","N/A","N/A","N/A","N/A","N/A","N/A","N/A","N/A","N/A","N/A","N/A","N/A","N/A","N/A","N/A","N/A","N/A","N/A","N/A","N/A","N/A","N/A","N/A","N/A","N/A","N/A","N/A","N/A","N/A","N/A","N/A","N/A","N/A","N/A","N/A","N/A","N/A","N/A","N/A","N/A","N/A","N/A","N/A","N/A","N/A","N/A","N/A","N/A","N/A","N/A","N/A","N/A","N/A","N/A","N/A","N/A","N/A","N/A","N/A","N/A","N/A","N/A","N/A","N/A","N/A","N/A","N/A","N/A","N/A","N/A","N/A"]
[null,"Framework - Construction Skills",null,"-","-","-","-","-","-","-","-","-","-","-","-","-","-","-","-","-","-","-","-","-","-","-","-","-","-","-","-","-","-","-","-","-","-","-","-","-","-","-","-","-","-","-","-","-","-","-","-","-","-","-","-","-","-","-","-","-","-","-","-","-","-","-","-","-","-","-","-","-","-","-","-","-","-","-","-","-","-","-","-","-","-","-","-","-","-","-","-","-","-","-","-","-","-","-","-","-","-","-","-","-","-","-","-","-","-","-","-",4090,1550,570,6210,970,1270,170,2420,"-","-","-","-",5060,2820,740,8630,3630,1460,440,5520,700,920,140,1750,"-","-","-","-",4320,2370,590,7280,3680,1700,520,5900,700,980,150,1830,"-",10,10,10,4380,2690,670,7740,4010,1850,520,6380,780,1050,140,1970,"-",10,"-",10,4790,2910,670,8360,4430,2150,580,7150,840,1210,180,2230,"-",10,"-",20,5270,3360,760,9400]
[null,"Framework - Contact Centres",null,380,440,"-",820,140,110,"-",250,520,550,"-",1070,10,10,"-",30,"-",30,"-",30,10,40,"-",50,10,10,"-",10,"-","-","-","-",10,10,"-",10,20,10,"-",30,"-","-","-","-",20,10,"-",30,10,110,"-",120,"-","-","-","-",10,110,"-",120,130,330,70,530,"-","-","-","-",130,330,70,530,290,430,200,930,"-","-","-","-",290,430,200,930,340,460,280,1080,"-","-","-","-",340,460,280,1080,250,270,230,740,"-","-","-","-",250,270,230,740,80,280,210,570,"-",10,30,40,"-",10,"-",10,80,300,240,620,60,140,130,330,"-",30,80,110,"-",10,"-",10,60,180,210,450,80,170,140,390,"-",70,140,210,"-","-","-","-",80,240,280,600,130,210,80,420,10,20,40,60,"-","-","-","-",140,230,120,480,90,120,90,290,"-",20,30,40,"-","-","-","-",90,140,110,340]
[null,"Framework - Court, Tribunal and Prosecution Operations",null,30,"-","-",30,"-","-","-","-",30,10,"-",30,20,"-","-",20,"-","-","-","-",20,"-","-",30,20,10,"-",30,"-",10,"-",10,20,10,"-",40,"-","-","-","-","-","-","-","-","-","-","-","-","-","-","-","-","-","-","-","-","-","-","-","-","-","-","-","-","-","-","-","-","-","-","-","-","-","-","-","-","-","-","-","-","-","-","-","-",10,10,"-",10,"-","-","-","-",10,10,"-",10,10,"-","-",10,"-","-","-","-",10,"-","-",10,"N/A","N/A","N/A","N/A","N/A","N/A","N/A","N/A","N/A","N/A","N/A","N/A","N/A","N/A","N/A","N/A","-","-",10,10,"-","-","-","-","-","-","-","-","-","-",10,10,"-","-",10,20,"-","-",10,10,"-","-","-","-","-","-",30,30,"-","-",20,20,"-","-",20,20,"-","-","-","-","-","-",40,40,"-","-",10,10,"-","-",20,20,"-","-","-","-","-","-",20,20]
[null,"Framework - Creative",null,4200,1100,"-",5300,1270,2070,"-",3340,5470,3170,"-",8640,5860,1750,"-",7610,1540,2660,"-",4200,7400,4410,"-",11810,6960,1650,"-",8610,1800,2740,40,4570,8760,4390,40,13180,6260,1460,"-",7720,1840,2750,20,4610,8090,4210,30,12330,6440,1500,"-",7940,2060,3200,10,5270,8500,4700,10,13210,6670,1690,370,8730,2060,3490,970,6530,8730,5190,1340,15260,7470,1870,680,10020,2510,3100,1620,7230,9980,4970,2300,17250,8770,2140,370,11280,3060,4540,1230,8830,11820,6680,1610,20110,6830,2680,1490,10990,3770,6450,6200,16420,10600,9130,7680,27410,80,80,"-",160,30,30,"-",60,"-","-","-","-",110,110,"-",220,30,40,"-",70,60,40,"-",100,"-","-","-","-",90,70,10,170,30,50,"-",80,30,30,"-",60,"-","-","-","-",60,70,10,130,50,70,"-",110,60,40,"-",100,"-","-","-","-",110,100,"-",210,60,80,"-",140,50,60,"-",100,"-","-","-","-",110,130,"-",240]
[null,"Framework - Creative and Digital Media",null,null,null,null,null,null,null,null,null,null,null,null,null,null,null,null,null,null,null,null,null,null,null,null,null,null,null,null,null,null,null,null,null,null,null,null,null,null,null,null,null,null,null,null,null,null,null,null,null,null,null,null,null,null,null,null,null,null,null,null,null,null,null,null,null,null,null,null,null,null,null,null,null,null,null,null,null,null,null,null,null,null,null,null,null,null,null,null,null,null,null,null,null,null,null,null,null,null,null,null,null,null,null,null,null,null,null,null,null,"-","-","-","-",80,30,"-",110,"-","-","-","-",80,30,"-",110,"-","-","-","-",90,80,"-",170,"-","-","-","-",90,80,"-",170,"-","-","-","-",180,90,"-",270,"-","-","-","-",180,90,"-",270,"-","-","-","-",160,150,20,330,"-","-","-","-",160,150,20,330,"-","-","-","-",170,160,10,330,"-",10,"-",10,170,160,10,340]
[null,"Framework - Creative Craft Practitioner",null,null,null,null,null,null,null,null,null,null,null,null,null,null,null,null,null,null,null,null,null,null,null,null,null,null,null,null,null,null,null,null,null,null,null,null,null,null,null,null,null,null,null,null,null,null,null,null,null,null,null,null,null,null,null,null,null,null,null,null,null,null,null,null,null,null,null,null,null,null,null,null,null,null,null,null,null,null,null,null,null,null,null,null,null,null,null,null,null,null,null,null,null,null,null,null,null,null,null,null,null,null,null,null,null,null,null,null,null,"N/A","N/A","N/A","N/A","N/A","N/A","N/A","N/A","N/A","N/A","N/A","N/A","N/A","N/A","N/A","N/A","N/A","N/A","N/A","N/A","N/A","N/A","N/A","N/A","N/A","N/A","N/A","N/A","N/A","N/A","N/A","N/A","N/A","N/A","N/A","N/A","N/A","N/A","N/A","N/A","N/A","N/A","N/A","N/A","N/A","N/A","N/A","N/A","N/A","N/A","N/A","N/A","N/A","N/A","N/A","N/A","N/A","N/A","N/A","N/A","N/A","N/A","N/A","N/A","N/A","N/A","N/A","N/A","N/A","N/A","N/A","N/A","N/A","N/A","N/A","N/A","N/A","N/A","N/A","N/A"]
[null,"Framework - Cultural Heritage",null,null,null,null,null,null,null,null,null,null,null,null,null,null,null,null,null,null,null,null,null,null,null,null,null,null,null,null,null,null,null,null,null,null,null,null,null,null,null,null,null,null,null,null,null,null,null,null,null,null,null,null,null,null,null,null,null,null,null,null,null,null,null,null,null,null,null,null,null,null,null,null,null,null,null,null,null,null,null,null,null,null,null,null,null,null,null,null,null,null,null,null,null,null,null,null,null,null,null,null,null,null,null,null,null,null,null,null,null,"N/A","N/A","N/A","N/A","N/A","N/A","N/A","N/A","N/A","N/A","N/A","N/A","N/A","N/A","N/A","N/A","N/A","N/A","N/A","N/A","N/A","N/A","N/A","N/A","N/A","N/A","N/A","N/A","N/A","N/A","N/A","N/A","N/A","N/A","N/A","N/A","N/A","N/A","N/A","N/A","N/A","N/A","N/A","N/A","N/A","N/A","N/A","N/A","N/A","N/A","N/A","N/A","N/A","N/A","N/A","N/A","N/A","N/A","N/A","N/A","N/A","N/A","N/A","N/A","N/A","N/A","N/A","N/A","N/A","N/A","N/A","N/A","N/A","N/A","N/A","N/A","N/A","N/A","N/A","N/A"]
[null,"Framework - Custodial Care",null,10,"-","-",10,"-","-","-","-",10,"-","-",10,"-","-","-","-","-","-","-","-","-","-","-","-",20,30,"-",60,"-","-","-","-",20,40,"-",60,10,10,"-",20,"-","-","-","-",10,20,"-",20,"-",10,"-",20,"-","-","-","-","-",10,"-",20,10,20,10,40,"-","-","-","-",10,20,10,40,20,30,110,160,"-","-","-","-",20,30,110,160,80,130,160,360,"-","-","-","-",80,130,160,360,570,710,1520,2800,"-","-","-","-",570,710,1520,2800,"N/A","N/A","N/A","N/A","N/A","N/A","N/A","N/A","N/A","N/A","N/A","N/A","N/A","N/A","N/A","N/A","-","-","-",10,"-",10,10,20,"-","-","-","-","-",10,20,30,"-","-","-","-","-",20,100,110,"-","-","-","-","-",20,100,110,"-","-","-","-","-",10,40,40,"-","-","-","-","-",10,40,40,"-","-","-","-","-","-",20,20,"-","-","-","-","-","-",20,20]
[null,"Framework - Customer Service",null,"-","-","-","-","-","-","-","-","-","-","-","-","-","-","-","-","-","-","-","-","-","-","-","-","-","-","-","-","-","-","-","-","-","-","-","-","-","-","-","-","-","-","-","-","-","-","-","-","-","-","-","-","-","-","-","-","-","-","-","-","-","-","-","-","-","-","-","-","-","-","-","-","-","-","-","-","-","-","-","-","-","-","-","-","-","-","-","-","-","-","-","-","-","-","-","-","-","-","-","-","-","-","-","-","-","-","-","-",5930,7950,10870,24760,670,2410,3540,6610,"-","-","-","-",6600,10360,14410,31370,2620,6180,9280,18080,350,2400,4200,6940,"-","-","-","-",2970,8580,13470,25020,2810,5570,7120,15490,400,2170,3530,6100,"-","-","-","-",3210,7740,10650,21600,2730,4760,5780,13280,330,1740,2320,4390,"-","-","-","-",3060,6500,8100,17670,2540,4130,5580,12250,290,1300,1640,3220,"-","-","-","-",2820,5430,7220,15470]
[null,"Framework - Dental Nursing",null,"-","-","-","-","-","-","-","-","-","-","-","-","-","-","-","-","-","-","-","-","-","-","-","-","-","-","-","-",10,50,"-",50,10,50,"-",50,"-","-","-","-","-","-","-","-","-","-","-","-","-","-","-","-","-","-","-","-","-","-","-","-","-","-","-","-","-","-","-","-","-","-","-","-","-","-","-","-","-","-","-","-","-","-","-","-","-","-","-","-","-","-","-","-","-","-","-","-","-","-","-","-","-","-","-","-","-","-","-","-","-","-","-","-",370,580,180,1130,"-","-","-","-",370,580,180,1130,"-","-","-","-",360,710,240,1310,"-","-","-","-",360,710,240,1310,"-","-","-","-",560,860,250,1670,"-","-","-","-",560,860,250,1670,"-","-","-","-",560,900,200,1660,"-","-","-","-",560,900,200,1660,"-","-","-","-",580,740,170,1480,"-","-","-","-",580,740,170,1480]
[null,"Framework - Design",null,"-","-","-","-","-","-","-","-","-","-","-","-","-","-","-","-","-","-","-","-","-","-","-","-","-","-","-","-","-","-","-","-","-","-","-","-","-","-","-","-","-","-","-","-","-","-","-","-","-","-","-","-","-","-","-","-","-","-","-","-","-","-","-","-","-","-","-","-","-","-","-","-","-","-","-","-","-","-","-","-","-","-","-","-","-","-","-","-","-","-","-","-","-","-","-","-","-","-","-","-","-","-","-","-","-","-","-","-","-","-","-",10,"-","-","-","-","-","-","-","-","-",10,"-",10,10,10,"-",10,20,10,"-",20,"-","-","-","-",30,10,"-",40,10,20,"-",30,40,30,"-",70,"-","-","-","-",60,50,"-",110,20,20,"-",40,50,50,"-",100,"-","-","-","-",70,70,"-",140,20,20,"-",40,50,70,"-",130,"-","-","-","-",70,90,"-",160]
[null,"Framework - Digital Learning Design",null,null,null,null,null,null,null,null,null,null,null,null,null,null,null,null,null,null,null,null,null,null,null,null,null,null,null,null,null,null,null,null,null,null,null,null,null,null,null,null,null,null,null,null,null,null,null,null,null,null,null,null,null,null,null,null,null,null,null,null,null,null,null,null,null,null,null,null,null,null,null,null,null,null,null,null,null,null,null,null,null,null,null,null,null,null,null,null,null,null,null,null,null,null,null,null,null,null,null,null,null,null,null,null,null,null,null,null,null,"N/A","N/A","N/A","N/A","N/A","N/A","N/A","N/A","N/A","N/A","N/A","N/A","N/A","N/A","N/A","N/A","N/A","N/A","N/A","N/A","N/A","N/A","N/A","N/A","N/A","N/A","N/A","N/A","N/A","N/A","N/A","N/A","N/A","N/A","N/A","N/A","N/A","N/A","N/A","N/A","N/A","N/A","N/A","N/A","N/A","N/A","N/A","N/A",200,570,1540,2300,"-",30,50,70,"-","-","-","-",200,600,1580,2380,"-","-","-","-",10,10,"-",20,"-","-","-","-",10,10,"-",20]
[null,"Framework - Driving Goods Vehicles",null,140,150,"-",300,520,480,"-",1000,660,640,"-",1290,220,230,"-",450,490,560,"-",1050,720,790,"-",1500,220,170,"-",390,340,270,"-",610,560,440,"-",1000,260,300,"-",560,680,1530,60,2280,950,1830,60,2840,300,560,10,870,310,390,"-",700,610,950,10,1570,190,350,20,560,280,400,40,720,470,760,60,1290,10,80,20,100,"-",90,20,110,10,170,30,210,"-",30,10,40,10,130,10,140,10,150,20,180,"-","-","-","-","-","-","-","-","-","-","-","-","N/A","N/A","N/A","N/A","N/A","N/A","N/A","N/A","N/A","N/A","N/A","N/A","N/A","N/A","N/A","N/A","N/A","N/A","N/A","N/A","N/A","N/A","N/A","N/A","N/A","N/A","N/A","N/A","N/A","N/A","N/A","N/A","N/A","N/A","N/A","N/A","N/A","N/A","N/A","N/A","N/A","N/A","N/A","N/A","N/A","N/A","N/A","N/A","N/A","N/A","N/A","N/A","N/A","N/A","N/A","N/A","N/A","N/A","N/A","N/A","N/A","N/A","N/A","N/A",140,920,1740,2800,"-",30,30,60,"-","-","-","-",140,950,1770,2860]
[null,"Framework - Electrical and Electronic Servicing",null,"-","-","-","-","-","-","-","-","-","-","-","-","-","-","-","-","-","-","-","-","-","-","-","-","-","-","-","-","-","-","-","-","-","-","-","-","-","-","-","-","-","-","-","-","-","-","-","-","-","-","-","-","-","-","-","-","-","-","-","-","-","-","-","-","-","-","-","-","-","-","-","-","-","-","-","-","-","-","-","-","-","-","-","-","-","-","-","-","-","-","-","-","-","-","-","-",10,10,10,30,"-","-",10,10,10,10,10,30,10,40,20,60,"-","-","-","-","-","-","-","-",10,40,20,60,"-","-","-",10,"-","-","-","-","-","-","-","-","-","-","-",10,10,20,10,30,"-","-","-","-","-","-","-","-",10,20,10,30,"-","-","-",10,"-","-","-","-","-","-","-","-","-","-","-",10,"-",10,"-",10,"-","-","-","-","-","-","-","-","-",10,"-",10]
[null,"Framework - Electrotechnical",null,"-","-","-","-",10,10,"-",10,10,10,"-",10,"-","-","-","-","-",50,"-",50,"-",50,"-",50,"-","-","-","-","-",30,"-",30,"-",30,"-",30,"-","-","-","-",10,30,"-",40,10,30,"-",40,"-","-","-","-","-",10,"-",10,"-",10,"-",10,"-","-","-","-","-","-","-","-","-","-","-","-","-","-","-","-","-","-","-",10,"-","-","-",10,"-","-","-","-","-","-","-","-","-","-","-","-","-","-","-","-","-","-","-","-","-","-","-","-","-","-","-","-",2000,1130,330,3460,"-","-","-","-",2000,1130,330,3460,"-","-","-","-",1650,940,290,2880,"-","-","-","-",1650,940,290,2880,"-","-","-","-",1300,750,170,2210,"-","-","-","-",1300,750,170,2210,"-","-","-","-",1210,750,190,2160,"-","-","-","-",1210,750,190,2160,"-","-","-","-",1450,880,190,2520,"-","-","-","-",1450,880,190,2520]
[null,"Framework - Emergency Fire Service Operations",null,"-","-","-","-","-","-","-","-","-","-","-","-","-","-","-","-","-","-","-","-","-","-","-","-","-","-","-","-","-","-","-","-","-","-","-","-","-","-","-","-","-","-","-","-","-","-","-","-","-","-","-","-","-","-","-","-","-","-","-","-","-","-","-","-","-","-","-","-","-","-","-","-","-","-","-","-","-","-","-","-","-","-","-","-","-","-","-","-","-","-","-","-","-","-","-","-","-","-","-","-","-","-","-","-","-","-","-","-","-","-","-","-","-",10,20,30,"-","-","-","-","-",10,20,30,"-","-","-","-","-",10,20,30,"-","-","-","-","-",10,20,30,"N/A","N/A","N/A","N/A","N/A","N/A","N/A","N/A","N/A","N/A","N/A","N/A","N/A","N/A","N/A","N/A","-","-","-","-","-",10,10,20,"-","-","-","-","-",10,10,20,"-","-","-","-","-","-","-","-","-","-","-","-","-","-","-","-"]
[null,"Framework - Employer Defined Programme",null,null,null,null,null,null,null,null,null,null,null,null,null,null,null,null,null,null,null,null,null,null,null,null,null,null,null,null,null,null,null,null,null,null,null,null,null,null,null,null,null,null,null,null,null,null,null,null,null,null,null,null,null,null,null,null,null,null,null,null,null,null,null,null,null,null,null,null,null,null,null,null,null,null,null,null,null,null,null,null,null,null,null,null,null,null,null,null,null,null,null,null,null,null,null,null,null,null,null,null,null,null,null,null,null,null,null,null,null,"N/A","N/A","N/A","N/A","N/A","N/A","N/A","N/A","N/A","N/A","N/A","N/A","N/A","N/A","N/A","N/A","N/A","N/A","N/A","N/A","N/A","N/A","N/A","N/A","N/A","N/A","N/A","N/A","N/A","N/A","N/A","N/A","N/A","N/A","N/A","N/A","N/A","N/A","N/A","N/A","N/A","N/A","N/A","N/A","N/A","N/A","N/A","N/A","-","-","-","-",100,50,40,200,20,20,70,110,120,80,120,310,10,10,"-",20,10,10,"-",20,"-","-","-","-",20,30,"-",40]
[null,"Framework - Employment Related Services",null,null,null,null,null,null,null,null,null,null,null,null,null,null,null,null,null,null,null,null,null,null,null,null,null,null,null,null,null,null,null,null,null,null,null,null,null,null,null,null,null,null,null,null,null,null,null,null,null,null,null,null,null,null,null,null,null,null,null,null,null,null,null,null,null,null,null,null,null,null,null,null,null,null,null,null,null,null,null,null,null,null,null,null,null,null,null,null,null,null,null,null,null,null,null,null,null,null,null,null,null,null,null,null,null,null,null,null,null,"-","-","-","-","-","-",10,10,"-","-","-","-","-","-",10,10,"-","-","-","-","-",20,100,120,"-","-","-","-","-",20,100,120,"-","-","-","-","-",30,200,230,"-","-",10,10,"-",30,200,240,"-","-","-","-",10,40,200,240,"-","-",10,10,10,40,200,250,"-","-","-","-","-",30,120,150,"-","-",10,10,"-",30,130,160]
[null,"Framework - Energy Assessment and Advice",null,"-","-","-","-","-","-","-","-","-","-","-","-","-","-","-","-","-","-","-","-","-","-","-","-","-","-","-","-","-","-","-","-","-","-","-","-","-","-","-","-","-","-","-","-","-","-","-","-","-","-","-","-","-","-","-","-","-","-","-","-","-","-","-","-","-","-","-","-","-","-","-","-","-","-","-","-","-","-","-","-","-","-","-","-","-","-","-","-","-","-","-","-","-","-","-","-","-","-","-","-","-","-","-","-","-","-","-","-","N/A","N/A","N/A","N/A","N/A","N/A","N/A","N/A","N/A","N/A","N/A","N/A","N/A","N/A","N/A","N/A","N/A","N/A","N/A","N/A","N/A","N/A","N/A","N/A","N/A","N/A","N/A","N/A","N/A","N/A","N/A","N/A","N/A","N/A","N/A","N/A","N/A","N/A","N/A","N/A","N/A","N/A","N/A","N/A","N/A","N/A","N/A","N/A","N/A","N/A","N/A","N/A","N/A","N/A","N/A","N/A","N/A","N/A","N/A","N/A","N/A","N/A","N/A","N/A","N/A","N/A","N/A","N/A","N/A","N/A","N/A","N/A","N/A","N/A","N/A","N/A","N/A","N/A","N/A","N/A"]
[null,"Framework - Engineering",null,null,null,null,null,null,null,null,null,null,null,null,null,null,null,null,null,null,null,null,null,null,null,null,null,null,null,null,null,null,null,null,null,null,null,null,null,null,null,null,null,null,null,null,null,null,null,null,null,null,null,null,null,null,null,null,null,null,null,null,null,null,null,null,null,null,null,null,null,null,null,null,null,null,null,null,null,null,null,null,null,null,null,null,null,null,null,null,null,null,null,null,null,null,null,null,null,null,null,null,null,null,null,null,null,null,null,null,null,1610,1640,2360,5610,3110,2150,390,5650,"-","-","-","-",4720,3790,2750,11260,840,840,320,1990,2750,2240,480,5480,"-","-","-","-",3590,3080,800,7470,540,810,210,1560,2760,2590,720,6080,"-","-","-","-",3300,3400,940,7630,590,1030,300,1920,3420,3310,1030,7760,"-","-","-","-",4000,4340,1340,9680,560,1070,570,2200,3780,3470,760,8000,"-","-","-","-",4330,4540,1330,10200]
[null,"Framework - Engineering Construction",null,"-","-","-","-","-","-","-","-","-","-","-","-","-","-","-","-","-","-","-","-","-","-","-","-","-","-","-","-","-","-","-","-","-","-","-","-","-","-","-","-","-","-","-","-","-","-","-","-","-","-","-","-","-","-","-","-","-","-","-","-","-","-","-","-","-","-","-","-","-","-","-","-","-","-","-","-","-","-","-","-","-","-","-","-","-","-","-","-","-","-","-","-","-","-","-","-","-","-","-","-","-","-","-","-","-","-","-","-",30,"-","-",30,200,70,"-",280,"-","-","-","-",230,80,"-",310,"-","-","-","-",230,60,10,290,"-","-","-","-",230,60,10,290,"-","-","-","-",190,80,"-",270,"-","-","-","-",190,80,"-",270,"-","-","-","-",200,80,"-",290,"-","-","-","-",200,90,"-",290,"-",10,"-",10,300,110,10,420,"-","-","-","-",300,110,10,430]
[null,"Framework - Engineering Environmental Technologies",null,8750,1620,"-",10370,1050,510,"-",1560,9800,2130,"-",11930,10420,2460,"-",12880,1160,970,"-",2130,11570,3440,"-",15010,12570,2960,"-",15540,1310,1610,30,2950,13880,4570,30,18480,9370,2540,20,11920,1740,1820,"-",3550,11110,4350,20,15480,13210,3320,"-",16540,2020,2140,"-",4160,15230,5470,"-",20700,12400,3510,280,16190,1980,2160,70,4210,14380,5670,350,20400,9230,2800,620,12650,1860,2130,140,4140,11090,4930,760,16790,8150,2410,390,10950,1330,1640,150,3120,9480,4060,530,14070,7700,2910,1130,11740,1560,2000,290,3850,9260,4910,1420,15590,"N/A","N/A","N/A","N/A","N/A","N/A","N/A","N/A","N/A","N/A","N/A","N/A","N/A","N/A","N/A","N/A","N/A","N/A","N/A","N/A","N/A","N/A","N/A","N/A","N/A","N/A","N/A","N/A","N/A","N/A","N/A","N/A","N/A","N/A","N/A","N/A","N/A","N/A","N/A","N/A","N/A","N/A","N/A","N/A","N/A","N/A","N/A","N/A","N/A","N/A","N/A","N/A","N/A","N/A","N/A","N/A","N/A","N/A","N/A","N/A","N/A","N/A","N/A","N/A","-","-","-","-","-","-","-","-","-","-","-","-","-","-","-","-"]
[null,"Framework - Engineering Technology",null,null,null,null,null,null,null,null,null,null,null,null,null,null,null,null,null,null,null,null,null,null,null,null,null,null,null,null,null,null,null,null,null,null,null,null,null,null,null,null,null,null,null,null,null,null,null,null,null,null,null,null,null,null,null,null,null,null,null,null,null,null,null,null,null,null,null,null,null,null,null,null,null,null,null,null,null,null,null,null,null,null,null,null,null,null,null,null,null,null,null,null,null,null,null,null,null,null,null,null,null,null,null,null,null,null,null,null,null,"-","-","-","-","-","-","-","-","-",20,"-",20,"-",20,"-",20,"-","-","-","-","-","-","-","-",10,10,"-",20,10,10,"-",20,"-","-","-","-","-","-","-","-",20,10,"-",30,20,10,"-",30,"-","-","-","-","-","-","-","-",40,50,"-",90,40,50,"-",90,"-","-","-","-","-","-","-","-",50,60,10,120,50,60,10,120]
[null,"Framework - Enterprise",null,140,580,"-",720,20,160,"-",190,170,740,"-",900,190,680,"-",870,10,170,"-",180,200,840,"-",1050,160,1000,"-",1160,10,140,"-",160,170,1140,"-",1320,110,920,"-",1030,10,120,"-",120,120,1040,"-",1150,100,460,"-",560,"-",190,"-",190,100,640,"-",750,90,580,540,1220,"-",130,100,230,100,710,650,1450,70,560,600,1230,10,80,110,200,80,640,710,1430,520,550,300,1370,"-",60,60,120,520,610,360,1490,160,470,450,1080,"-",20,90,110,160,490,540,1190,"N/A","N/A","N/A","N/A","N/A","N/A","N/A","N/A","N/A","N/A","N/A","N/A","N/A","N/A","N/A","N/A","-","-","-","-","-","-","-",10,"-","-","-","-","-","-","-",10,"-","-","-","-",10,10,"-",20,"-","-","-","-",10,10,"-",20,"-","-","-","-",10,20,"-",40,"-","-","-","-",10,20,"-",40,"-","-","-","-",10,20,"-",30,"-","-","-","-",10,20,"-",30]
[null,"Framework - Environmental Conservation",null,"-","-","-","-","-","-","-","-","-","-","-","-","-","-","-","-","-","-","-","-","-","-","-","-","-","-","-","-","-","-","-","-","-","-","-","-","-","-","-","-","-","-","-","-","-","-","-","-","-","-","-","-","-","-","-","-","-","-","-","-","-","-","-","-","-","-","-","-","-","-","-","-","-","-","-","-","-","-","-","-","-","-","-","-","-","-","-","-","-","-","-","-","-","-","-","-","-","-","-","-","-","-","-","-","-","-","-","-",60,40,10,110,"-","-","-","-","-","-","-","-",60,40,10,110,70,30,10,100,"-","-","-",10,"-","-","-","-",70,30,10,110,40,20,"-",60,"-","-","-","-","-","-","-","-",40,30,"-",70,30,20,"-",60,"-","-","-","-","-","-","-","-",30,30,"-",60,30,30,10,60,"-",10,"-",10,"-","-","-","-",30,40,10,70]
[null,"Framework - Equine Industry",null,"-","-","-","-","-","-","-","-","-","-","-","-","-","-","-","-","-","-","-","-","-","-","-","-","-","-","-","-","-","-","-","-","-","-","-","-","-","-","-","-","-","-","-","-","-","-","-","-","-","-","-","-","-","-","-","-","-","-","-","-","-","-","-","-","-","-","-","-","-","-","-","-",30,30,10,70,10,20,"-",30,40,50,10,100,80,80,10,160,40,60,10,110,120,140,20,270,110,120,10,240,40,60,10,110,150,180,20,350,450,230,70,750,80,120,20,220,"-","-","-","-",530,350,90,960,460,170,50,680,80,110,50,240,"-","-","-","-",540,280,100,920,440,200,40,670,100,150,30,280,"-","-","-","-",540,340,70,950,460,190,20,670,100,150,30,280,"-","-","-","-",550,340,60,940,420,200,20,640,110,140,20,270,"-","-","-","-",530,340,40,910]
[null,"Framework - Events",null,"-","-","-","-","-","-","-","-","-","-","-","-","-","-","-","-","-","-","-","-","-","-","-","-","-","-","-","-","-","-","-","-","-","-","-","-","-","-","-","-","-","-","-","-","-","-","-","-","-","-","-","-","-","-","-","-","-","-","-","-","-","-","-","-","-","-","-","-","-","-","-","-","-","-","-","-","-","-","-","-","-","-","-","-","-","-","-","-",20,10,"-",30,20,10,"-",30,"-","-","-","-",150,90,10,250,150,90,10,250,"N/A","N/A","N/A","N/A","N/A","N/A","N/A","N/A","N/A","N/A","N/A","N/A","N/A","N/A","N/A","N/A","N/A","N/A","N/A","N/A","N/A","N/A","N/A","N/A","N/A","N/A","N/A","N/A","N/A","N/A","N/A","N/A","N/A","N/A","N/A","N/A","N/A","N/A","N/A","N/A","N/A","N/A","N/A","N/A","N/A","N/A","N/A","N/A","N/A","N/A","N/A","N/A","N/A","N/A","N/A","N/A","N/A","N/A","N/A","N/A","N/A","N/A","N/A","N/A","N/A","N/A","N/A","N/A","N/A","N/A","N/A","N/A","N/A","N/A","N/A","N/A","N/A","N/A","N/A","N/A"]
[null,"Framework - Explosives Storage and Maintenance",null,null,null,null,null,null,null,null,null,null,null,null,null,null,null,null,null,null,null,null,null,null,null,null,null,null,null,null,null,null,null,null,null,null,null,null,null,null,null,null,null,null,null,null,null,null,null,null,null,null,null,null,null,null,null,null,null,null,null,null,null,null,null,null,null,null,null,null,null,null,null,null,null,null,null,null,null,null,null,null,null,null,null,null,null,null,null,null,null,null,null,null,null,null,null,null,null,null,null,null,null,null,null,null,null,null,null,null,null,"N/A","N/A","N/A","N/A","N/A","N/A","N/A","N/A","N/A","N/A","N/A","N/A","N/A","N/A","N/A","N/A","N/A","N/A","N/A","N/A","N/A","N/A","N/A","N/A","N/A","N/A","N/A","N/A","N/A","N/A","N/A","N/A","N/A","N/A","N/A","N/A","N/A","N/A","N/A","N/A","N/A","N/A","N/A","N/A","N/A","N/A","N/A","N/A","-",10,"-",20,"-","-","-","-","-","-","-","-","-",10,"-",20,"-",10,10,30,"-","-","-","-","-","-","-","-","-",10,10,30]
[null,"Framework - Extractive and Mineral Processing Occupations",null,null,null,null,null,null,null,null,null,null,null,null,null,null,null,null,null,null,null,null,null,null,null,null,null,null,null,null,null,null,null,null,null,null,null,null,null,null,null,null,null,null,null,null,null,null,null,null,null,null,null,null,null,null,null,null,null,null,null,null,null,null,null,null,null,null,null,null,null,null,null,null,null,null,null,null,null,null,null,null,null,null,null,null,null,null,null,null,null,null,null,null,null,null,null,null,null,null,null,null,null,null,null,null,null,null,null,null,null,"-",10,"-",10,"-","-","-","-","-","-","-","-","-",10,"-",10,10,"-","-",10,"-","-","-","-","-","-","-","-",10,"-","-",10,"N/A","N/A","N/A","N/A","N/A","N/A","N/A","N/A","N/A","N/A","N/A","N/A","N/A","N/A","N/A","N/A","N/A","N/A","N/A","N/A","N/A","N/A","N/A","N/A","N/A","N/A","N/A","N/A","N/A","N/A","N/A","N/A","-","-","-","-","-","-","-","-","-","-","-","-","-","-","-","-"]
[null,"Framework - Facilities Management",null,"-","-","-","-","-","-","-","-","-","-","-","-","-","-","-","-","-","-","-","-","-","-","-","-","-","-","-","-","-","-","-","-","-","-","-","-","-","-","-","-","-","-","-","-","-","-","-","-","-","-","-","-","-","-","-","-","-","-","-","-","-","-","-","-","-","-","-","-","-","-","-","-","-","-","-","-","-","-","-","-","-","-","-","-","-","-","-","-","-","-","-","-","-","-","-","-","-","-","-","-","-","-","-","-","-","-","-","-","-","-","-","-","-",10,130,130,"-","-","-","-","-",10,130,130,"-","-","-","-","-",30,240,260,"-","-","-","-","-",30,240,260,10,40,230,290,"-",20,120,150,"-",10,50,60,20,70,400,490,40,120,380,550,"-",20,160,180,"-","-",10,10,50,150,550,740,60,140,510,710,"-",10,140,150,"-","-","-","-",60,150,650,860]
[null,"Framework - Farriery",null,"-","-","-","-","-","-","-","-","-","-","-","-","-","-","-","-","-","-","-","-","-","-","-","-","-","-","-","-","-","-","-","-","-","-","-","-",10,"-","-",10,"-","-","-","-",10,"-","-",10,"-","-","-","-","-","-","-","-","-","-","-","-","-","-","-","-","-","-","-","-","-","-","-","-","-","-","-","-","-","-","-","-","-","-","-","-","-","-","-","-","-","-","-","-","-","-","-","-","-","-","-","-","-","-","-","-","-","-","-","-","-","-","-","-",60,30,10,90,"-","-","-","-",60,30,10,90,"-","-","-","-",50,30,10,90,"-","-","-","-",50,30,10,90,"-","-","-","-",30,70,10,100,"-","-","-","-",30,70,10,100,"-","-","-","-","-",70,10,80,"-","-","-","-","-",70,10,80,"-","-","-","-","-",70,10,80,"-","-","-","-","-",70,10,80]
[null,"Framework - Fashion and Textiles",null,"-","-","-","-","-","-","-","-","-","-","-","-","-","-","-","-","-","-","-","-","-","-","-","-","-","-","-","-","-","-","-","-","-","-","-","-","-","-","-","-","-","-","-","-","-","-","-","-","-","-","-","-","-","-","-","-","-","-","-","-","-","-","-","-","-","-","-","-","-","-","-","-","-","-","-","-","-","-","-","-","-","-","-","-","-","-","-","-","-","-","-","-","-","-","-","-","-","-","-","-","-",20,30,60,"-",20,30,60,20,20,10,50,10,10,"-",20,"-","-","-","-",20,30,10,60,30,20,20,70,10,10,"-",20,"-","-","-","-",40,30,20,80,40,20,"-",60,10,20,10,40,"-","-","-","-",50,40,10,90,40,30,10,70,20,10,"-",30,"-","-","-","-",60,40,10,110,40,40,20,110,40,40,10,80,"-","-","-","-",80,80,30,190]
[null,"Framework - Fashion and Textiles:Technical",null,3700,6740,"-",10440,670,3180,"-",3850,4370,9920,"-",14290,3910,7560,"-",11470,510,3230,"-",3750,4430,10790,"-",15210,4080,6920,10,11000,440,2880,10,3330,4510,9800,10,14320,4350,7500,"-",11850,590,3290,10,3890,4940,10790,10,15740,4080,7520,10,11610,530,3100,10,3640,4610,10620,20,15250,4130,8950,3320,16400,420,2550,1600,4570,4550,11500,4920,20970,3410,7910,6480,17810,350,1950,2450,4740,3760,9860,8920,22550,6010,10600,6400,23000,320,3190,2900,6410,6320,13790,9300,29410,11150,13300,17700,42150,1420,3990,6420,11820,12570,17290,24110,53970,"N/A","N/A","N/A","N/A","N/A","N/A","N/A","N/A","N/A","N/A","N/A","N/A","N/A","N/A","N/A","N/A","N/A","N/A","N/A","N/A","N/A","N/A","N/A","N/A","N/A","N/A","N/A","N/A","N/A","N/A","N/A","N/A","N/A","N/A","N/A","N/A","N/A","N/A","N/A","N/A","N/A","N/A","N/A","N/A","N/A","N/A","N/A","N/A","N/A","N/A","N/A","N/A","N/A","N/A","N/A","N/A","N/A","N/A","N/A","N/A","N/A","N/A","N/A","N/A","-","-","-","-","-","-","-","-","-","-","-",10,"-","-","-",10]
[null,"Framework - Fencing",null,null,null,null,null,null,null,null,null,null,null,null,null,null,null,null,null,null,null,null,null,null,null,null,null,null,null,null,null,null,null,null,null,null,null,null,null,null,null,null,null,null,null,null,null,null,null,null,null,null,null,null,null,null,null,null,null,null,null,null,null,null,null,null,null,null,null,null,null,null,null,null,null,null,null,null,null,null,null,null,null,null,null,null,null,null,null,null,null,null,null,null,null,null,null,null,null,null,null,null,null,null,null,null,null,null,null,null,null,10,10,20,40,"-","-","-","-","-","-","-","-",10,10,20,40,30,20,20,60,"-","-","-","-","-","-","-","-",30,20,20,60,10,30,40,80,"-","-","-","-","-","-","-","-",10,30,40,80,10,40,10,60,"-","-",10,10,"-","-","-","-",10,40,20,70,10,10,10,30,"-","-",10,10,"-","-","-","-",10,10,10,40]
[null,"Framework - Fish Husbandry and Fish Management",null,"-","-","-","-","-","-","-","-","-","-","-","-","-","-","-","-","-","-","-","-","-","-","-","-",180,80,"-",260,290,430,"-",720,470,510,"-",980,210,140,"-",350,360,560,"-",920,570,690,"-",1260,120,110,"-",230,380,670,"-",1060,500,780,"-",1290,30,20,"-",50,370,700,80,1150,400,720,80,1200,"-","-","-","-",440,770,290,1500,440,770,290,1500,"-","-","-","-",460,830,180,1460,460,830,180,1460,"-","-","-","-",570,1010,420,2000,570,1010,420,2000,"N/A","N/A","N/A","N/A","N/A","N/A","N/A","N/A","N/A","N/A","N/A","N/A","N/A","N/A","N/A","N/A","N/A","N/A","N/A","N/A","N/A","N/A","N/A","N/A","N/A","N/A","N/A","N/A","N/A","N/A","N/A","N/A","N/A","N/A","N/A","N/A","N/A","N/A","N/A","N/A","N/A","N/A","N/A","N/A","N/A","N/A","N/A","N/A","N/A","N/A","N/A","N/A","N/A","N/A","N/A","N/A","N/A","N/A","N/A","N/A","N/A","N/A","N/A","N/A","-","-","-","-","-","-","-","-","-","-","-","-","-","-","-","-"]
[null,"Framework - Fitted Interiors",null,null,null,null,null,null,null,null,null,null,null,null,null,null,null,null,null,null,null,null,null,null,null,null,null,null,null,null,null,null,null,null,null,null,null,null,null,null,null,null,null,null,null,null,null,null,null,null,null,null,null,null,null,null,null,null,null,null,null,null,null,null,null,null,null,null,null,null,null,null,null,null,null,null,null,null,null,null,null,null,null,null,null,null,null,null,null,null,null,null,null,null,null,null,null,null,null,null,null,null,null,null,null,null,null,null,null,null,null,"N/A","N/A","N/A","N/A","N/A","N/A","N/A","N/A","N/A","N/A","N/A","N/A","N/A","N/A","N/A","N/A","N/A","N/A","N/A","N/A","N/A","N/A","N/A","N/A","N/A","N/A","N/A","N/A","N/A","N/A","N/A","N/A","N/A","N/A","N/A","N/A","N/A","N/A","N/A","N/A","N/A","N/A","N/A","N/A","N/A","N/A","N/A","N/A","N/A","N/A","N/A","N/A","N/A","N/A","N/A","N/A","N/A","N/A","N/A","N/A","N/A","N/A","N/A","N/A","N/A","N/A","N/A","N/A","N/A","N/A","N/A","N/A","N/A","N/A","N/A","N/A","N/A","N/A","N/A","N/A"]
[null,"Framework - Floristry",null,"-","-","-","-","-","-","-","-","-","-","-","-","-","-","-","-","-","-","-","-","-","-","-","-",10,"-","-",10,"-","-","-","-",10,"-","-",10,10,"-","-",10,"-","-","-","-",10,"-","-",10,20,"-","-",20,10,"-","-",10,30,10,"-",30,10,"-","-",10,"-","-","-","-",10,"-","-",10,"-","-","-",10,"-","-","-","-","-","-","-",10,10,"-","-",20,"-","-","-","-",10,"-","-",20,10,20,"-",30,"-",10,"-",10,10,20,"-",30,30,10,10,50,"-",10,10,20,"-","-","-","-",30,20,20,70,20,10,"-",30,"-",10,10,20,"-","-","-","-",20,20,20,50,20,20,10,40,10,10,"-",10,"-","-","-","-",20,20,10,50,30,20,10,60,"-",10,"-",10,"-","-","-","-",40,30,10,70,30,30,10,60,"-",10,"-",10,"-","-","-","-",30,30,10,70]
[null,"Framework - Food and Drink Manufacturing Operations",null,"-","-","-","-","-","-","-","-","-","-","-","-","-","-","-","-","-","-","-","-","-","-","-","-","-","-","-","-","-","-","-","-","-","-","-","-","-","-","-","-","-","-","-","-","-","-","-","-","-","-","-","-","-","-","-","-","-","-","-","-","-","-","-","-","-","-","-","-","-","-","-","-","-","-","-","-","-","-","-","-","-","-","-","-","-","-","-","-","-","-","-","-","-","-","-","-","-","-","-","-","-","-","-","-","-","-","-","-","N/A","N/A","N/A","N/A","N/A","N/A","N/A","N/A","N/A","N/A","N/A","N/A","N/A","N/A","N/A","N/A","N/A","N/A","N/A","N/A","N/A","N/A","N/A","N/A","N/A","N/A","N/A","N/A","N/A","N/A","N/A","N/A","N/A","N/A","N/A","N/A","N/A","N/A","N/A","N/A","N/A","N/A","N/A","N/A","N/A","N/A","N/A","N/A","N/A","N/A","N/A","N/A","N/A","N/A","N/A","N/A","N/A","N/A","N/A","N/A","N/A","N/A","N/A","N/A","N/A","N/A","N/A","N/A","N/A","N/A","N/A","N/A","N/A","N/A","N/A","N/A","N/A","N/A","N/A","N/A"]
[null,"Framework - Food Manufacture",null,10,20,"-",40,10,20,"-",20,20,40,"-",60,430,650,"-",1080,100,90,"-",190,520,740,"-",1260,650,740,"-",1390,30,130,"-",160,680,870,"-",1550,740,710,"-",1450,30,250,"-",290,770,970,"-",1740,640,830,20,1490,40,420,10,460,680,1260,20,1950,660,1010,220,1890,20,390,150,560,680,1400,370,2450,750,1360,550,2660,30,490,380,900,780,1840,940,3560,560,1410,540,2520,40,560,330,920,600,1970,870,3440,340,940,2060,3340,50,460,290,790,390,1400,2350,4130,150,390,470,1010,10,20,160,190,"-","-","-","-",150,410,630,1200,180,380,560,1110,10,40,340,390,"-","-","-","-",190,420,900,1500,160,440,790,1400,30,80,420,520,"-","-","-","-",190,520,1210,1910,210,490,720,1430,20,70,310,400,"-","-","-","-",230,560,1030,1830,220,360,670,1240,40,80,350,470,"-","-","-","-",250,440,1020,1720]
[null,"Framework - Football Sporting Excellence",null,70,20,"-",90,40,30,"-",70,120,50,"-",170,40,20,"-",50,50,20,"-",70,90,30,"-",120,10,10,"-",20,40,20,"-",60,50,20,"-",70,10,"-","-",10,20,10,"-",20,20,10,"-",30,"-","-","-",10,"-","-","-",10,10,10,"-",10,"-","-","-","-","-","-","-","-","-","-","-","-",30,"-","-",30,"-","-","-","-",30,"-","-",30,20,"-","-",30,"-","-","-","-",30,"-","-",30,10,40,30,80,"-","-","-","-",10,40,30,80,"N/A","N/A","N/A","N/A","N/A","N/A","N/A","N/A","N/A","N/A","N/A","N/A","N/A","N/A","N/A","N/A","N/A","N/A","N/A","N/A","N/A","N/A","N/A","N/A","N/A","N/A","N/A","N/A","N/A","N/A","N/A","N/A","N/A","N/A","N/A","N/A","N/A","N/A","N/A","N/A","N/A","N/A","N/A","N/A","N/A","N/A","N/A","N/A","N/A","N/A","N/A","N/A","N/A","N/A","N/A","N/A","N/A","N/A","N/A","N/A","N/A","N/A","N/A","N/A","N/A","N/A","N/A","N/A","N/A","N/A","N/A","N/A","N/A","N/A","N/A","N/A","N/A","N/A","N/A","N/A"]
[null,"Framework - Footwear and Leather",null,690,170,"-",860,2710,730,"-",3440,3400,900,"-",4300,1040,290,"-",1330,3210,1340,"-",4550,4250,1630,"-",5870,1260,420,"-",1680,3230,1210,"-",4440,4490,1630,"-",6120,960,340,"-",1300,3240,1250,"-",4490,4200,1590,"-",5790,50,30,"-",90,4540,1880,10,6430,4590,1910,10,6510,30,10,"-",40,4380,1920,190,6480,4400,1930,190,6520,10,"-","-",10,3500,1640,630,5770,3510,1640,630,5780,"-","-","-","-",2700,1650,310,4660,2700,1650,310,4660,"-","-","-","-",2990,1840,720,5540,2990,1840,720,5540,"N/A","N/A","N/A","N/A","N/A","N/A","N/A","N/A","N/A","N/A","N/A","N/A","N/A","N/A","N/A","N/A","N/A","N/A","N/A","N/A","N/A","N/A","N/A","N/A","N/A","N/A","N/A","N/A","N/A","N/A","N/A","N/A","N/A","N/A","N/A","N/A","N/A","N/A","N/A","N/A","N/A","N/A","N/A","N/A","N/A","N/A","N/A","N/A","N/A","N/A","N/A","N/A","N/A","N/A","N/A","N/A","N/A","N/A","N/A","N/A","N/A","N/A","N/A","N/A","N/A","N/A","N/A","N/A","N/A","N/A","N/A","N/A","N/A","N/A","N/A","N/A","N/A","N/A","N/A","N/A"]
[null,"Framework - Fundraising",null,"-","-","-","-","-",40,"-",40,"-",40,"-",40,10,"-","-",10,"-",60,"-",60,10,60,"-",70,"-","-","-","-","-",20,"-",20,"-",20,"-",20,"-","-","-","-",10,30,"-",40,10,30,"-",40,"-","-","-","-","-",30,"-",30,10,30,"-",30,"-","-","-","-","-",10,"-",10,"-",10,"-",10,"-","-","-","-","-",20,40,60,"-",20,40,60,"-","-","-","-","-",20,10,40,"-",20,10,40,"-","-","-","-","-",10,10,20,"-",10,10,20,"N/A","N/A","N/A","N/A","N/A","N/A","N/A","N/A","N/A","N/A","N/A","N/A","N/A","N/A","N/A","N/A","N/A","N/A","N/A","N/A","N/A","N/A","N/A","N/A","N/A","N/A","N/A","N/A","N/A","N/A","N/A","N/A","N/A","N/A","N/A","N/A","N/A","N/A","N/A","N/A","N/A","N/A","N/A","N/A","N/A","N/A","N/A","N/A","-","-","-","-","-",10,"-",10,"-","-","-","-","-",10,"-",10,"-","-","-","-","-","-","-","-","-","-","-","-","-","-","-","-"]
[null,"Framework - Funeral Operations and Services",null,"-","-","-","-","-","-","-","-","-","-","-","-","-","-","-","-","-","-","-","-","-","-","-","-","-","-","-","-","-","-","-","-","-","-","-","-","-","-","-","-","-","-","-","-","-","-","-","-","-","-","-","-","-","-","-","-","-","-","-","-","-","-","-","-","-","-","-","-","-","-","-","-","-","-","-","-","-","-","-","-","-","-","-","-","-","-","-","-","-","-","-","-","-","-","-","-","-","-","-","-","-","-","-","-","-","-","-","-","N/A","N/A","N/A","N/A","N/A","N/A","N/A","N/A","N/A","N/A","N/A","N/A","N/A","N/A","N/A","N/A","N/A","N/A","N/A","N/A","N/A","N/A","N/A","N/A","N/A","N/A","N/A","N/A","N/A","N/A","N/A","N/A","-",10,20,30,"-","-","-","-","-","-","-","-","-",10,20,30,"-",20,140,160,"-","-","-",10,"-","-","-","-","-",20,140,170,"-",20,180,200,"-","-",20,20,"-","-","-","-","-",20,200,220]
[null,"Framework - Furniture Furnishings and Interiors Industry",null,"-","-","-","-","-","-","-","-","-","-","-","-","-","-","-","-","-","-","-","-","-","-","-","-","-","-","-","-","-","-","-","-","-","-","-","-","-","-","-","-","-","-","-","-","-","-","-","-","-","-","-","-","-","-","-","-","-","-","-","-","-","-","-","-","-","-","-","-","-","-","-","-","-","-","-","-","-","-","-","-","-","-","-","-","-","-","-","-","-","-","-","-","-","-","-","-","-","-","-","-","-","-","-","-","-","-","-","-",100,60,30,190,40,30,10,70,"-","-","-","-",140,90,30,250,100,50,20,170,20,50,40,110,"-","-","-","-",120,100,60,280,90,70,20,180,10,50,20,70,"-","-","-","-",110,110,40,250,100,70,10,180,10,40,20,70,"-","-","-","-",110,110,30,250,90,80,20,190,10,40,"-",60,"-","-","-","-",100,120,20,240]
[null,"Framework - Game and Wildlife Management",null,3800,1910,"-",5710,3790,1600,"-",5390,7590,3510,"-",11100,4000,2380,"-",6380,4240,2640,"-",6880,8230,5020,"-",13250,4320,1710,"-",6040,3410,1380,10,4800,7740,3090,10,10840,3930,1770,"-",5700,3830,1950,10,5790,7750,3720,10,11480,3720,2000,10,5730,4080,1770,10,5860,7800,3780,20,11600,4140,2200,230,6570,4760,2380,220,7360,8900,4570,460,13930,4190,2290,680,7160,4650,2920,520,8100,8840,5210,1200,15250,4070,2550,550,7170,3730,3560,540,7830,7800,6110,1090,15000,3560,2470,3650,9680,4060,3660,930,8650,7620,6130,4580,18330,30,"-","-",30,"-","-","-","-","-","-","-","-",30,"-","-",30,30,10,"-",40,"-","-","-","-","-","-","-","-",40,10,"-",50,40,10,"-",50,"-","-","-","-","-","-","-","-",40,10,"-",50,30,10,"-",30,"-","-","-","-","-","-","-","-",30,10,"-",30,40,10,"-",50,"-","-","-","-","-","-","-","-",40,10,"-",50]
[null,"Framework - Gas Industry",null,20,10,"-",20,110,70,"-",180,120,80,"-",200,"-","-","-","-",150,80,"-",230,150,80,"-",230,10,"-","-",10,160,90,"-",260,170,90,"-",260,"-","-","-","-",170,80,"-",250,180,80,"-",250,"-","-","-","-",210,90,"-",310,210,90,"-",310,30,20,"-",40,430,130,"-",560,460,150,"-",610,10,"-","-",10,290,100,10,400,300,100,10,410,40,"-","-",40,270,80,10,350,310,80,10,400,70,"-","-",70,280,60,"-",340,340,60,"-",400,70,50,20,130,200,70,40,310,"-","-","-","-",270,120,50,440,60,30,10,90,260,150,50,460,"-","-","-","-",320,180,50,550,10,20,"-",30,90,80,50,220,"-","-","-","-",100,100,50,250,"-","-","-","-",90,90,20,210,"-","-","-","-",90,90,20,210,"-",10,10,20,130,190,30,340,"-","-","-","-",130,200,40,370]
[null,"Framework - Gas Network Operations",null,"-","-","-","-","-","-","-","-","-","-","-","-","-","-","-","-","-","-","-","-","-","-","-","-","-","-","-","-","-","-","-","-","-","-","-","-","-","-","-","-","-","-","-","-","-","-","-","-","-","-","-","-","-","-","-","-","-","-","-","-","-","-","-","-","-","-","-","-","-","-","-","-","-","-","-","-","-","-","-","-","-","-","-","-","-","-","-","-","-","-","-","-","-","-","-","-","-","-","-","-","-","-","-","-","-","-","-","-","N/A","N/A","N/A","N/A","N/A","N/A","N/A","N/A","N/A","N/A","N/A","N/A","N/A","N/A","N/A","N/A","N/A","N/A","N/A","N/A","N/A","N/A","N/A","N/A","N/A","N/A","N/A","N/A","N/A","N/A","N/A","N/A","N/A","N/A","N/A","N/A","N/A","N/A","N/A","N/A","N/A","N/A","N/A","N/A","N/A","N/A","N/A","N/A","N/A","N/A","N/A","N/A","N/A","N/A","N/A","N/A","N/A","N/A","N/A","N/A","N/A","N/A","N/A","N/A","N/A","N/A","N/A","N/A","N/A","N/A","N/A","N/A","N/A","N/A","N/A","N/A","N/A","N/A","N/A","N/A"]
[null,"Framework - Glass Industry Occupations",null,"-","-","-","-","-","-","-","-","-","-","-","-","-","-","-","-","-","-","-","-","-","-","-","-","-","-","-","-","-","-","-","-","-","-","-","-","-","-","-","-",10,10,"-",20,10,10,"-",20,"-","-","-","-",20,30,"-",50,20,30,"-",50,"-","-","-","-",10,"-","-",10,10,"-","-",10,"-","-","-","-","-",10,"-",10,"-",10,"-",10,"-","-","-","-",10,40,"-",50,10,40,"-",50,"-","-","-","-",20,50,10,80,20,50,10,80,80,230,780,1090,10,30,120,160,"-","-","-","-",90,260,900,1250,90,230,1290,1600,10,50,280,340,"-","-","-","-",100,280,1560,1940,130,210,550,880,10,50,290,340,"-","-","-","-",140,260,830,1230,130,190,880,1200,10,40,290,340,"-","-","-","-",140,230,1160,1540,130,280,900,1310,10,50,410,470,"-","-","-","-",140,330,1310,1780]
[null,"Framework - Hairdressing",null,"-","-","-","-","-","-","-","-","-","-","-","-","-","-","-","-","-","-","-","-","-","-","-","-","-","-","-","-","-","-","-","-","-","-","-","-","-","-","-","-","-","-","-","-","-","-","-","-","-","-","-","-","-","-","-","-","-","-","-","-","-","-","-","-","-","-","-","-","-","-","-","-","-","-","-","-","-","-","-","-","-","-","-","-","-","-","-","-","-","-","-","-","-","-","-","-","-","-","-","-","-","-","-","-","-","-","-","-",5940,930,200,7070,1330,1500,420,3250,"-","-","-","-",7270,2430,630,10320,5660,940,250,6850,1270,1440,470,3170,"-","-","-","-",6930,2380,720,10030,5050,880,190,6130,1420,1520,520,3450,"-","-","-","-",6470,2400,710,9580,4930,900,180,6010,1450,1470,330,3250,"-","-","-","-",6370,2370,510,9250,4310,810,190,5300,1490,1450,420,3360,"-","-","-","-",5790,2260,610,8660]
[null,"Framework - Health Assistant Practitioner",null,10,10,"-",20,"-","-","-","-",10,10,"-",20,10,10,"-",10,"-",10,"-",10,10,10,"-",20,30,20,"-",50,10,20,"-",30,40,40,"-",80,10,10,"-",20,"-","-","-","-",10,10,"-",30,10,10,"-",20,"-","-","-","-",10,10,"-",30,10,10,"-",30,"-","-","-","-",10,10,"-",30,20,20,10,50,"-","-","-","-",20,20,10,50,10,"-","-",20,"-","-","-","-",10,10,"-",20,110,80,10,200,"-",10,"-",10,110,90,10,210,"N/A","N/A","N/A","N/A","N/A","N/A","N/A","N/A","N/A","N/A","N/A","N/A","N/A","N/A","N/A","N/A","N/A","N/A","N/A","N/A","N/A","N/A","N/A","N/A","N/A","N/A","N/A","N/A","N/A","N/A","N/A","N/A","N/A","N/A","N/A","N/A","N/A","N/A","N/A","N/A","N/A","N/A","N/A","N/A","N/A","N/A","N/A","N/A","N/A","N/A","N/A","N/A","N/A","N/A","N/A","N/A","N/A","N/A","N/A","N/A","N/A","N/A","N/A","N/A","-","-","-","-","-","-","-","-","-",10,100,110,"-",10,100,110]
[null,"Framework - Health Informatics",null,null,null,null,null,null,null,null,null,null,null,null,null,null,null,null,null,null,null,null,null,null,null,null,null,null,null,null,null,null,null,null,null,null,null,null,null,null,null,null,null,null,null,null,null,null,null,null,null,null,null,null,null,null,null,null,null,null,null,null,null,null,null,null,null,null,null,null,null,null,null,null,null,null,null,null,null,null,null,null,null,null,null,null,null,null,null,null,null,null,null,null,null,null,null,null,null,null,null,null,null,null,null,null,null,null,null,null,null,"N/A","N/A","N/A","N/A","N/A","N/A","N/A","N/A","N/A","N/A","N/A","N/A","N/A","N/A","N/A","N/A","N/A","N/A","N/A","N/A","N/A","N/A","N/A","N/A","N/A","N/A","N/A","N/A","N/A","N/A","N/A","N/A","N/A","N/A","N/A","N/A","N/A","N/A","N/A","N/A","N/A","N/A","N/A","N/A","N/A","N/A","N/A","N/A",10,"-","-",10,"-","-","-","-","-","-","-","-",10,"-","-",10,10,"-","-",20,"-","-","-",10,"-","-","-","-",10,10,"-",20]
[null,"Framework - Health and Social Care",null,740,270,"-",1010,120,130,"-",250,860,400,"-",1260,750,270,"-",1020,130,210,"-",340,880,480,"-",1360,780,210,"-",990,120,140,"-",260,910,340,"-",1250,800,240,"-",1040,100,160,"-",260,900,400,"-",1300,700,190,"-",880,110,150,"-",260,810,330,"-",1140,760,240,30,1040,90,170,40,290,850,410,70,1330,710,260,80,1050,90,140,30,270,810,400,110,1320,820,320,40,1180,110,180,30,320,930,500,70,1500,830,380,130,1330,140,230,80,440,970,610,200,1770,1670,4290,7050,13010,150,2090,5950,8190,"-","-","-","-",1820,6380,13010,21200,1800,5590,10820,18210,300,3260,11000,14550,"-","-","-","-",2100,8850,21820,32770,1920,6290,10980,19200,400,4120,12900,17410,"-","-","-","-",2320,10410,23880,36610,1970,6700,14320,22990,400,4320,11200,15920,"-","-","-","-",2370,11030,25520,38910,1930,6390,16130,24440,380,4370,13990,18740,"-","-","-","-",2310,10760,30120,43180]
[null,"Framework - Heating, Ventilation, Air Conditioning and Refrigeration",null,"-","-","-","-","-","-","-","-","-","-","-","-","-","-","-","-","-","-","-","-","-","-","-","-","-","-","-","-","-","-","-","-","-","-","-","-","-","-","-","-","-","-","-","-","-","-","-","-","-","-","-","-","-","-","-","-","-","-","-","-","-","-","-","-","-","-","-","-","-","-","-","-","-","-","-","-","-","-","-","-","-","-","-","-","-","-","-","-","-","-","-","-","-","-","-","-","-","-","-","-","-","-","-","-","-","-","-","-",260,120,40,430,160,200,30,380,"-","-","-","-",420,320,70,810,200,100,20,320,70,120,20,210,"-","-","-","-",270,210,50,530,230,140,30,390,40,100,20,160,"-","-","-","-",270,240,50,550,260,170,30,460,40,130,20,190,"-","-","-","-",290,310,50,650,220,180,50,450,30,160,20,210,"-","-","-","-",250,340,70,660]
[null,"Framework - Highways Maintenance",null,"-","-","-","-","-","-","-","-","-","-","-","-","-","-","-","-","-","-","-","-","-","-","-","-","-","-","-","-","-","-","-","-","-","-","-","-","-","-","-","-","-","-","-","-","-","-","-","-","-","-","-","-","-","-","-","-","-","-","-","-","-","-","-","-","-","-","-","-","-","-","-","-","-","-","-","-","-","-","-","-","-","-","-","-","-","-","-","-","-","-","-","-","-","-","-","-","-","-","-","-","-","-","-","-","-","-","-","-","N/A","N/A","N/A","N/A","N/A","N/A","N/A","N/A","N/A","N/A","N/A","N/A","N/A","N/A","N/A","N/A","N/A","N/A","N/A","N/A","N/A","N/A","N/A","N/A","N/A","N/A","N/A","N/A","N/A","N/A","N/A","N/A","N/A","N/A","N/A","N/A","N/A","N/A","N/A","N/A","N/A","N/A","N/A","N/A","N/A","N/A","N/A","N/A","N/A","N/A","N/A","N/A","N/A","N/A","N/A","N/A","N/A","N/A","N/A","N/A","N/A","N/A","N/A","N/A","N/A","N/A","N/A","N/A","N/A","N/A","N/A","N/A","N/A","N/A","N/A","N/A","N/A","N/A","N/A","N/A"]
[null,"Framework - Horticulture",null,"-","-","-","-","-","-","-","-","-","-","-","-","-","-","-","-","-","-","-","-","-","-","-","-","-","-","-","-","-","-","-","-","-","-","-","-","-","-","-","-","-","-","-","-","-","-","-","-","-","-","-","-","-","-","-","-","-","-","-","-","-","-","-","-","-","-","-","-","-","-","-",10,"-","-","-","-","-","-","-","-","-","-","-","-","-",10,"-",10,"-","-","-","-","-",10,"-",10,10,"-","-",10,"-","-","-","-",10,"-","-",10,390,340,180,910,10,70,50,140,"-","-","-","-",400,410,240,1050,390,350,420,1170,20,110,140,270,"-","-","-","-",410,470,560,1440,440,450,330,1220,20,80,150,250,"-","-","-","-",450,530,480,1460,460,400,170,1040,30,90,120,240,"-","-","-","-",490,490,300,1270,440,480,190,1120,20,120,110,250,"-","-","-","-",460,600,300,1370]
[null,"Framework - Hospitality and Catering",null,"-","-","-","-","-","-","-","-","-","-","-","-","-","-","-","-","-","-","-","-","-","-","-","-","-","-","-","-","-","-","-","-","-","-","-","-","-","-","-","-","-","-","-","-","-","-","-","-","-","-","-","-","-","-","-","-","-","-","-","-","-","-","-","-","-","-","-","-","-","-","-","-","-","-","-","-","-","-","-","-","-","-","-","-","-","-","-","-","-","-",10,10,"-","-",10,10,"-","-","-","-","-",30,160,190,"-",30,160,190,3750,6270,4530,14540,240,1290,1630,3160,"-","-","-","-",3990,7560,6160,17700,2340,5000,4910,12250,260,1270,1960,3490,"-","-","-","-",2600,6270,6870,15740,2720,5170,4690,12590,330,1580,2480,4380,"-","-","-","-",3050,6750,7170,16970,3000,5130,5320,13450,390,1580,1650,3620,"-","-","-","-",3390,6710,6960,17070,2820,4770,5470,13050,350,1680,2600,4630,"-","-","-","-",3170,6450,8060,17680]
[null,"Framework - Hospitality Management",null,"-","-","-","-","-","-","-","-","-","-","-","-","-","-","-","-","-","-","-","-","-","-","-","-","-","-","-","-",50,30,"-",70,50,30,"-",70,"-","-","-","-",60,50,"-",100,60,50,"-",100,"-","-","-","-",60,40,"-",100,60,40,"-",100,"-","-","-","-",70,40,30,140,70,40,30,140,"-","-","-","-",60,30,10,100,60,30,10,100,"-","-","-","-",60,50,10,120,60,50,10,120,"-","-","-","-",50,40,10,100,50,40,10,100,"N/A","N/A","N/A","N/A","N/A","N/A","N/A","N/A","N/A","N/A","N/A","N/A","N/A","N/A","N/A","N/A","N/A","N/A","N/A","N/A","N/A","N/A","N/A","N/A","N/A","N/A","N/A","N/A","N/A","N/A","N/A","N/A","-","-","-","-","-","-","-","-","-","-",10,10,"-","-",10,10,"-","-","-","-","-","-","-","-","-",10,40,50,"-",10,40,50,"-","-","-","-","-","-","-","-","-",20,90,110,"-",20,90,110]
[null,"Framework - Housing",null,"-","-","-","-","-","-","-","-","-","-","-","-","-","-","-","-","-","-","-","-","-","-","-","-","-","-","-","-","-","-","-","-","-","-","-","-","-","-","-","-","-","-","-","-","-","-","-","-","-","-","-","-","-","-","-","-","-","-","-","-","-","-","-","-","-","-","-","-","-","-","-","-","-","-","-","-","-","-","-","-","-","-","-","-",10,10,"-",20,"-","-","-",10,10,10,"-",20,20,20,10,50,10,20,10,40,40,40,20,90,10,30,60,100,"-",10,10,20,"-","-","-","-",10,40,70,120,20,60,140,210,10,20,150,170,"-","-","-","-",20,80,280,380,30,70,80,170,10,30,210,250,"-","-","-","-",30,100,290,420,30,80,40,140,"-",40,120,160,"-","-","-","-",30,120,150,300,30,70,80,180,"-",30,90,130,"-","-","-","-",40,100,170,310]
[null,"Framework - Human Resource Management",null,"-","-","-","-","-","-","-","-","-","-","-","-","-","-","-","-","-","-","-","-","-","-","-","-","-","-","-","-","-","-","-","-","-","-","-","-","-","-","-","-","-","-","-","-","-","-","-","-","-","-","-","-","-","-","-","-","-","-","-","-","-","-","-","-","-","-","-","-","-","-","-","-","-","-","-","-","-","-","-","-","-","-","-","-","-","-","-","-","-","-","-","-","-","-","-","-","-","-","-","-","-","-","-","-","-","-","-","-","N/A","N/A","N/A","N/A","N/A","N/A","N/A","N/A","N/A","N/A","N/A","N/A","N/A","N/A","N/A","N/A","N/A","N/A","N/A","N/A","N/A","N/A","N/A","N/A","N/A","N/A","N/A","N/A","N/A","N/A","N/A","N/A","N/A","N/A","N/A","N/A","N/A","N/A","N/A","N/A","N/A","N/A","N/A","N/A","N/A","N/A","N/A","N/A","-","-","-","-","-","-","-","-","-",20,10,30,"-",20,10,30,"-","-","-","-","-","-","-","-","-",30,40,60,"-",30,40,60]
[null,"Framework - Industrial Applications",null,"-","-","-",10,"-","-","-","-","-","-","-",10,10,"-","-",10,"-","-","-","-",10,"-","-",10,"-","-","-",10,"-","-","-","-","-","-","-",10,10,10,"-",20,"-","-","-","-",10,10,"-",20,"-",10,"-",10,"-","-","-","-","-",10,"-",10,"-","-","-",10,"-","-","-","-","-","-","-",10,"-","-","-","-","-","-","-","-","-","-","-","-","-","-","-","-","-","-","-","-","-","-","-","-",10,10,10,20,"-","-","-","-",10,10,10,20,1420,920,1770,4100,"-","-","-","-","-","-","-","-",1420,920,1770,4100,1410,2160,6500,10070,"-","-","-","-","-","-","-","-",1410,2160,6500,10070,2410,2240,4670,9320,"-","-","-","-","-","-","-","-",2410,2240,4670,9320,2240,2100,5400,9750,"-","-","-","-","-","-","-","-",2240,2100,5400,9750,2360,2700,5960,11010,"-","-","-","-","-","-","-","-",2360,2700,5960,11010]
[null,"Framework - Industrial Building Systems",null,"-","-","-","-","-","-","-","-","-","-","-","-","-","-","-","-","-","-","-","-","-","-","-","-","-","-","-","-","-","-","-","-","-","-","-","-","-","-","-","-","-","-","-","-","-","-","-","-","-","-","-","-","-","-","-","-","-","-","-","-","-","-","-","-","-","-","-","-","-","-","-","-","-","-","-","-","-","-","-","-","-","-","-","-","-","-","-","-","-","-","-","-","-","-","-","-","-","-","-","-","-","-","-","-","-","-","-","-","N/A","N/A","N/A","N/A","N/A","N/A","N/A","N/A","N/A","N/A","N/A","N/A","N/A","N/A","N/A","N/A","N/A","N/A","N/A","N/A","N/A","N/A","N/A","N/A","N/A","N/A","N/A","N/A","N/A","N/A","N/A","N/A","N/A","N/A","N/A","N/A","N/A","N/A","N/A","N/A","N/A","N/A","N/A","N/A","N/A","N/A","N/A","N/A","N/A","N/A","N/A","N/A","N/A","N/A","N/A","N/A","N/A","N/A","N/A","N/A","N/A","N/A","N/A","N/A","N/A","N/A","N/A","N/A","N/A","N/A","N/A","N/A","N/A","N/A","N/A","N/A","N/A","N/A","N/A","N/A"]
[null,"Framework - Information and Library Services",null,"-","-","-","-","-","-","-","-","-","-","-","-","-","-","-","-","-","-","-","-","-","-","-","-","-","-","-","-","-","-","-","-","-","-","-","-",10,10,"-",20,"-","-","-","-",10,10,"-",20,20,"-","-",20,"-","-","-","-",20,"-","-",20,20,"-","-",30,"-","-","-","-",20,"-","-",30,10,"-","-",10,"-","-","-","-",10,"-","-",10,"-","-","-","-","-","-","-","-","-","-","-","-","-","-","-","-","-","-","-","-","-","-","-","-","-","-","-","-","-","-",10,10,"-","-","-","-","-","-",10,10,10,"-","-",10,"-","-",10,10,"-","-","-","-",10,"-",10,20,10,"-","-",10,"-","-",10,10,"-","-","-","-",10,"-",10,20,"-","-","-",10,"-","-","-","-","-","-","-","-","-","-","-",10,"-","-","-","-","-","-","-","-","-","-","-","-","-","-","-",10]
[null,"Framework - Information Technology",null,90,40,"-",120,"-",10,"-",20,90,50,"-",140,130,60,"-",190,"-",10,"-",10,130,70,"-",210,110,50,"-",160,"-",10,"-",20,110,70,"-",180,90,40,"-",120,10,20,"-",30,90,60,"-",160,80,20,"-",110,10,20,"-",30,90,40,"-",130,50,30,20,90,"-",20,10,30,50,50,30,130,30,20,20,60,"-",10,20,30,40,30,40,100,30,20,20,70,10,10,10,30,40,30,30,90,40,20,10,60,"-",10,10,30,40,30,20,90,"N/A","N/A","N/A","N/A","N/A","N/A","N/A","N/A","N/A","N/A","N/A","N/A","N/A","N/A","N/A","N/A","N/A","N/A","N/A","N/A","N/A","N/A","N/A","N/A","N/A","N/A","N/A","N/A","N/A","N/A","N/A","N/A","N/A","N/A","N/A","N/A","N/A","N/A","N/A","N/A","N/A","N/A","N/A","N/A","N/A","N/A","N/A","N/A","N/A","N/A","N/A","N/A","N/A","N/A","N/A","N/A","N/A","N/A","N/A","N/A","N/A","N/A","N/A","N/A","N/A","N/A","N/A","N/A","N/A","N/A","N/A","N/A","N/A","N/A","N/A","N/A","N/A","N/A","N/A","N/A"]
[null,"Framework - Information Security",null,null,null,null,null,null,null,null,null,null,null,null,null,null,null,null,null,null,null,null,null,null,null,null,null,null,null,null,null,null,null,null,null,null,null,null,null,null,null,null,null,null,null,null,null,null,null,null,null,null,null,null,null,null,null,null,null,null,null,null,null,null,null,null,null,null,null,null,null,null,null,null,null,null,null,null,null,null,null,null,null,null,null,null,null,null,null,null,null,null,null,null,null,null,null,null,null,null,null,null,null,null,null,null,null,null,null,null,null,"N/A","N/A","N/A","N/A","N/A","N/A","N/A","N/A","N/A","N/A","N/A","N/A","N/A","N/A","N/A","N/A","N/A","N/A","N/A","N/A","N/A","N/A","N/A","N/A","N/A","N/A","N/A","N/A","N/A","N/A","N/A","N/A","N/A","N/A","N/A","N/A","N/A","N/A","N/A","N/A","N/A","N/A","N/A","N/A","N/A","N/A","N/A","N/A","N/A","N/A","N/A","N/A","N/A","N/A","N/A","N/A","N/A","N/A","N/A","N/A","N/A","N/A","N/A","N/A","-","-","-","-","-","-","-","-","-","-","-","-","-","-","-","-"]
[null,"Framework - Installing Cabling Systems",null,null,null,null,null,null,null,null,null,null,null,null,null,null,null,null,null,null,null,null,null,null,null,null,null,null,null,null,null,null,null,null,null,null,null,null,null,null,null,null,null,null,null,null,null,null,null,null,null,null,null,null,null,null,null,null,null,null,null,null,null,null,null,null,null,null,null,null,null,null,null,null,null,null,null,null,null,null,null,null,null,null,null,null,null,null,null,null,null,null,null,null,null,null,null,null,null,null,null,null,null,null,null,null,null,null,null,null,null,"N/A","N/A","N/A","N/A","N/A","N/A","N/A","N/A","N/A","N/A","N/A","N/A","N/A","N/A","N/A","N/A","N/A","N/A","N/A","N/A","N/A","N/A","N/A","N/A","N/A","N/A","N/A","N/A","N/A","N/A","N/A","N/A","N/A","N/A","N/A","N/A","N/A","N/A","N/A","N/A","N/A","N/A","N/A","N/A","N/A","N/A","N/A","N/A","N/A","N/A","N/A","N/A","N/A","N/A","N/A","N/A","N/A","N/A","N/A","N/A","N/A","N/A","N/A","N/A","N/A","N/A","N/A","N/A","N/A","N/A","N/A","N/A","N/A","N/A","N/A","N/A","N/A","N/A","N/A","N/A"]
[null,"Framework - Insurance",null,110,240,"-",350,10,10,"-",10,120,250,"-",360,80,190,"-",270,"-",10,"-",20,80,200,"-",280,80,140,"-",220,"-",10,"-",20,80,150,"-",230,30,90,"-",110,"-",10,"-",10,30,90,"-",120,30,60,"-",100,"-",10,"-",10,30,70,"-",100,"-",20,"-",20,"-","-","-","-","-",20,"-",20,"-","-","-","-","-","-","-","-","-","-","-","-","-","-","-","-","-","-","-","-","-","-","-","-","-","-","-","-","-","-","-","-","-","-","-","-","N/A","N/A","N/A","N/A","N/A","N/A","N/A","N/A","N/A","N/A","N/A","N/A","N/A","N/A","N/A","N/A","N/A","N/A","N/A","N/A","N/A","N/A","N/A","N/A","N/A","N/A","N/A","N/A","N/A","N/A","N/A","N/A","N/A","N/A","N/A","N/A","N/A","N/A","N/A","N/A","N/A","N/A","N/A","N/A","N/A","N/A","N/A","N/A","N/A","N/A","N/A","N/A","N/A","N/A","N/A","N/A","N/A","N/A","N/A","N/A","N/A","N/A","N/A","N/A","-","-","-","-","-","-","-","-","-","-","-","-","-","-","-","-"]
[null,"Framework - Intelligence Analysis",null,"-","-","-","-","-","-","-","-","-","-","-","-","-","-","-","-","-","-","-","-","-","-","-","-","-","-","-","-","-","-","-","-","-","-","-","-","-","-","-","-","-","-","-","-","-","-","-","-","-","-","-","-","-","-","-","-","-","-","-","-",120,120,30,260,10,20,10,30,120,130,30,290,140,180,70,380,"-",10,20,30,140,190,90,410,200,250,60,500,10,20,10,40,200,270,70,540,280,550,690,1520,10,40,350,400,290,580,1040,1920,"N/A","N/A","N/A","N/A","N/A","N/A","N/A","N/A","N/A","N/A","N/A","N/A","N/A","N/A","N/A","N/A","N/A","N/A","N/A","N/A","N/A","N/A","N/A","N/A","N/A","N/A","N/A","N/A","N/A","N/A","N/A","N/A","-","-","-","-","-",10,"-",10,"-","-","-","-","-",10,"-",10,"-","-","-","-","-",20,10,30,"-","-","-","-","-",20,10,30,"-","-","-","-","-",10,"-",10,"-","-","-","-","-",10,"-",10]
[null,"Framework - Intelligence Operations",null,"-","-","-","-","-","-","-","-","-","-","-","-","-","-","-","-","-","-","-","-","-","-","-","-","-","-","-","-","-","-","-","-","-","-","-","-","-","-","-","-",160,"-","-",160,160,"-","-",160,10,"-","-",10,10,"-","-",10,20,"-","-",20,"-","-","-","-","-","-","-","-","-","-","-","-","-","-","-","-","-","-","-","-","-","-","-","-","-","-","-","-","-","-","-","-","-","-","-","-","-","-","-","-","-","-","-","-","-","-","-","-","N/A","N/A","N/A","N/A","N/A","N/A","N/A","N/A","N/A","N/A","N/A","N/A","N/A","N/A","N/A","N/A","N/A","N/A","N/A","N/A","N/A","N/A","N/A","N/A","N/A","N/A","N/A","N/A","N/A","N/A","N/A","N/A","N/A","N/A","N/A","N/A","N/A","N/A","N/A","N/A","N/A","N/A","N/A","N/A","N/A","N/A","N/A","N/A","N/A","N/A","N/A","N/A","N/A","N/A","N/A","N/A","N/A","N/A","N/A","N/A","N/A","N/A","N/A","N/A","N/A","N/A","N/A","N/A","N/A","N/A","N/A","N/A","N/A","N/A","N/A","N/A","N/A","N/A","N/A","N/A"]
[null,"Framework - International Trade and Logistics Operations",null,null,null,null,null,null,null,null,null,null,null,null,null,null,null,null,null,null,null,null,null,null,null,null,null,null,null,null,null,null,null,null,null,null,null,null,null,null,null,null,null,null,null,null,null,null,null,null,null,null,null,null,null,null,null,null,null,null,null,null,null,null,null,null,null,null,null,null,null,null,null,null,null,null,null,null,null,null,null,null,null,null,null,null,null,null,null,null,null,null,null,null,null,null,null,null,null,null,null,null,null,null,null,null,null,null,null,null,null,10,20,40,70,"-","-","-","-","-","-","-","-",10,20,40,70,"-",40,30,70,"-","-","-","-","-","-","-","-","-",40,30,70,20,30,50,90,"-","-","-","-","-","-","-","-",20,30,50,90,20,40,10,70,"-","-","-","-","-","-","-","-",20,40,10,70,30,30,10,70,"-","-","-","-","-","-","-","-",30,30,10,70]
[null,"Framework - International Trade and Services",null,"-","-","-","-","-","-","-","-","-","-","-","-","-","-","-","-","-","-","-","-","-","-","-","-","-","-","-","-","-","-","-","-","-","-","-","-",20,20,"-",30,"-","-","-","-",20,20,"-",30,20,10,"-",30,"-","-","-","-",20,10,"-",30,20,20,"-",40,"-","-","-","-",20,20,"-",40,10,"-","-",10,"-","-","-","-",10,"-","-",10,"-","-","-","-","-","-","-","-","-","-","-","-","-","-","-","-","-","-","-","-","-","-","-","-","N/A","N/A","N/A","N/A","N/A","N/A","N/A","N/A","N/A","N/A","N/A","N/A","N/A","N/A","N/A","N/A","N/A","N/A","N/A","N/A","N/A","N/A","N/A","N/A","N/A","N/A","N/A","N/A","N/A","N/A","N/A","N/A","N/A","N/A","N/A","N/A","N/A","N/A","N/A","N/A","N/A","N/A","N/A","N/A","N/A","N/A","N/A","N/A","N/A","N/A","N/A","N/A","N/A","N/A","N/A","N/A","N/A","N/A","N/A","N/A","N/A","N/A","N/A","N/A","N/A","N/A","N/A","N/A","N/A","N/A","N/A","N/A","N/A","N/A","N/A","N/A","N/A","N/A","N/A","N/A"]
[null,"Framework - IT and Telecoms Professionals",null,"-","-","-","-","-","-","-","-","-","-","-","-","-","-","-","-","-","-","-","-","-","-","-","-","-","-","-","-","-","-","-","-","-","-","-","-","-","-","-","-","-","-","-","-","-","-","-","-","-","-","-","-","-","-","-","-","-","-","-","-","-","-","-","-","-","-","-","-","-","-","-","-","-","-","-","-","-","-","-","-","-","-","-","-","-","-","-","-","-","-","-","-","-","-","-","-","-","-","-","-","-","-","-","-","-","-","-","-",690,620,160,1480,2220,1110,540,3860,"-",30,"-",40,2910,1770,700,5380,450,610,180,1240,1450,1190,770,3400,10,30,10,50,1910,1840,950,4700,420,580,170,1170,1630,1440,600,3660,30,60,10,100,2080,2070,780,4930,400,750,360,1510,2280,1720,670,4670,140,210,20,360,2820,2680,1050,6540,400,800,290,1490,2910,2130,610,5640,150,320,30,500,3460,3250,930,7630]
[null,"Framework - IT Services and Development",null,"-","-","-","-","-","-","-","-","-","-","-","-","-","-","-","-","-","-","-","-","-","-","-","-","-","-","-","-","-","-","-","-","-","-","-","-","-","-","-","-","-","-","-","-","-","-","-","-","-","-","-","-","-","-","-","-","-","-","-","-","-","-","-","-","-","-","-","-","-","-","-","-","-","-","-","-","-","-","-","-","-","-","-","-","-","-","-","-","-","-","-","-","-","-","-","-","-","-","-","-","-","-","-","-","-","-","-","-","-","-","-","-","-","-","-",10,"-","-","-","-","-","-","-",10,"N/A","N/A","N/A","N/A","N/A","N/A","N/A","N/A","N/A","N/A","N/A","N/A","N/A","N/A","N/A","N/A","N/A","N/A","N/A","N/A","N/A","N/A","N/A","N/A","N/A","N/A","N/A","N/A","N/A","N/A","N/A","N/A","N/A","N/A","N/A","N/A","N/A","N/A","N/A","N/A","N/A","N/A","N/A","N/A","N/A","N/A","N/A","N/A","N/A","N/A","N/A","N/A","N/A","N/A","N/A","N/A","N/A","N/A","N/A","N/A","N/A","N/A","N/A","N/A"]
[null,"Framework - IT User",null,190,100,"-",290,50,20,"-",70,240,120,"-",360,300,160,"-",460,40,40,"-",80,330,210,"-",540,280,100,"-",380,20,30,"-",50,300,130,"-",430,200,90,"-",300,30,30,"-",60,230,130,"-",360,190,120,"-",310,40,60,"-",90,230,180,"-",410,220,90,"-",300,20,50,"-",70,240,130,"-",370,150,60,10,220,20,50,20,90,170,110,30,310,170,90,20,280,30,50,"-",80,200,140,20,360,190,80,60,330,40,40,40,120,230,130,100,450,1180,470,1550,3200,200,210,400,810,"-","-","-","-",1370,680,1950,4010,580,310,1270,2160,100,210,420,730,"-","-","-","-",670,520,1690,2880,670,340,920,1930,170,330,490,980,"-","-","-","-",830,670,1410,2910,280,380,570,1230,220,370,280,870,"-","-","-","-",500,740,850,2090,260,280,690,1240,180,300,250,730,"-","-","-","-",440,590,940,1970]
[null,"Framework - Jewellery, Silversmithing and Allied Trades",null,"-","-","-","-","-","-","-","-","-","-","-","-","-","-","-","-","-","-","-","-","-","-","-","-",40,"-","-",40,"-","-","-","-",40,"-","-",40,70,10,"-",80,"-","-","-",10,80,10,"-",80,50,"-","-",60,"-","-","-","-",50,"-","-",60,40,"-","-",50,"-","-","-","-",40,"-","-",50,50,"-","-",60,"-","-","-","-",50,10,"-",60,50,10,"-",60,"-","-","-","-",50,10,"-",60,50,10,"-",60,10,"-","-",10,60,10,"-",70,10,"-","-",10,"-","-","-","-","-","-","-","-",10,"-","-",10,"N/A","N/A","N/A","N/A","N/A","N/A","N/A","N/A","N/A","N/A","N/A","N/A","N/A","N/A","N/A","N/A","N/A","N/A","N/A","N/A","N/A","N/A","N/A","N/A","N/A","N/A","N/A","N/A","N/A","N/A","N/A","N/A","N/A","N/A","N/A","N/A","N/A","N/A","N/A","N/A","N/A","N/A","N/A","N/A","N/A","N/A","N/A","N/A",10,10,"-",20,"-","-","-","-","-","-","-","-",10,10,"-",20]
[null,"Framework - Journalism",null,"-","-","-",10,140,430,"-",570,140,430,"-",570,20,10,"-",30,210,320,"-",530,230,330,"-",560,40,20,"-",60,200,390,"-",580,240,410,"-",650,90,50,"-",140,200,400,"-",590,290,450,"-",740,130,40,"-",170,150,270,"-",420,280,310,"-",600,120,50,30,200,190,250,90,520,310,300,120,730,170,100,50,320,120,180,90,390,290,280,150,710,150,70,10,230,250,140,70,460,400,210,80,690,150,100,60,320,380,250,100,730,530,360,160,1040,"N/A","N/A","N/A","N/A","N/A","N/A","N/A","N/A","N/A","N/A","N/A","N/A","N/A","N/A","N/A","N/A","N/A","N/A","N/A","N/A","N/A","N/A","N/A","N/A","N/A","N/A","N/A","N/A","N/A","N/A","N/A","N/A","N/A","N/A","N/A","N/A","N/A","N/A","N/A","N/A","N/A","N/A","N/A","N/A","N/A","N/A","N/A","N/A","N/A","N/A","N/A","N/A","N/A","N/A","N/A","N/A","N/A","N/A","N/A","N/A","N/A","N/A","N/A","N/A","-","-","-","-",20,30,10,50,"-","-","-","-",20,30,10,50]
[null,"Framework - Laboratory Technicians",null,null,null,null,null,null,null,null,null,null,null,null,null,null,null,null,null,null,null,null,null,null,null,null,null,null,null,null,null,null,null,null,null,null,null,null,null,null,null,null,null,null,null,null,null,null,null,null,null,null,null,null,null,null,null,null,null,null,null,null,null,null,null,null,null,null,null,null,null,null,null,null,null,null,null,null,null,null,null,null,null,null,null,null,null,null,null,null,null,null,null,null,null,null,null,null,null,null,null,null,null,null,null,null,null,null,null,null,null,20,"-","-",20,10,10,20,40,"-","-","-","-",20,10,20,60,20,10,20,60,50,30,20,100,"-","-","-","-",70,40,40,150,10,20,"-",30,70,40,20,120,"-","-","-","-",80,50,20,150,20,10,10,40,100,60,10,170,"-","-","-","-",120,80,10,210,10,10,10,30,110,70,10,180,"-","-","-","-",120,80,20,220]
[null,"Framework - Land-based Service Engineering",null,"-","-","-","-","-","-","-","-","-","-","-","-","-","-","-","-","-","-","-","-","-","-","-","-","-","-","-","-","-","-","-","-","-","-","-","-","-","-","-","-","-","-","-","-","-","-","-","-","-","-","-","-",10,"-","-",10,10,"-","-",10,"-","-","-","-",30,20,"-",50,30,20,"-",50,20,"-","-",20,10,"-","-",10,30,"-","-",30,"-","-","-","-","-","-","-","-","-","-","-","-","-","-","-","-","-","-","-","-","-","-","-","-",80,10,"-",90,30,40,"-",70,"-","-","-","-",110,50,"-",170,100,20,"-",120,30,40,"-",70,"-","-","-","-",130,60,"-",190,90,10,10,110,20,30,"-",60,"-","-","-","-",120,50,10,170,100,20,"-",130,30,50,"-",80,"-","-","-","-",130,70,10,210,90,30,10,130,10,30,"-",50,"-","-","-","-",100,60,10,180]
[null,"Framework - Learning and Development (Direct Training and Support)",null,290,350,"-",640,20,70,"-",90,300,430,"-",730,250,380,"-",630,10,30,"-",40,270,410,"-",680,190,210,10,400,10,30,"-",40,200,230,10,440,180,180,"-",360,10,50,"-",60,190,230,"-",420,150,240,"-",380,10,30,10,50,160,270,10,430,110,170,90,370,10,30,"-",40,130,190,90,410,130,110,90,330,10,20,30,50,140,130,120,380,180,130,80,400,10,40,40,80,190,170,120,480,140,270,780,1190,10,50,190,250,150,320,960,1430,"-","-","-","-","-",10,60,70,"-","-","-","-","-",10,60,70,"-","-","-","-","-",30,420,450,"-","-","-","-","-",30,420,450,"-","-","-","-","-",70,240,310,"-","-","-","-","-",70,240,310,"-","-","-","-",10,30,140,180,"-","-","-","-",10,30,140,180,"-","-","-","-",10,40,260,300,"-","-","-","-",10,40,260,300]
[null,"Framework - Learning Support",null,10370,1190,"-",11560,780,920,"-",1700,11150,2100,"-",13260,12210,1750,"-",13950,1000,1110,"-",2110,13210,2860,"-",16070,12890,1710,"-",14600,850,1050,"-",1890,13740,2760,"-",16490,11020,1450,"-",12480,1080,1320,10,2400,12100,2770,10,14880,12380,1380,"-",13750,1470,1760,"-",3230,13840,3140,"-",16980,11790,1420,90,13290,1430,1670,130,3230,13210,3090,210,16520,10590,1500,320,12410,1490,1740,520,3740,12080,3250,830,16150,10450,1430,220,12100,1870,1960,320,4140,12320,3380,540,16240,9600,1580,430,11610,1960,2200,690,4840,11560,3770,1120,16450,"N/A","N/A","N/A","N/A","N/A","N/A","N/A","N/A","N/A","N/A","N/A","N/A","N/A","N/A","N/A","N/A","N/A","N/A","N/A","N/A","N/A","N/A","N/A","N/A","N/A","N/A","N/A","N/A","N/A","N/A","N/A","N/A","N/A","N/A","N/A","N/A","N/A","N/A","N/A","N/A","N/A","N/A","N/A","N/A","N/A","N/A","N/A","N/A","N/A","N/A","N/A","N/A","N/A","N/A","N/A","N/A","N/A","N/A","N/A","N/A","N/A","N/A","N/A","N/A","-","-","-","-","-","-","-",10,"-","-","-","-","-","-","-",10]
[null,"Framework - Legal Advice",null,"-","-","-","-","-","-","-","-","-","-","-","-","-","-","-","-","-","-","-","-","-","-","-","-","-","-","-","-","-","-","-","-","-","-","-","-","-","-","-","-","-","-","-","-","-","-","-","-","-","-","-","-","-","-","-","-","-","-","-","-","-","-","-","-","-","-","-","-","-","-","-","-","-","-","-","-","-","-","-","-","-","-","-","-","-","-","-","-","-","-","-","-","-","-","-","-","-","-","-","-","-","-","-","-","-","-","-","-","N/A","N/A","N/A","N/A","N/A","N/A","N/A","N/A","N/A","N/A","N/A","N/A","N/A","N/A","N/A","N/A","N/A","N/A","N/A","N/A","N/A","N/A","N/A","N/A","N/A","N/A","N/A","N/A","N/A","N/A","N/A","N/A","N/A","N/A","N/A","N/A","N/A","N/A","N/A","N/A","N/A","N/A","N/A","N/A","N/A","N/A","N/A","N/A","-","-","-","-",20,10,"-",30,"-","-","-","-",20,10,"-",30,"-",10,"-",10,"-",10,"-",10,"-","-","-","-","-",10,"-",20]
[null,"Framework - Legal Services",null,null,null,null,null,null,null,null,null,null,null,null,null,null,null,null,null,null,null,null,null,null,null,null,null,null,null,null,null,null,null,null,null,null,null,null,null,null,null,null,null,null,null,null,null,null,null,null,null,null,null,null,null,null,null,null,null,null,null,null,null,null,null,null,null,null,null,null,null,null,null,null,null,null,null,null,null,null,null,null,null,null,null,null,null,null,null,null,null,null,null,null,null,null,null,null,null,null,null,null,null,null,null,null,null,null,null,null,null,"N/A","N/A","N/A","N/A","N/A","N/A","N/A","N/A","N/A","N/A","N/A","N/A","N/A","N/A","N/A","N/A","N/A","N/A","N/A","N/A","N/A","N/A","N/A","N/A","N/A","N/A","N/A","N/A","N/A","N/A","N/A","N/A","N/A","N/A","N/A","N/A","N/A","N/A","N/A","N/A","N/A","N/A","N/A","N/A","N/A","N/A","N/A","N/A","N/A","N/A","N/A","N/A","N/A","N/A","N/A","N/A","N/A","N/A","N/A","N/A","N/A","N/A","N/A","N/A","-","-","-","-",20,20,"-",40,"-",10,"-",10,30,30,"-",50]
[null,"Framework - Licensed Hospitality",null,null,null,null,null,null,null,null,null,null,null,null,null,null,null,null,null,null,null,null,null,null,null,null,null,null,null,null,null,null,null,null,null,null,null,null,null,null,null,null,null,null,null,null,null,null,null,null,null,null,null,null,null,null,null,null,null,null,null,null,null,null,null,null,null,null,null,null,null,null,null,null,null,null,null,null,null,null,null,null,null,null,null,null,null,null,null,null,null,null,null,null,null,null,null,null,null,null,null,null,null,null,null,null,null,null,null,null,null,"N/A","N/A","N/A","N/A","N/A","N/A","N/A","N/A","N/A","N/A","N/A","N/A","N/A","N/A","N/A","N/A",10,40,30,70,"-","-","-","-","-","-","-","-",10,40,30,70,40,160,90,290,"-","-","-",10,"-","-","-","-",40,160,90,290,50,270,170,490,"-",10,20,30,"-","-","-","-",50,280,180,520,50,220,170,440,"-",60,90,150,"-","-","-","-",50,290,260,590]
[null,"Framework - Life Science and Chemical Science Professionals",null,"-","-","-","-","-","-","-","-","-","-","-","-","-","-","-","-","-","-","-","-","-","-","-","-","-","-","-","-","-","-","-","-","-","-","-","-","-","-","-","-","-","-","-","-","-","-","-","-","-","-","-","-","-","-","-","-","-","-","-","-","-","-","-","-","-","-","-","-","-","-","-","-","-","-","-","-","-","-","-","-","-","-","-","-","-","-","-","-","-","-","-","-","-","-","-","-","-","-","-","-","-","-","-","-","-","-","-","-","N/A","N/A","N/A","N/A","N/A","N/A","N/A","N/A","N/A","N/A","N/A","N/A","N/A","N/A","N/A","N/A","N/A","N/A","N/A","N/A","N/A","N/A","N/A","N/A","N/A","N/A","N/A","N/A","N/A","N/A","N/A","N/A","N/A","N/A","N/A","N/A","N/A","N/A","N/A","N/A","N/A","N/A","N/A","N/A","N/A","N/A","N/A","N/A","N/A","N/A","N/A","N/A","N/A","N/A","N/A","N/A","N/A","N/A","N/A","N/A","N/A","N/A","N/A","N/A","-","-","-","-","-","-","-","-","-","-","-",10,"-","-","-",10]
[null,"Framework - Local Taxation and Benefits",null,null,null,null,null,null,null,null,null,null,null,null,null,null,null,null,null,null,null,null,null,null,null,null,null,null,null,null,null,null,null,null,null,null,null,null,null,null,null,null,null,null,null,null,null,null,null,null,null,null,null,null,null,null,null,null,null,null,null,null,null,null,null,null,null,null,null,null,null,null,null,null,null,null,null,null,null,null,null,null,null,null,null,null,null,null,null,null,null,null,null,null,null,null,null,null,null,null,null,null,null,null,null,null,null,null,null,null,null,"N/A","N/A","N/A","N/A","N/A","N/A","N/A","N/A","N/A","N/A","N/A","N/A","N/A","N/A","N/A","N/A","N/A","N/A","N/A","N/A","N/A","N/A","N/A","N/A","N/A","N/A","N/A","N/A","N/A","N/A","N/A","N/A","-","-","-","-","-","-",10,10,"-","-","-","-","-","-",10,10,"-","-","-","-","-","-",10,20,"-","-","-","-","-","-",10,20,"-","-","-","-","-","-","-","-","-","-","-","-","-","-","-","-"]
[null,"Framework - Locksmithing",null,2390,4550,"-",6940,470,2270,"-",2740,2860,6820,"-",9680,2380,5250,"-",7630,430,2570,"-",3000,2810,7830,"-",10640,2490,4040,10,6540,520,1920,200,2640,3010,5960,210,9180,1970,3870,10,5850,400,1850,50,2300,2380,5710,70,8150,1760,3560,30,5340,260,1760,20,2040,2020,5320,50,7390,1660,3500,1430,6590,260,2220,3430,5900,1920,5720,4860,12500,2290,3090,1880,7270,200,1420,3380,5000,2500,4510,5270,12270,3870,5430,2880,12180,280,2310,3110,5710,4150,7750,5990,17880,4100,9950,17020,31060,450,5230,16970,22650,4550,15180,33990,53720,"N/A","N/A","N/A","N/A","N/A","N/A","N/A","N/A","N/A","N/A","N/A","N/A","N/A","N/A","N/A","N/A","N/A","N/A","N/A","N/A","N/A","N/A","N/A","N/A","N/A","N/A","N/A","N/A","N/A","N/A","N/A","N/A","N/A","N/A","N/A","N/A","N/A","N/A","N/A","N/A","N/A","N/A","N/A","N/A","N/A","N/A","N/A","N/A",10,"-","-",10,"-","-","-","-","-","-","-","-",10,"-","-",10,10,"-","-",20,"-","-","-","-","-","-","-","-",10,"-","-",20]
[null,"Framework - Logistics Operations Management",null,null,null,null,null,null,null,null,null,null,null,null,null,null,null,null,null,null,null,null,null,null,null,null,null,null,null,null,null,null,null,null,null,null,null,null,null,null,null,null,null,null,null,null,null,null,null,null,null,null,null,null,null,null,null,null,null,null,null,null,null,null,null,null,null,null,null,null,null,null,null,null,null,null,null,null,null,null,null,null,null,null,null,null,null,null,null,null,null,null,null,null,null,null,null,null,null,null,null,null,null,null,null,null,null,null,null,null,null,30,10,"-",40,"-",30,120,140,"-","-","-","-",30,30,120,190,10,"-","-",20,10,60,290,360,"-","-","-","-",20,70,300,380,20,20,20,50,10,80,270,360,"-","-","-","-",30,100,280,410,20,40,20,80,20,90,300,400,"-","-","-","-",40,120,320,480,30,40,20,90,20,80,190,280,"-","-","-","-",40,120,210,370]
[null,"Framework - Mail Services",null,200,90,"-",290,380,100,"-",480,580,190,"-",770,300,100,"-",400,370,200,"-",570,670,300,"-",970,490,240,"-",730,310,140,"-",450,800,380,"-",1180,420,180,"-",600,300,190,"-",490,720,370,"-",1090,540,240,"-",780,240,180,"-",430,780,420,"-",1200,640,250,"-",890,190,180,10,380,830,420,10,1260,640,300,60,1010,160,210,20,390,800,510,90,1400,530,210,60,800,160,310,30,500,690,520,90,1300,570,240,110,910,190,280,50,510,750,520,160,1420,30,50,50,130,"-","-","-","-","-","-","-","-",30,50,50,130,"-",10,20,30,"-","-","-","-","-","-","-","-","-",10,20,30,10,20,20,50,"-","-","-","-","-","-","-","-",10,20,20,50,10,10,20,30,"-","-","-","-","-","-","-","-",10,10,20,30,"-",10,"-",10,"-","-","-","-","-","-","-","-","-",10,"-",10]
[null,"Framework - Management",null,"-","-","-","-","-","-","-","-","-","-","-","-","-","-","-","-","-","-","-","-","-","-","-","-","-","-","-","-","-","-","-","-","-","-","-","-","-","-","-",10,"-","-","-","-","-","-","-",10,"-","-","-","-","-","-","-","-","-","-","-","-","-","-","-","-","-","-","-","-","-",10,"-",10,"-","-","-","-","-","-","-","-","-","-","-","-","-","-","-","-","-","-","-","-","-","-","-","-","-","-","-","-","-","-","-","-","-","-","-","-","N/A","N/A","N/A","N/A","N/A","N/A","N/A","N/A","N/A","N/A","N/A","N/A","N/A","N/A","N/A","N/A","N/A","N/A","N/A","N/A","N/A","N/A","N/A","N/A","N/A","N/A","N/A","N/A","N/A","N/A","N/A","N/A","N/A","N/A","N/A","N/A","N/A","N/A","N/A","N/A","N/A","N/A","N/A","N/A","N/A","N/A","N/A","N/A",170,3300,7770,11240,70,1690,5550,7310,"-",100,1200,1310,250,5090,14520,19860,170,2980,7350,10500,60,1270,5790,7110,"-",130,1660,1800,230,4380,14800,19410]
[null,"Framework - Man-Made Fibres",null,"-","-","-","-","-","-","-","-","-","-","-","-","-","-","-","-","-","-","-","-","-","-","-","-","-","-","-","-","-","-","-","-","-","-","-","-","-","-","-","-","-","-","-","-","-","-","-","-","-","-","-","-","-","-","-","-","-","-","-","-","-","-","-","-","-","-","-","-","-","-","-","-","-","-","-","-","-","-","-","-","-","-","-","-",680,430,160,1280,20,80,50,160,700,520,220,1440,690,580,440,1710,20,160,210,390,710,740,650,2100,"N/A","N/A","N/A","N/A","N/A","N/A","N/A","N/A","N/A","N/A","N/A","N/A","N/A","N/A","N/A","N/A","N/A","N/A","N/A","N/A","N/A","N/A","N/A","N/A","N/A","N/A","N/A","N/A","N/A","N/A","N/A","N/A","N/A","N/A","N/A","N/A","N/A","N/A","N/A","N/A","N/A","N/A","N/A","N/A","N/A","N/A","N/A","N/A","N/A","N/A","N/A","N/A","N/A","N/A","N/A","N/A","N/A","N/A","N/A","N/A","N/A","N/A","N/A","N/A","N/A","N/A","N/A","N/A","N/A","N/A","N/A","N/A","N/A","N/A","N/A","N/A","N/A","N/A","N/A","N/A"]
[null,"Framework - Marine Industry",null,7300,9310,"-",16610,720,3260,"-",3990,8020,12570,"-",20590,7680,10960,"-",18650,850,4270,"-",5110,8530,15230,"-",23760,6250,7300,10,13550,630,2890,10,3530,6880,10190,10,17070,5100,7110,20,12230,500,2560,"-",3070,5600,9680,20,15300,4330,5930,10,10260,450,2500,10,2970,4780,8430,20,13230,3990,6400,1080,11470,380,2430,620,3420,4370,8830,1700,14890,4120,6210,3130,13460,270,1490,1580,3330,4390,7700,4710,16790,5890,9910,2820,18620,350,1610,890,2850,6230,11520,3710,21470,6380,10700,7200,24280,390,2280,2860,5530,6770,12980,10060,29810,30,10,"-",40,30,30,"-",60,"-","-","-","-",70,40,"-",110,"-",10,"-",10,40,40,"-",80,"-","-","-","-",50,50,"-",90,20,30,"-",50,10,10,"-",20,"-","-","-","-",30,40,"-",70,10,10,"-",20,"-","-","-","-","-","-","-","-",10,10,"-",20,20,30,10,70,"-","-","-","-","-","-","-","-",20,30,10,70]
[null,"Framework - Marketing and Communications",null,"-","-","-","-","-","-","-","-","-","-","-","-","-","-","-","-","-","-","-","-","-","-","-","-","-","-","-","-","-","-","-","-","-","-","-","-","-","-","-","-","-","-","-","-","-","-","-","-","-","-","-","-","-","-","-","-","-","-","-","-","-","-","-","-","-","-","-","-","-","-","-","-","-","-","-","-","-","-","-","-","-","-","-","-","-","-","-","-","-","-","-","-","-","-","-","-","-","-","-","-","-","-","-","-","-","-","-","-",10,10,"-",20,10,10,"-",10,"-","-","-","-",20,10,10,40,40,30,10,70,30,20,"-",60,"-","-","-","-",70,50,10,130,70,80,10,150,50,70,10,130,"-","-","-","-",130,150,20,290,80,70,"-",150,60,80,"-",140,"-","-","-","-",140,150,"-",290,50,80,10,140,50,80,10,140,"-","-","-","-",110,150,20,280]
[null,"Framework - Meat and Poultry Processing",null,10,10,"-",10,"-","-","-","-",10,10,"-",10,10,10,"-",20,"-",10,"-",10,10,20,"-",30,10,10,"-",20,"-","-","-","-",10,10,"-",30,10,10,"-",20,"-","-","-","-",10,10,"-",20,"-","-","-","-","-","-","-","-","-",10,"-",10,"-","-","-","-","-","-","-","-","-",10,"-",10,"-",10,"-",10,"-","-","-","-","-",10,"-",10,10,10,"-",20,"-",10,"-",20,10,20,"-",30,10,20,30,60,"-",20,150,170,10,40,180,230,"N/A","N/A","N/A","N/A","N/A","N/A","N/A","N/A","N/A","N/A","N/A","N/A","N/A","N/A","N/A","N/A","N/A","N/A","N/A","N/A","N/A","N/A","N/A","N/A","N/A","N/A","N/A","N/A","N/A","N/A","N/A","N/A","N/A","N/A","N/A","N/A","N/A","N/A","N/A","N/A","N/A","N/A","N/A","N/A","N/A","N/A","N/A","N/A","N/A","N/A","N/A","N/A","N/A","N/A","N/A","N/A","N/A","N/A","N/A","N/A","N/A","N/A","N/A","N/A","N/A","N/A","N/A","N/A","N/A","N/A","N/A","N/A","N/A","N/A","N/A","N/A","N/A","N/A","N/A","N/A"]
[null,"Framework - MES Plumbing",null,"-","-","-","-","-","-","-","-","-","-","-","-","-","-","-","-","-","-","-","-","-","-","-","-","-","-","-","-","-","-","-","-","-","-","-","-","-","-","-","-","-","-","-","-","-","-","-","-","-","-","-","-","-","-","-","-","-","-","-","-","-","-","-","-","-","-","-","-","-","-","-","-","-","-","-","-","-","-","-","-","-","-","-","-","-","-","-","-","-","-","-","-","-","-","-","-","-","-","-","-","-","-","-","-","-","-","-","-",1000,450,180,1630,540,780,190,1500,"-","-","-","-",1540,1220,370,3130,840,400,170,1410,300,400,120,820,"-","-","-","-",1140,800,290,2230,1110,510,130,1740,280,500,120,900,"-","-","-","-",1390,1010,250,2640,1180,540,150,1880,260,520,120,900,"-","-","-","-",1440,1060,270,2780,1220,640,200,2050,230,510,90,830,"-","-","-","-",1450,1150,290,2890]
[null,"Framework - Metal Processing and Allied Operations",null,320,400,"-",720,"-","-","-","-",320,400,"-",720,620,560,"-",1180,"-","-","-","-",620,560,"-",1180,680,670,10,1360,"-","-","-","-",680,670,10,1360,780,510,"-",1290,"-","-","-","-",780,510,"-",1290,820,400,"-",1210,"-","-","-","-",820,400,"-",1220,860,540,470,1870,"-","-","-","-",860,540,470,1870,720,300,160,1170,"-","-","-","-",720,300,160,1170,680,400,150,1240,"-","-","-","-",680,400,150,1240,940,850,1840,3630,"-","-","-","-",940,850,1840,3630,"N/A","N/A","N/A","N/A","N/A","N/A","N/A","N/A","N/A","N/A","N/A","N/A","N/A","N/A","N/A","N/A","N/A","N/A","N/A","N/A","N/A","N/A","N/A","N/A","N/A","N/A","N/A","N/A","N/A","N/A","N/A","N/A","N/A","N/A","N/A","N/A","N/A","N/A","N/A","N/A","N/A","N/A","N/A","N/A","N/A","N/A","N/A","N/A","N/A","N/A","N/A","N/A","N/A","N/A","N/A","N/A","N/A","N/A","N/A","N/A","N/A","N/A","N/A","N/A","-","-","-",10,"-","-","-","-","-","-","-","-","-","-","-",10]
[null,"Framework - Metals Processing",null,null,null,null,null,null,null,null,null,null,null,null,null,null,null,null,null,null,null,null,null,null,null,null,null,null,null,null,null,null,null,null,null,null,null,null,null,null,null,null,null,null,null,null,null,null,null,null,null,null,null,null,null,null,null,null,null,null,null,null,null,null,null,null,null,null,null,null,null,null,null,null,null,null,null,null,null,null,null,null,null,null,null,null,null,null,null,null,null,null,null,null,null,null,null,null,null,null,null,null,null,null,null,null,null,null,null,null,null,"-","-","-","-",10,"-","-",10,"-","-","-","-",10,"-","-",10,"-","-","-","-",10,"-","-",10,"-","-","-","-",10,"-","-",10,"N/A","N/A","N/A","N/A","N/A","N/A","N/A","N/A","N/A","N/A","N/A","N/A","N/A","N/A","N/A","N/A","N/A","N/A","N/A","N/A","N/A","N/A","N/A","N/A","N/A","N/A","N/A","N/A","N/A","N/A","N/A","N/A","N/A","N/A","N/A","N/A","N/A","N/A","N/A","N/A","N/A","N/A","N/A","N/A","N/A","N/A","N/A","N/A"]
[null,"Framework - Mineral Products Technology",null,"-","-","-","-","-","-","-","-","-","-","-","-","-","-","-","-","-","-","-","-","-","-","-","-","-","-","-","-","-","-","-","-","-","-","-","-","-","-","-","-","-","-","-","-","-","-","-","-","-","-","-","-","-","-","-","-","-","-","-","-",10,"-","-",10,"-","-","-","-",10,"-","-",10,10,"-","-",10,"-","-","-","-",10,"-","-",10,"-","-","-","-","-","-","-","-","-","-","-","-","-","-","-","-","-","-","-","-","-","-","-","-","N/A","N/A","N/A","N/A","N/A","N/A","N/A","N/A","N/A","N/A","N/A","N/A","N/A","N/A","N/A","N/A","N/A","N/A","N/A","N/A","N/A","N/A","N/A","N/A","N/A","N/A","N/A","N/A","N/A","N/A","N/A","N/A","N/A","N/A","N/A","N/A","N/A","N/A","N/A","N/A","N/A","N/A","N/A","N/A","N/A","N/A","N/A","N/A","N/A","N/A","N/A","N/A","N/A","N/A","N/A","N/A","N/A","N/A","N/A","N/A","N/A","N/A","N/A","N/A","-","-","-","-","-","-","-","-","-",10,"-",10,"-",10,"-",10]
[null,"Framework - Music Practitioner",null,null,null,null,null,null,null,null,null,null,null,null,null,null,null,null,null,null,null,null,null,null,null,null,null,null,null,null,null,null,null,null,null,null,null,null,null,null,null,null,null,null,null,null,null,null,null,null,null,null,null,null,null,null,null,null,null,null,null,null,null,null,null,null,null,null,null,null,null,null,null,null,null,null,null,null,null,null,null,null,null,null,null,null,null,null,null,null,null,null,null,null,null,null,null,null,null,null,null,null,null,null,null,null,null,null,null,null,null,"-","-","-","-",20,20,10,50,"-","-","-","-",20,20,10,50,"-","-","-","-",40,30,10,70,"-","-","-","-",40,30,10,70,"N/A","N/A","N/A","N/A","N/A","N/A","N/A","N/A","N/A","N/A","N/A","N/A","N/A","N/A","N/A","N/A","N/A","N/A","N/A","N/A","N/A","N/A","N/A","N/A","N/A","N/A","N/A","N/A","N/A","N/A","N/A","N/A","N/A","N/A","N/A","N/A","N/A","N/A","N/A","N/A","N/A","N/A","N/A","N/A","N/A","N/A","N/A","N/A"]
[null,"Framework - Multi-skilled Vehicle Collision Repair",null,null,null,null,null,null,null,null,null,null,null,null,null,null,null,null,null,null,null,null,null,null,null,null,null,null,null,null,null,null,null,null,null,null,null,null,null,null,null,null,null,null,null,null,null,null,null,null,null,null,null,null,null,null,null,null,null,null,null,null,null,null,null,null,null,null,null,null,null,null,null,null,null,null,null,null,null,null,null,null,null,null,null,null,null,null,null,null,null,null,null,null,null,null,null,null,null,null,null,null,null,null,null,null,null,null,null,null,null,"N/A","N/A","N/A","N/A","N/A","N/A","N/A","N/A","N/A","N/A","N/A","N/A","N/A","N/A","N/A","N/A","N/A","N/A","N/A","N/A","N/A","N/A","N/A","N/A","N/A","N/A","N/A","N/A","N/A","N/A","N/A","N/A","N/A","N/A","N/A","N/A","N/A","N/A","N/A","N/A","N/A","N/A","N/A","N/A","N/A","N/A","N/A","N/A","N/A","N/A","N/A","N/A","N/A","N/A","N/A","N/A","N/A","N/A","N/A","N/A","N/A","N/A","N/A","N/A",20,10,"-",40,"-","-","-","-","-","-","-","-",20,10,"-",40]
[null,"Framework - Nail Services",null,null,null,null,null,null,null,null,null,null,null,null,null,null,null,null,null,null,null,null,null,null,null,null,null,null,null,null,null,null,null,null,null,null,null,null,null,null,null,null,null,null,null,null,null,null,null,null,null,null,null,null,null,null,null,null,null,null,null,null,null,null,null,null,null,null,null,null,null,null,null,null,null,null,null,null,null,null,null,null,null,null,null,null,null,null,null,null,null,null,null,null,null,null,null,null,null,null,null,null,null,null,null,null,null,null,null,null,null,60,30,10,100,60,50,30,140,"-","-","-","-",120,80,40,240,30,30,10,70,20,30,20,70,"-","-","-","-",50,60,30,140,30,30,10,70,50,50,30,120,"-","-","-","-",70,80,40,190,30,30,30,80,40,50,10,90,"-","-","-","-",60,80,40,180,20,40,30,90,40,40,30,110,"-","-","-","-",60,80,60,200]
[null,"Framework - Newspaper Industry",null,null,null,null,null,null,null,null,null,null,null,null,null,null,null,null,null,null,null,null,null,null,null,null,null,null,null,null,null,null,null,null,null,null,null,null,null,null,null,null,null,null,null,null,null,null,null,null,null,null,null,null,null,null,null,null,null,null,null,null,null,null,null,null,null,null,null,null,null,null,null,null,null,null,null,null,null,null,null,null,null,null,null,null,null,null,null,null,null,null,null,null,null,null,null,null,null,null,null,null,null,null,null,null,null,null,null,null,null,"N/A","N/A","N/A","N/A","N/A","N/A","N/A","N/A","N/A","N/A","N/A","N/A","N/A","N/A","N/A","N/A","N/A","N/A","N/A","N/A","N/A","N/A","N/A","N/A","N/A","N/A","N/A","N/A","N/A","N/A","N/A","N/A","N/A","N/A","N/A","N/A","N/A","N/A","N/A","N/A","N/A","N/A","N/A","N/A","N/A","N/A","N/A","N/A","N/A","N/A","N/A","N/A","N/A","N/A","N/A","N/A","N/A","N/A","N/A","N/A","N/A","N/A","N/A","N/A","N/A","N/A","N/A","N/A","N/A","N/A","N/A","N/A","N/A","N/A","N/A","N/A","N/A","N/A","N/A","N/A"]
[null,"Framework - Nursing Assistants in a Veterinary Environment",null,"-","-","-","-","-","-","-","-","-","-","-","-","-","-","-","-","-","-","-","-","-","-","-","-","-","-","-","-","-","-","-","-","-","-","-","-","-","-","-","-","-","-","-","-","-","-","-","-","-","-","-","-","-","-","-","-","-","-","-","-","-","-","-","-","-","-","-","-","-","-","-","-","-","-","-",10,"-","-","-","-","-","-","-",10,"-","-","-","-","-","-","-","-","-","-","-","-","-","-","-","-","-","-",20,20,"-","-",20,20,"N/A","N/A","N/A","N/A","N/A","N/A","N/A","N/A","N/A","N/A","N/A","N/A","N/A","N/A","N/A","N/A","N/A","N/A","N/A","N/A","N/A","N/A","N/A","N/A","N/A","N/A","N/A","N/A","N/A","N/A","N/A","N/A",10,10,10,30,"-","-","-","-","-","-","-","-",10,10,10,30,20,20,10,50,"-","-","-","-","-","-","-","-",20,20,10,50,10,30,20,60,"-","-","-","-","-","-","-","-",10,30,20,60]
[null,"Framework - Occupational Health and Safety Practice",null,"-","-","-","-","-","-","-","-","-","-","-","-","-","-","-","-","-","-","-","-","-","-","-","-","-","-","-","-","-","-","-","-","-","-","-","-","-","-","-","-","-","-","-","-","-","-","-","-","-","-","-","-","-","-","-","-","-","-","-","-","-","-","-","-","-","-","-","-","-","-","-","-","-","-","-","-","-","-","-","-","-","-","-","-","-","-","-","-","-","-","-","-","-","-","-","-","-","-","-","-","-","-","-","-","-","-","-","-","N/A","N/A","N/A","N/A","N/A","N/A","N/A","N/A","N/A","N/A","N/A","N/A","N/A","N/A","N/A","N/A","N/A","N/A","N/A","N/A","N/A","N/A","N/A","N/A","N/A","N/A","N/A","N/A","N/A","N/A","N/A","N/A","N/A","N/A","N/A","N/A","N/A","N/A","N/A","N/A","N/A","N/A","N/A","N/A","N/A","N/A","N/A","N/A","N/A","N/A","N/A","N/A","N/A","N/A","N/A","N/A","N/A","N/A","N/A","N/A","N/A","N/A","N/A","N/A","N/A","N/A","N/A","N/A","N/A","N/A","N/A","N/A","N/A","N/A","N/A","N/A","N/A","N/A","N/A","N/A"]
[null,"Framework - Oil and Gas Extraction",null,"-","-","-","-","-","-","-","-","-","-","-","-","-","-","-","-","-","-","-","-","-","-","-","-","-","-","-","-","-","-","-","-","-","-","-","-",10,"-","-",10,"-","-","-","-",10,"-","-",10,"-","-","-","-","-","-","-","-","-","-","-","-","-","-","-","-","-","-","-","-","-","-","-","-","-","-","-","-","-","-","-","-","-","-","-","-","-","-","-","-","-","-","-","-","-","-","-","-","-","-","-","-","-","-","-","-","-","-","-","-","N/A","N/A","N/A","N/A","N/A","N/A","N/A","N/A","N/A","N/A","N/A","N/A","N/A","N/A","N/A","N/A","N/A","N/A","N/A","N/A","N/A","N/A","N/A","N/A","N/A","N/A","N/A","N/A","N/A","N/A","N/A","N/A","N/A","N/A","N/A","N/A","N/A","N/A","N/A","N/A","N/A","N/A","N/A","N/A","N/A","N/A","N/A","N/A","N/A","N/A","N/A","N/A","N/A","N/A","N/A","N/A","N/A","N/A","N/A","N/A","N/A","N/A","N/A","N/A","N/A","N/A","N/A","N/A","N/A","N/A","N/A","N/A","N/A","N/A","N/A","N/A","N/A","N/A","N/A","N/A"]
[null,"Framework - Operating Department Practice",null,70,110,"-",180,40,200,"-",230,110,310,"-",420,50,130,"-",180,30,210,"-",230,80,330,"-",410,120,180,"-",300,40,150,"-",180,160,330,"-",490,50,140,"-",190,20,100,"-",130,70,240,"-",310,"-",10,"-",20,"-",20,"-",30,10,30,"-",40,"-","-","-","-","-","-","-","-","-","-","-","-","-","-","-","-","-","-","-","-","-","-","-","-","-","-","-","-","-","-","-","-","-","-","-","-","-","-","-","-","-","-","-","-","-","-","-","-","N/A","N/A","N/A","N/A","N/A","N/A","N/A","N/A","N/A","N/A","N/A","N/A","N/A","N/A","N/A","N/A","N/A","N/A","N/A","N/A","N/A","N/A","N/A","N/A","N/A","N/A","N/A","N/A","N/A","N/A","N/A","N/A","N/A","N/A","N/A","N/A","N/A","N/A","N/A","N/A","N/A","N/A","N/A","N/A","N/A","N/A","N/A","N/A","N/A","N/A","N/A","N/A","N/A","N/A","N/A","N/A","N/A","N/A","N/A","N/A","N/A","N/A","N/A","N/A","N/A","N/A","N/A","N/A","N/A","N/A","N/A","N/A","N/A","N/A","N/A","N/A","N/A","N/A","N/A","N/A"]
[null,"Framework - Operations and Quality Improvement",null,"-","-","-","-","-","-","-","-","-","-","-","-","-","-","-","-","-","-","-","-","-","-","-","-","-","-","-","-","-","-","-","-","-","-","-","-","-","-","-","-","-","-","-","-","-","-","-","-","-","-","-","-","-","-","-","-","-","-","-","-","-","-","-","-","-","-","-","-","-","-","-","-","-","-","-","-","-","-","-","-","-","-","-","-","-","-","-","-","-","-","-","-","-","-","-","-","-","-","-","-","-","-","-","-","-","-","-","-","N/A","N/A","N/A","N/A","N/A","N/A","N/A","N/A","N/A","N/A","N/A","N/A","N/A","N/A","N/A","N/A","-","-","-","-","-","-",20,20,"-","-","-","-","-","-",20,20,"-","-","-","-","-",10,130,130,"-","-","-","-","-",10,130,130,"-","-","-","-","-",20,170,190,"-","-","-","-","-",20,170,190,"-","-","-","-","-",10,120,130,"-","-","-","-","-",10,120,130]
[null,"Framework - Optical",null,"-","-","-","-","-","-","-","-","-","-","-","-","-","-","-","-","-","-","-","-","-","-","-","-","-","-","-","-","-","-","-","-","-","-","-","-","-","-","-","-","-","-","-","-","-","-","-","-","-","-","-","-","-","-","-","-","-","-","-","-","-","-","-","-","-","-","-","-","-","-","-","-","-","-","-","-","-","-","-","-","-","-","-","-","-","-","-","-","-","-","-","-","-","-","-","-","-","-","-","-","-","-","-","-","-","-","-","-","-",20,20,40,"-",10,10,20,"-","-","-","-","-",30,30,60,"-","-","-","-","-","-","-","-","-","-","-","-","-","-","-",10,"N/A","N/A","N/A","N/A","N/A","N/A","N/A","N/A","N/A","N/A","N/A","N/A","N/A","N/A","N/A","N/A","N/A","N/A","N/A","N/A","N/A","N/A","N/A","N/A","N/A","N/A","N/A","N/A","N/A","N/A","N/A","N/A","N/A","N/A","N/A","N/A","N/A","N/A","N/A","N/A","N/A","N/A","N/A","N/A","N/A","N/A","N/A","N/A"]
[null,"Framework - Optical Advisor",null,"-","-","-","-","-","-","-","-","-","-","-","-","-","-","-","-","-","-","-","-","-","-","-","-","-","-","-","-","-","-","-","-","-","-","-","-","-","-","-","-","-","-","-","-","-","-","-","-","-","-","-","-","-","-","-","-","-","-","-","-","-","-","-","-","-","-","-","-","-","-","-","-","-","-","-","-","-","-","-","-","-","-","-","-","-","-","-","-","-","-","-","-","-","-","-","-",10,20,30,60,"-","-","-","-",10,20,30,60,"N/A","N/A","N/A","N/A","N/A","N/A","N/A","N/A","N/A","N/A","N/A","N/A","N/A","N/A","N/A","N/A","N/A","N/A","N/A","N/A","N/A","N/A","N/A","N/A","N/A","N/A","N/A","N/A","N/A","N/A","N/A","N/A","N/A","N/A","N/A","N/A","N/A","N/A","N/A","N/A","N/A","N/A","N/A","N/A","N/A","N/A","N/A","N/A","N/A","N/A","N/A","N/A","N/A","N/A","N/A","N/A","N/A","N/A","N/A","N/A","N/A","N/A","N/A","N/A","N/A","N/A","N/A","N/A","N/A","N/A","N/A","N/A","N/A","N/A","N/A","N/A","N/A","N/A","N/A","N/A"]
[null,"Framework - Paper Manufacture",null,50,30,"-",70,"-",10,"-",10,50,30,"-",80,50,30,"-",70,"-",10,"-",10,50,40,"-",80,80,30,"-",110,"-",10,"-",20,80,40,"-",120,"-","-","-",10,10,10,"-",10,10,10,"-",20,"-","-","-","-","-","-","-","-","-","-","-","-","-","-","-","-","-","-","-","-","-","-","-","-","-","-","-","-","-","-","-","-","-","-","-","-","-","-","-","-","-","-","-","-","-","-","-","-","-","-","-","-","-","-","-","-","-","-","-","-","N/A","N/A","N/A","N/A","N/A","N/A","N/A","N/A","N/A","N/A","N/A","N/A","N/A","N/A","N/A","N/A","N/A","N/A","N/A","N/A","N/A","N/A","N/A","N/A","N/A","N/A","N/A","N/A","N/A","N/A","N/A","N/A","-","-","-",10,"-","-","-","-","-","-","-","-","-",10,"-",10,"N/A","N/A","N/A","N/A","N/A","N/A","N/A","N/A","N/A","N/A","N/A","N/A","N/A","N/A","N/A","N/A","N/A","N/A","N/A","N/A","N/A","N/A","N/A","N/A","N/A","N/A","N/A","N/A","N/A","N/A","N/A","N/A"]
[null,"Framework - Payroll",null,"-","-","-","-","-","-","-","-","-","-","-","-","-","-","-","-","-","-","-","-","-","-","-","-","-","-","-","-","-","-","-","-","-","-","-","-","-","-","-","-","-","-","-","-","-",10,"-",10,"-","-","-","-","-","-","-","-","-","-","-","-",80,130,10,220,120,310,50,470,200,440,60,690,560,510,150,1220,1830,1190,370,3390,2390,1700,520,4600,790,810,230,1830,3720,2090,440,6250,4500,2900,670,8080,1230,960,270,2450,6100,2430,1050,9580,7330,3390,1320,12030,"-",10,20,30,"-","-",10,10,"-","-","-","-","-",10,30,40,"-","-",10,10,"-","-","-","-","-","-","-","-","-","-",10,10,"-","-",10,10,"-","-","-","-","-","-","-","-","-","-",10,10,20,20,10,50,"-","-","-",10,"-","-","-","-",20,20,10,50,10,20,"-",30,"-","-","-","-","-","-","-","-",10,20,10,30]
[null,"Framework - Personnel",null,2290,560,"-",2850,220,460,"-",670,2510,1020,"-",3520,2680,800,"-",3490,220,540,"-",760,2910,1340,"-",4250,1630,320,"-",1950,220,580,"-",800,1840,900,"-",2750,460,100,"-",560,200,450,10,660,670,550,10,1230,450,130,"-",580,590,420,"-",1010,1040,550,"-",1580,320,150,10,480,910,270,"-",1190,1240,420,10,1660,"-","-","-","-",20,20,"-",40,20,20,"-",40,"-","-","-","-",10,10,"-",10,10,10,"-",10,"-","-","-","-","-","-","-","-","-","-","-","-","N/A","N/A","N/A","N/A","N/A","N/A","N/A","N/A","N/A","N/A","N/A","N/A","N/A","N/A","N/A","N/A","N/A","N/A","N/A","N/A","N/A","N/A","N/A","N/A","N/A","N/A","N/A","N/A","N/A","N/A","N/A","N/A","N/A","N/A","N/A","N/A","N/A","N/A","N/A","N/A","N/A","N/A","N/A","N/A","N/A","N/A","N/A","N/A","N/A","N/A","N/A","N/A","N/A","N/A","N/A","N/A","N/A","N/A","N/A","N/A","N/A","N/A","N/A","N/A","N/A","N/A","N/A","N/A","N/A","N/A","N/A","N/A","N/A","N/A","N/A","N/A","N/A","N/A","N/A","N/A"]
[null,"Framework - Pharmacy Technicians",null,"-","-","-","-","-","-","-","-","-","-","-","-","-","-","-","-","-","-","-","-","-","-","-","-",1710,450,"-",2160,40,110,"-",150,1750,560,"-",2310,1800,390,"-",2190,90,140,"-",230,1890,530,"-",2420,1770,600,"-",2370,130,140,"-",270,1890,740,"-",2640,1910,530,420,2870,70,120,60,250,1980,650,490,3120,2150,570,970,3680,90,110,100,290,2240,670,1070,3980,2290,700,860,3850,190,150,110,450,2480,850,970,4300,2260,780,3150,6190,270,320,710,1300,2530,1100,3860,7490,10,20,60,80,20,80,60,150,"-","-","-","-",30,90,110,230,10,10,40,60,30,60,110,200,"-","-","-","-",30,80,150,260,"-","-","-",10,10,40,70,120,"-","-","-","-",10,40,70,120,"-","-","-","-","-","-",10,10,"-","-","-","-","-","-",10,10,"N/A","N/A","N/A","N/A","N/A","N/A","N/A","N/A","N/A","N/A","N/A","N/A","N/A","N/A","N/A","N/A"]
[null,"Framework - Photo Imaging",null,"-","-","-","-","-","-","-",10,"-","-","-",10,"-","-","-","-","-","-","-","-","-","-","-","-","-","-","-","-","-","-","-","-","-","-","-","-","-","-","-","-","-","-","-","-","-","-","-","-","-","-","-","-","-","-","-","-","-","-","-","-","-","-","-","-","-","-","-","-","-","-","-","-","-","-","-","-","-","-","-","-","-","-","-","-","-","-","-","-","-","-","-","-","-","-","-","-","-","-","-","-","-","-","-","-","-","-","-","-","N/A","N/A","N/A","N/A","N/A","N/A","N/A","N/A","N/A","N/A","N/A","N/A","N/A","N/A","N/A","N/A","N/A","N/A","N/A","N/A","N/A","N/A","N/A","N/A","N/A","N/A","N/A","N/A","N/A","N/A","N/A","N/A","N/A","N/A","N/A","N/A","N/A","N/A","N/A","N/A","N/A","N/A","N/A","N/A","N/A","N/A","N/A","N/A","N/A","N/A","N/A","N/A","N/A","N/A","N/A","N/A","N/A","N/A","N/A","N/A","N/A","N/A","N/A","N/A","N/A","N/A","N/A","N/A","N/A","N/A","N/A","N/A","N/A","N/A","N/A","N/A","N/A","N/A","N/A","N/A"]
[null,"Framework - Photo Imaging for Staff Photographers",null,"-","-","-","-","-","-","-","-","-","-","-","-","-","-","-","-","-","-","-","-","-","-","-","-","-","-","-","-","-","-","-","-","-","-","-","-","-","-","-","-","-","-","-","-","-","-","-","-","-","-","-","-","-","-","-","-","-","-","-","-","-","-","-","-","-","-","-","-","-","-","-","-","-","-","-","-","-","-","-","-","-","-","-","-","-","-","-","-","-","-","-","-","-","-","-","-","-","-","-","-","-","-","-","-","-","-","-","-","-","-","-","-","-",10,10,10,"-","-","-","-","-",10,10,10,"N/A","N/A","N/A","N/A","N/A","N/A","N/A","N/A","N/A","N/A","N/A","N/A","N/A","N/A","N/A","N/A","-","-","-","-","-","-",10,10,"-","-","-","-","-","-",10,10,"-","-","-","-","-","-","-",10,"-","-","-","-","-","-","-",10,"-","-","-","-","-","-","-","-","-","-","-","-","-","-","-","-"]
[null,"Framework - Physiological Measurement Technicians (AMA only)",null,"-","-","-","-",10,"-","-",10,10,"-","-",10,"-","-","-","-",10,"-","-",10,10,"-","-",10,"-","-","-","-",10,"-","-",10,10,"-","-",10,"-","-","-","-",10,"-","-",10,10,"-","-",10,"-","-","-","-","-","-","-","-","-","-","-","-","-","-","-","-","-","-","-","-","-","-","-","-","-","-","-","-","-","-","-","-","-","-","-","-",10,10,20,30,10,"-","-",10,10,10,20,40,10,"-",10,20,80,30,30,140,90,40,30,160,"N/A","N/A","N/A","N/A","N/A","N/A","N/A","N/A","N/A","N/A","N/A","N/A","N/A","N/A","N/A","N/A","N/A","N/A","N/A","N/A","N/A","N/A","N/A","N/A","N/A","N/A","N/A","N/A","N/A","N/A","N/A","N/A","N/A","N/A","N/A","N/A","N/A","N/A","N/A","N/A","N/A","N/A","N/A","N/A","N/A","N/A","N/A","N/A","N/A","N/A","N/A","N/A","N/A","N/A","N/A","N/A","N/A","N/A","N/A","N/A","N/A","N/A","N/A","N/A","N/A","N/A","N/A","N/A","N/A","N/A","N/A","N/A","N/A","N/A","N/A","N/A","N/A","N/A","N/A","N/A"]
[null,"Framework - Policing",null,170,20,"-",180,40,10,"-",50,210,30,"-",240,210,10,"-",230,50,30,"-",80,260,40,"-",310,200,20,"-",220,50,40,"-",90,250,60,"-",310,150,20,"-",160,50,60,"-",110,200,70,"-",270,140,20,"-",160,60,80,"-",140,200,90,"-",300,160,20,"-",180,50,40,"-",90,210,60,"-",260,160,20,10,190,60,50,"-",110,230,70,10,300,130,20,"-",150,50,70,"-",120,180,80,"-",270,160,30,10,200,50,40,"-",90,210,70,10,290,"N/A","N/A","N/A","N/A","N/A","N/A","N/A","N/A","N/A","N/A","N/A","N/A","N/A","N/A","N/A","N/A","-","-","-","-",10,60,10,90,"-","-","-","-",10,60,10,90,"-","-","-","-",10,70,20,100,"-","-","-","-",10,70,20,100,"-","-","-","-","-",60,10,70,"-","-","-","-","-",60,10,70,"-","-","-","-","-",60,20,80,"-","-","-","-","-",60,20,80]
[null,"Framework - Polymer Processing and Signmaking",null,"-","-","-","-","-","-","-","-","-","-","-","-","-","-","-","-","-","-","-","-","-","-","-","-","-","-","-","-","-",10,"-",10,"-",10,"-",10,"-","-","-","-","-",20,"-",20,"-",20,"-",20,"-","-","-","-","-",20,"-",20,"-",20,"-",20,"-","-","-","-","-",10,30,40,"-",10,30,40,"-","-","-","-","-",10,120,120,"-",10,120,120,"-","-","-","-","-",20,30,50,"-",20,30,50,"-","-","-","-","-",10,50,60,"-",10,50,60,20,20,30,60,"-","-","-","-","-","-","-","-",20,20,30,60,10,"-","-",10,"-","-","-","-","-","-","-","-",10,"-","-",20,"-","-",30,40,"-","-","-","-","-","-","-","-","-","-",30,40,"-",10,10,10,"-","-","-",10,"-","-","-","-","-",10,10,20,"-",10,"-",10,"-","-","-",10,"-","-","-","-",10,10,"-",20]
[null,"Framework - Ports Industry",null,"-","-","-","-","-","-","-","-","-","-","-","-","-","-","-","-","-","-","-","-","-","-","-","-","-","-","-","-","-","-","-","-","-","-","-","-","-","-","-","-","-","-","-","-","-","-","-","-","-","-","-","-","-","-","-","-","-","-","-","-","-","-","-","-","-","-","-","-","-","-","-","-","-","-","-","-","-","-","-","-","-","-","-","-","-","-","-","-","-","-","-","-","-","-","-","-","-","-","-","-","-","-","-","-","-","-","-","-","N/A","N/A","N/A","N/A","N/A","N/A","N/A","N/A","N/A","N/A","N/A","N/A","N/A","N/A","N/A","N/A","N/A","N/A","N/A","N/A","N/A","N/A","N/A","N/A","N/A","N/A","N/A","N/A","N/A","N/A","N/A","N/A","N/A","N/A","N/A","N/A","N/A","N/A","N/A","N/A","N/A","N/A","N/A","N/A","N/A","N/A","N/A","N/A","N/A","N/A","N/A","N/A","N/A","N/A","N/A","N/A","N/A","N/A","N/A","N/A","N/A","N/A","N/A","N/A","N/A","N/A","N/A","N/A","N/A","N/A","N/A","N/A","N/A","N/A","N/A","N/A","N/A","N/A","N/A","N/A"]
[null,"Framework - Power Industry",null,"-","-","-","-","-","-","-","-","-","-","-","-","-","-","-","-","-","-","-","-","-","-","-","-","-","-","-","-","-","-","-","-","-","-","-","-","-","-","-","-","-","-","-","-","-","-","-","-","-","-","-","-","-","-","-","-","-","-","-","-","-","-","-","-","-","-","-","-","-","-","-","-","-","-","-","-","-","-","-","-","-","-","-","-","-","-","-","-","-","-","-","-","-","-","-","-","-","-","-","-","-","-","-","-","-","-","-","-","-",10,10,20,50,30,10,90,"-","-","-","-",50,50,20,120,10,20,30,50,40,30,"-",70,"-","-","-","-",40,50,30,110,20,40,30,90,20,10,10,40,"-","-","-","-",40,50,40,130,60,90,20,170,10,20,10,40,"-","-","-","-",60,110,40,200,40,70,60,170,30,30,"-",60,"-","-","-","-",70,100,60,230]
[null,"Framework - Print and Printed Packaging",null,"-","-","-","-","-","-","-","-","-","-","-","-","-","-","-","-","-","-","-","-","-","-","-","-","-","-","-","-","-","-","-","-","-","-","-","-","-","-","-","-","-","-","-","-","-","-","-","-","-","-","-","-","-","-","-","-","-","-","-","-","-","-","-","-","-","-","-","-","-","-","-","-","-","-","-","-","-","-","-","-","-","-","-","-","-","-","-","-","-","-","-","-","-","-","-","-","-","-","-","-","-","-","-","-","-","-","-","-","N/A","N/A","N/A","N/A","N/A","N/A","N/A","N/A","N/A","N/A","N/A","N/A","N/A","N/A","N/A","N/A","N/A","N/A","N/A","N/A","N/A","N/A","N/A","N/A","N/A","N/A","N/A","N/A","N/A","N/A","N/A","N/A","N/A","N/A","N/A","N/A","N/A","N/A","N/A","N/A","N/A","N/A","N/A","N/A","N/A","N/A","N/A","N/A",40,40,30,110,60,50,30,130,"-","-","-","-",100,80,60,240,50,50,20,110,40,60,10,120,"-","-","-","-",90,100,30,230]
[null,"Framework - Process Technology",null,"-","-","-","-","-","-","-","-","-","-","-","-","-","-","-","-","-","-","-","-","-","-","-","-","-","-","-","-","-","-","-","-","-","-","-","-","-","-","-","-","-","-","-","-","-","-","-","-","-","-","-","-","-","-","-","-","-","-","-","-","-","-","-","-","-","-","-","-","-","-","-","-","-","-","-","-","-","-","-","-","-","-","-","-","-","-","-","-","-","-","-","-","-","-","-","-","-","-","-","-","-","-","-","-","-","-","-","-",10,"-","-",20,90,30,"-",120,"-","-","-","-",110,30,"-",140,10,10,"-",10,90,30,10,120,"-","-","-","-",90,30,10,130,20,10,"-",40,60,10,"-",70,"-","-","-","-",90,20,"-",110,30,20,"-",60,80,20,"-",110,"-","-","-","-",110,50,10,170,50,20,10,80,70,50,"-",120,"-","-","-","-",120,70,10,200]
[null,"Framework - Procurement",null,"-","-","-","-","-","-","-","-","-","-","-","-","-","-","-","-","-","-","-","-","-","-","-","-","-","-","-","-","-","-","-","-","-","-","-","-","-","-","-","-","-","-","-","-","-","-","-","-","-","-","-","-","-","-","-","-","-","-","-","-","-","-","-","-","-","-","-","-","-","-","-","-","-","-","-","-","-","-","-","-","-","-","-","-","-","-","-","-","-","-","-","-","-","-","-","-","-","-","-","-","-","-","-","-","-","-","-","-","N/A","N/A","N/A","N/A","N/A","N/A","N/A","N/A","N/A","N/A","N/A","N/A","N/A","N/A","N/A","N/A","N/A","N/A","N/A","N/A","N/A","N/A","N/A","N/A","N/A","N/A","N/A","N/A","N/A","N/A","N/A","N/A","N/A","N/A","N/A","N/A","N/A","N/A","N/A","N/A","N/A","N/A","N/A","N/A","N/A","N/A","N/A","N/A","N/A","N/A","N/A","N/A","N/A","N/A","N/A","N/A","N/A","N/A","N/A","N/A","N/A","N/A","N/A","N/A","N/A","N/A","N/A","N/A","N/A","N/A","N/A","N/A","N/A","N/A","N/A","N/A","N/A","N/A","N/A","N/A"]
[null,"Framework - Production Horticulture",null,"-","-","-","-","-","-","-","-","-","-","-","-","-","-","-","-","-","-","-","-","-","-","-","-","-","-","-","-","-","-","-","-","-","-","-","-","-","-","-","-","-","-","-","-","-","-","-","-","-","-","-","-","-","-","-","-","-","-","-","-","-","-","-","-","-","-","-","-","-","-","-","-","-","-","-","-","-","-","-","-","-","-","-","-","-","-","-","-","-","-","-","-","-","-","-","-","-","-","-","-","-","-","-","-","-","-","-","-","N/A","N/A","N/A","N/A","N/A","N/A","N/A","N/A","N/A","N/A","N/A","N/A","N/A","N/A","N/A","N/A","N/A","N/A","N/A","N/A","N/A","N/A","N/A","N/A","N/A","N/A","N/A","N/A","N/A","N/A","N/A","N/A","N/A","N/A","N/A","N/A","N/A","N/A","N/A","N/A","N/A","N/A","N/A","N/A","N/A","N/A","N/A","N/A","N/A","N/A","N/A","N/A","N/A","N/A","N/A","N/A","N/A","N/A","N/A","N/A","N/A","N/A","N/A","N/A","N/A","N/A","N/A","N/A","N/A","N/A","N/A","N/A","N/A","N/A","N/A","N/A","N/A","N/A","N/A","N/A"]
[null,"Framework - Professional Services",null,"-","-","-","-","-","-","-","-","-","-","-","-","-","-","-","-","-","-","-","-","-","-","-","-","-","-","-","-","-","-","-","-","-","-","-","-","-","-","-","-","-","-","-","-","-","-","-","-","-","-","-","-","-","-","-","-","-","-","-","-","-","-","-","-","-","-","-","-","-","-","-","-","-","-","-","-","-","-","-","-","-","-","-","-","-","-","-","-","-","-","-","-","-","-","-","-","-","-","-","-","-","-","-","-","-","-","-","-","N/A","N/A","N/A","N/A","N/A","N/A","N/A","N/A","N/A","N/A","N/A","N/A","N/A","N/A","N/A","N/A","N/A","N/A","N/A","N/A","N/A","N/A","N/A","N/A","N/A","N/A","N/A","N/A","N/A","N/A","N/A","N/A","N/A","N/A","N/A","N/A","N/A","N/A","N/A","N/A","N/A","N/A","N/A","N/A","N/A","N/A","N/A","N/A","-","-","-","-","-","-","-","-",20,20,"-",40,20,20,"-",40,"-","-","-","-","-","-","-","-",60,80,10,150,60,80,10,150]
[null,"Framework - Project Management",null,"-","-","-","-","-","-","-","-","-","-","-","-","-","-","-","-","-","-","-","-","-","-","-","-","-","-","-","-","-","-","-","-","-","-","-","-","-","-","-","-","-","-","-","-","-","-","-","-","-","-","-","-","-","-","-","-","-","-","-","-","-","-","-","-","-","-","-","-","-","-","-","-","-","-","-","-","-","-",10,10,"-","-",10,10,"-","-","-","-","-",10,30,40,"-",10,30,40,50,10,"-",60,"-",60,340,410,50,70,340,470,"N/A","N/A","N/A","N/A","N/A","N/A","N/A","N/A","N/A","N/A","N/A","N/A","N/A","N/A","N/A","N/A","N/A","N/A","N/A","N/A","N/A","N/A","N/A","N/A","N/A","N/A","N/A","N/A","N/A","N/A","N/A","N/A","N/A","N/A","N/A","N/A","N/A","N/A","N/A","N/A","N/A","N/A","N/A","N/A","N/A","N/A","N/A","N/A","-","-","-","-","-","-","-","-","-","-","-",10,"-","-","-",10,"-","-","-","-","-","-","-","-",40,40,50,120,40,40,50,120]
[null,"Framework - Property Services",null,"-","-","-","-","-","-","-","-","-","-","-","-","-","-","-","-","-","-","-","-","-","-","-","-","-","-","-","-","-","-","-","-","-","-","-","-",80,90,"-",170,"-","-","-","-",80,90,"-",170,20,130,"-",150,"-","-","-","-",20,130,"-",150,30,90,20,130,"-","-","-","-",30,90,20,130,10,40,50,100,"-","-","-","-",10,40,50,100,130,160,70,360,"-","-","-","-",130,160,70,360,60,90,90,240,"-","-","-","-",60,90,90,240,20,40,50,100,20,40,30,100,"-","-","-","-",40,80,80,200,30,30,20,90,10,30,30,60,"-","-","-","-",40,60,50,150,60,70,50,190,10,30,30,70,"-","-","-","-",70,100,90,250,100,130,10,250,10,60,30,100,"-","-","-","-",110,190,40,340,190,150,40,380,20,140,170,330,"-","-","-","-",210,290,210,710]
[null,"Framework - Providing Financial Advice",null,null,null,null,null,null,null,null,null,null,null,null,null,null,null,null,null,null,null,null,null,null,null,null,null,null,null,null,null,null,null,null,null,null,null,null,null,null,null,null,null,null,null,null,null,null,null,null,null,null,null,null,null,null,null,null,null,null,null,null,null,null,null,null,null,null,null,null,null,null,null,null,null,null,null,null,null,null,null,null,null,null,null,null,null,null,null,null,null,null,null,null,null,null,null,null,null,null,null,null,null,null,null,null,null,null,null,null,null,"N/A","N/A","N/A","N/A","N/A","N/A","N/A","N/A","N/A","N/A","N/A","N/A","N/A","N/A","N/A","N/A","N/A","N/A","N/A","N/A","N/A","N/A","N/A","N/A","N/A","N/A","N/A","N/A","N/A","N/A","N/A","N/A","N/A","N/A","N/A","N/A","N/A","N/A","N/A","N/A","N/A","N/A","N/A","N/A","N/A","N/A","N/A","N/A",170,330,210,710,90,410,270,770,"-","-","-","-",260,730,480,1470,"N/A","N/A","N/A","N/A","N/A","N/A","N/A","N/A","N/A","N/A","N/A","N/A","N/A","N/A","N/A","N/A"]
[null,"Framework - Providing Financial Services",null,null,null,null,null,null,null,null,null,null,null,null,null,null,null,null,null,null,null,null,null,null,null,null,null,null,null,null,null,null,null,null,null,null,null,null,null,null,null,null,null,null,null,null,null,null,null,null,null,null,null,null,null,null,null,null,null,null,null,null,null,null,null,null,null,null,null,null,null,null,null,null,null,null,null,null,null,null,null,null,null,null,null,null,null,null,null,null,null,null,null,null,null,null,null,null,null,null,null,null,null,null,null,null,null,null,null,null,null,"N/A","N/A","N/A","N/A","N/A","N/A","N/A","N/A","N/A","N/A","N/A","N/A","N/A","N/A","N/A","N/A","N/A","N/A","N/A","N/A","N/A","N/A","N/A","N/A","N/A","N/A","N/A","N/A","N/A","N/A","N/A","N/A","N/A","N/A","N/A","N/A","N/A","N/A","N/A","N/A","N/A","N/A","N/A","N/A","N/A","N/A","N/A","N/A","N/A","N/A","N/A","N/A","N/A","N/A","N/A","N/A","N/A","N/A","N/A","N/A","N/A","N/A","N/A","N/A",300,460,350,1110,190,440,270,900,"-","-","-","-",490,900,620,2010]
[null,"Framework - Providing Financial Services (Banks and Building Societies)",null,10,20,"-",30,60,950,"-",1010,70,970,"-",1040,20,30,"-",50,50,780,"-",830,70,810,"-",880,110,950,"-",1060,20,480,"-",510,130,1430,10,1570,150,1330,"-",1480,20,350,"-",370,170,1690,"-",1850,100,1300,10,1400,20,550,10,570,120,1840,10,1970,170,2090,1650,3910,30,750,1380,2150,200,2840,3030,6060,180,2230,3490,5900,10,750,3260,4020,190,2980,6750,9930,190,3160,2600,5940,20,910,2930,3860,210,4070,5520,9800,250,4820,10360,15430,60,2240,12050,14350,310,7060,22410,29790,"N/A","N/A","N/A","N/A","N/A","N/A","N/A","N/A","N/A","N/A","N/A","N/A","N/A","N/A","N/A","N/A","N/A","N/A","N/A","N/A","N/A","N/A","N/A","N/A","N/A","N/A","N/A","N/A","N/A","N/A","N/A","N/A","N/A","N/A","N/A","N/A","N/A","N/A","N/A","N/A","N/A","N/A","N/A","N/A","N/A","N/A","N/A","N/A","N/A","N/A","N/A","N/A","N/A","N/A","N/A","N/A","N/A","N/A","N/A","N/A","N/A","N/A","N/A","N/A","N/A","N/A","N/A","N/A","N/A","N/A","N/A","N/A","N/A","N/A","N/A","N/A","N/A","N/A","N/A","N/A"]
[null,"Framework - Providing Mortgage Advice",null,"-","-","-","-","-","-","-","-","-","-","-","-","-","-","-","-","-","-","-","-","-","-","-","-","-","-","-","-","-","-","-","-","-","-","-","-","-","-","-","-","-","-","-","-","-","-","-","-","-","-","-","-","-","-","-","-","-","-","-","-","-","-","-","-","-","-","-","-","-","-","-","-","-","-","-","-","-","-","-","-","-","-","-","-","-","-","-","-","-","-","-","-","-","-","-","-","-","-","-","-","-","-","-","-","-","-","-","-","N/A","N/A","N/A","N/A","N/A","N/A","N/A","N/A","N/A","N/A","N/A","N/A","N/A","N/A","N/A","N/A","N/A","N/A","N/A","N/A","N/A","N/A","N/A","N/A","N/A","N/A","N/A","N/A","N/A","N/A","N/A","N/A","N/A","N/A","N/A","N/A","N/A","N/A","N/A","N/A","N/A","N/A","N/A","N/A","N/A","N/A","N/A","N/A","N/A","N/A","N/A","N/A","N/A","N/A","N/A","N/A","N/A","N/A","N/A","N/A","N/A","N/A","N/A","N/A","N/A","N/A","N/A","N/A","N/A","N/A","N/A","N/A","N/A","N/A","N/A","N/A","N/A","N/A","N/A","N/A"]
[null,"Framework - Providing Security Services",null,10,"-","-",20,40,10,"-",40,50,10,"-",60,50,10,"-",50,70,50,"-",120,120,50,"-",170,110,20,"-",140,100,40,"-",150,220,70,"-",280,70,10,"-",70,70,30,"-",100,130,40,"-",170,50,10,"-",60,60,40,"-",100,110,50,"-",160,80,10,"-",90,50,40,"-",90,130,50,"-",180,100,30,"-",130,50,30,"-",80,150,60,"-",210,140,30,10,180,40,40,10,90,180,80,10,270,70,10,"-",80,80,50,"-",130,140,60,10,210,340,760,1070,2170,"-","-","-","-","-","-","-","-",340,760,1070,2170,400,380,570,1350,"-",10,"-",20,"-","-","-","-",400,400,570,1370,150,530,990,1680,10,40,"-",50,"-","-","-","-",160,580,1000,1730,80,430,720,1230,10,20,"-",30,"-","-","-","-",90,450,720,1260,100,230,510,830,10,20,10,40,"-","-","-","-",110,250,510,870]
[null,"Framework - Public Relations",null,"-","-","-","-","-","-","-","-","-","-","-","-","-","-","-","-","-","-","-","-","-","-","-","-","-","-","-","-","-","-","-","-","-","-","-","-","-","-","-","-","-","-","-","-","-","-","-","-","-","-","-","-","-","-","-","-","-","-","-","-","-","-","-","-","-","-","-","-","-","-","-","-","-","-","-","-","-","-","-","-","-","-","-","-",10,10,"-",20,"-","-","-",10,10,10,"-",30,20,20,"-",40,10,10,10,20,20,20,10,60,"N/A","N/A","N/A","N/A","N/A","N/A","N/A","N/A","N/A","N/A","N/A","N/A","N/A","N/A","N/A","N/A","N/A","N/A","N/A","N/A","N/A","N/A","N/A","N/A","N/A","N/A","N/A","N/A","N/A","N/A","N/A","N/A","-","-","-","-","-","-","-","-",10,20,"-",30,10,20,"-",30,"-","-","-","-","-","-","-","-","-",20,"-",20,"-",20,"-",20,"-","-","-","-","-","-","-","-","-",10,"-",10,"-",10,"-",10]
[null,"Framework - Public Services",null,110,100,"-",210,"-","-","-","-",110,100,"-",210,130,130,"-",260,"-","-","-",10,130,140,"-",260,90,70,"-",170,10,"-","-",10,100,80,"-",170,150,110,"-",260,"-",10,"-",10,150,110,"-",270,120,110,"-",230,"-",10,"-",10,120,120,"-",240,60,60,"-",120,"-","-","-","-",60,60,"-",120,"-","-","-","-","-","-","-","-","-","-","-","-","-","-","-","-","-","-","-","-","-","-","-","-","-","-","-","-","-","-","-","-","-","-","-","-",130,420,110,660,"-","-","-","-","-","-","-","-",130,420,110,660,130,510,90,730,"-","-","-","-","-","-","-","-",130,510,90,730,260,960,230,1460,"-","-","-","-","-","-","-","-",260,960,230,1460,500,1490,430,2420,"-","-","-","-","-","-","-","-",500,1490,430,2420,650,1730,430,2800,"-","-","-","-","-","-","-","-",650,1730,430,2800]
[null,"Framework - Purchasing and Supply Management",null,1670,420,"-",2090,600,240,"-",850,2280,660,"-",2930,2360,760,"-",3110,960,560,"-",1520,3310,1320,"-",4630,2550,970,"-",3530,940,750,"-",1680,3490,1720,"-",5210,2040,610,10,2660,900,840,"-",1740,2940,1450,10,4400,2290,700,"-",2990,1060,1260,10,2330,3350,1960,10,5310,2960,870,70,3900,570,930,60,1560,3530,1800,120,5460,2170,750,270,3190,660,1020,220,1900,2830,1770,500,5090,1960,790,240,2980,780,1170,170,2120,2740,1950,410,5100,2090,900,390,3380,660,1070,300,2030,2750,1970,690,5410,10,"-","-",20,"-","-","-","-","-","-","-","-",10,"-",10,20,"-",20,110,140,"-","-","-","-","-","-","-","-","-",20,110,140,"N/A","N/A","N/A","N/A","N/A","N/A","N/A","N/A","N/A","N/A","N/A","N/A","N/A","N/A","N/A","N/A","N/A","N/A","N/A","N/A","N/A","N/A","N/A","N/A","N/A","N/A","N/A","N/A","N/A","N/A","N/A","N/A","N/A","N/A","N/A","N/A","N/A","N/A","N/A","N/A","N/A","N/A","N/A","N/A","N/A","N/A","N/A","N/A"]
[null,"Framework - QA Games Testing",null,"-","-","-","-","-","-","-","-","-","-","-","-","-","-","-","-","-","-","-","-","-","-","-","-","-","-","-","-","-","-","-","-","-","-","-","-","-","-","-","-","-","-","-","-","-","-","-","-","-","-","-","-","-","-","-","-","-","-","-","-","-","-","-","-","-","-","-","-","-","-","-","-","-","-","-","-","-","-","-","-","-","-","-","-","-","-","-","-","-","-","-","-","-","-","-","-","-","-","-","-","-","-","-","-","-","-","-","-","N/A","N/A","N/A","N/A","N/A","N/A","N/A","N/A","N/A","N/A","N/A","N/A","N/A","N/A","N/A","N/A","N/A","N/A","N/A","N/A","N/A","N/A","N/A","N/A","N/A","N/A","N/A","N/A","N/A","N/A","N/A","N/A","N/A","N/A","N/A","N/A","N/A","N/A","N/A","N/A","N/A","N/A","N/A","N/A","N/A","N/A","N/A","N/A","N/A","N/A","N/A","N/A","N/A","N/A","N/A","N/A","N/A","N/A","N/A","N/A","N/A","N/A","N/A","N/A","N/A","N/A","N/A","N/A","N/A","N/A","N/A","N/A","N/A","N/A","N/A","N/A","N/A","N/A","N/A","N/A"]
[null,"Framework - Rail Engineering Overhead Line Construction",null,20,10,"-",30,30,20,"-",50,40,30,"-",70,30,20,"-",50,40,10,"-",50,70,30,"-",100,30,20,"-",50,30,20,"-",40,50,40,"-",100,10,10,"-",20,20,10,"-",20,30,10,"-",50,20,10,"-",30,20,10,"-",20,40,10,"-",50,20,"-","-",20,20,10,"-",20,30,10,"-",40,10,"-","-",10,10,10,"-",20,20,10,"-",30,"-","-","-","-",10,10,"-",20,20,10,"-",30,"-","-","-","-",20,"-","-",20,20,"-","-",20,"N/A","N/A","N/A","N/A","N/A","N/A","N/A","N/A","N/A","N/A","N/A","N/A","N/A","N/A","N/A","N/A","N/A","N/A","N/A","N/A","N/A","N/A","N/A","N/A","N/A","N/A","N/A","N/A","N/A","N/A","N/A","N/A","N/A","N/A","N/A","N/A","N/A","N/A","N/A","N/A","N/A","N/A","N/A","N/A","N/A","N/A","N/A","N/A","N/A","N/A","N/A","N/A","N/A","N/A","N/A","N/A","N/A","N/A","N/A","N/A","N/A","N/A","N/A","N/A",10,10,"-",20,"-","-","-","-","-","-","-","-",10,10,"-",20]
[null,"Framework - Rail Infrastructure Engineering",null,"-","-","-","-","-","-","-","-","-","-","-","-","-","-","-","-","-","-","-","-","-","-","-","-","-","-","-","-","-","-","-","-","-","-","-","-","-","-","-","-","-","-","-","-","-","-","-","-","-","-","-","-","-","-","-","-","-","-","-","-","-","-","-","-","-","-","-","-","-","-","-","-","-","-","-","-","-","-","-","-","-","-","-","-","-","-","-","-","-","-","-","-","-","-","-","-","-","-","-","-","-","-","-","-","-","-","-","-","N/A","N/A","N/A","N/A","N/A","N/A","N/A","N/A","N/A","N/A","N/A","N/A","N/A","N/A","N/A","N/A","-","-","-","-","-",10,"-",10,"-","-","-","-","-",10,"-",10,"-","-","-","-",70,120,20,200,"-","-","-","-",70,120,20,200,140,90,"-",230,20,210,30,260,"-","-","-","-",160,290,30,480,130,90,"-",220,60,110,30,190,"-","-","-","-",180,200,30,410]
[null,"Framework - Rail Services",null,"-","-","-","-","-","-","-","-","-","-","-","-","-","-","-","-","-","-","-","-","-","-","-","-","-","-","-","-","-","-","-","-","-","-","-","-","-","-","-","-","-","-","-","-","-","-","-","-","-","-","-","-","-","-","-","-","-","-","-","-","-","-","-","-","-","-","-","-","-","-","-","-","-","-","-","-","-","-","-","-","-","-","-","-","-","-","-","-","-","-","-","-","-","-","-","-","-","-","-","-","-","-","-","-","-","-","-","-",10,"-",10,20,"-","-","-","-","-","-","-","-",10,"-",10,20,10,10,120,140,"-","-","-","-","-","-","-","-",10,10,120,140,10,30,170,220,"-","-",10,10,"-","-","-","-",10,30,180,230,10,100,360,470,"-","-",10,10,"-","-","-","-",10,100,370,480,"-",10,70,90,"-","-","-","-","-","-","-","-","-",10,70,90]
[null,"Framework - Rail Traction and Rolling Stock Engineering",null,null,null,null,null,null,null,null,null,null,null,null,null,null,null,null,null,null,null,null,null,null,null,null,null,null,null,null,null,null,null,null,null,null,null,null,null,null,null,null,null,null,null,null,null,null,null,null,null,null,null,null,null,null,null,null,null,null,null,null,null,null,null,null,null,null,null,null,null,null,null,null,null,null,null,null,null,null,null,null,null,null,null,null,null,null,null,null,null,null,null,null,null,null,null,null,null,null,null,null,null,null,null,null,null,null,null,null,null,"N/A","N/A","N/A","N/A","N/A","N/A","N/A","N/A","N/A","N/A","N/A","N/A","N/A","N/A","N/A","N/A","N/A","N/A","N/A","N/A","N/A","N/A","N/A","N/A","N/A","N/A","N/A","N/A","N/A","N/A","N/A","N/A","-","-","-","-","-",10,"-",20,"-","-","-","-","-",10,"-",20,"-","-","-","-",10,"-","-",10,"-","-","-","-",10,10,"-",10,"-","-","-","-",10,10,"-",20,"-","-","-","-",10,10,"-",20]
[null,"Framework - Rail Transport Engineering",null,"-","-","-","-","-","-","-","-","-","-","-","-","-","-","-","-","-","-","-","-","-","-","-","-","-","-","-","-","-","-","-","-","-","-","-","-","-","-","-","-","-","-","-","-","-","-","-","-","-","-","-","-","-","-","-","-","-","-","-","-","-","-","-","-","-","-","-","-","-","-","-","-","-","-","-","-",40,30,10,70,40,30,10,70,"-","-","-","-",50,30,10,100,50,30,10,100,"-","-","-","-",190,150,30,370,190,150,30,370,1030,220,40,1290,10,20,"-",30,"-","-","-","-",1040,240,40,1320,640,310,70,1010,10,10,"-",10,"-","-","-","-",640,310,70,1020,480,540,120,1140,10,10,"-",20,"-","-","-","-",490,540,130,1160,490,390,80,970,"-","-","-","-","-","-","-","-",490,390,80,970,460,360,80,890,"-","-","-","-","-","-","-","-",460,360,80,890]
[null,"Framework - Recruitment",null,"-","-","-","-","-","-","-","-","-","-","-","-","-","-","-","-","-","-","-","-","-","-","-","-","-","-","-","-","-","-","-","-","-","-","-","-",20,"-","-",30,"-","-","-","-",20,"-","-",30,"-","-","-","-","-","-","-","-","-","-","-","-",10,"-","-",10,"-","-","-","-",10,"-","-",10,20,10,"-",30,"-","-","-","-",20,10,"-",30,60,10,10,90,10,10,"-",20,70,30,10,110,90,30,20,140,40,80,30,140,130,110,40,280,"N/A","N/A","N/A","N/A","N/A","N/A","N/A","N/A","N/A","N/A","N/A","N/A","N/A","N/A","N/A","N/A","N/A","N/A","N/A","N/A","N/A","N/A","N/A","N/A","N/A","N/A","N/A","N/A","N/A","N/A","N/A","N/A","-","-","-","-","-",10,10,20,"-","-","-","-","-",10,10,20,"-","-","-","-",10,40,20,70,"-","-","-","-",10,40,20,70,50,60,10,120,10,60,50,120,"-","-","-","-",60,120,60,240]
[null,"Framework - Retail",null,"-","-","-","-","-","-","-","-","-","-","-",10,"-","-","-","-","-","-","-","-","-","-","-",10,"-","-","-","-","-","-","-","-","-","-","-","-","-","-","-","-","-","-","-","-","-","-","-","-","-","-","-","-","-","-","-","-","-","-","-","-","-","-","-","-","-","-","-","-","-","-","-","-","-","-","-","-","-","-","-","-","-","-","-","-","-","-","-","-","-","-","-","-","-","-","-","-","-","-","-","-","-","-","-","-","-","-","-","-",2460,7540,9460,19470,90,980,890,1960,"-","-","-","-",2550,8520,10350,21420,1570,4630,6110,12310,50,810,1030,1880,"-","-","-","-",1620,5440,7140,14190,1190,2850,2500,6530,80,1100,1340,2510,"-","-","-","-",1260,3950,3830,9040,1350,3010,2640,6990,110,910,800,1810,"-","-","-","-",1450,3920,3440,8800,1460,1940,1440,4840,100,820,1130,2050,"-","-","-","-",1560,2760,2570,6890]
[null,"Framework - Retail Management",null,"-","-","-","-","-","-","-","-","-","-","-","-","-","-","-","-","-","-","-","-","-","-","-","-","-","-","-","-","-","-","-","-","-","-","-","-","-","-","-","-","-","-","-","-","-","-","-","-","-","-","-","-","-","-","-","-","-","-","-","-","-","-","-","-","-","-","-","-","-","-","-","-","-","-","-","-","-","-","-","-","-","-","-","-","-","-","-","-","-","-","-","-","-","-","-","-","-","-","-","-","-","-","-","-","-","-","-","-","N/A","N/A","N/A","N/A","N/A","N/A","N/A","N/A","N/A","N/A","N/A","N/A","N/A","N/A","N/A","N/A","N/A","N/A","N/A","N/A","N/A","N/A","N/A","N/A","N/A","N/A","N/A","N/A","N/A","N/A","N/A","N/A","N/A","N/A","N/A","N/A","N/A","N/A","N/A","N/A","N/A","N/A","N/A","N/A","N/A","N/A","N/A","N/A","N/A","N/A","N/A","N/A","N/A","N/A","N/A","N/A","N/A","N/A","N/A","N/A","N/A","N/A","N/A","N/A","N/A","N/A","N/A","N/A","N/A","N/A","N/A","N/A","N/A","N/A","N/A","N/A","N/A","N/A","N/A","N/A"]
[null,"Framework - Road Passenger Transport - Bus and Coach",null,"-","-","-","-",10,50,"-",60,10,50,"-",60,"-","-","-","-","-",20,"-",20,"-",20,"-",20,"-","-","-","-","-","-","-","-","-","-","-","-","-","-","-","-","-","-","-","-","-","-","-","-","-","-","-","-","-","-","-","-","-","-","-","-","-","-","-","-","-","-","-","-","-","-","-","-","-","-","-","-","-","-","-","-","-","-","-","-","-","-","-","-","-","-","-","-","-","-","-","-","-","-","-","-","-","-","-","-","-","-","-","-","-",50,730,780,"-","-","-","-","-","-","-","-","-",50,730,780,"-",90,1760,1850,"-","-","-","-","-","-","-","-","-",90,1760,1850,"-",70,640,710,"-","-","-","-","-","-","-","-","-",70,640,710,"-",40,290,330,"-","-","-","-","-","-","-","-","-",40,290,330,"-",110,1330,1450,"-","-","-","-","-","-","-","-","-",110,1330,1450]
[null,"Framework - Roadside Assistance and Recovery",null,70,20,"-",90,"-","-","-","-",70,20,"-",90,10,"-","-",10,"-","-","-","-",10,"-","-",20,20,"-","-",20,20,10,"-",20,30,10,"-",40,"-","-","-","-","-","-","-","-","-","-","-","-","-","-","-","-","-","-","-","-","-","-","-","-","-","-","-","-","-","-","-","-","-","-","-","-","-","-","-","-","-","-","-","-","-","-","-","-","-","-","-","-","-","-","-","-","-","-","-","-","-","-","-","-","-","-","-","-","-","-","-","-",10,10,10,20,"-",20,20,40,"-","-","-","-",10,30,30,60,"-","-","-","-","-",20,10,30,"-","-","-","-","-",20,10,30,"N/A","N/A","N/A","N/A","N/A","N/A","N/A","N/A","N/A","N/A","N/A","N/A","N/A","N/A","N/A","N/A","N/A","N/A","N/A","N/A","N/A","N/A","N/A","N/A","N/A","N/A","N/A","N/A","N/A","N/A","N/A","N/A","N/A","N/A","N/A","N/A","N/A","N/A","N/A","N/A","N/A","N/A","N/A","N/A","N/A","N/A","N/A","N/A"]
[null,"Framework - Saddlery",null,null,null,null,null,null,null,null,null,null,null,null,null,null,null,null,null,null,null,null,null,null,null,null,null,null,null,null,null,null,null,null,null,null,null,null,null,null,null,null,null,null,null,null,null,null,null,null,null,null,null,null,null,null,null,null,null,null,null,null,null,null,null,null,null,null,null,null,null,null,null,null,null,null,null,null,null,null,null,null,null,null,null,null,null,null,null,null,null,null,null,null,null,null,null,null,null,null,null,null,null,null,null,null,null,null,null,null,null,"N/A","N/A","N/A","N/A","N/A","N/A","N/A","N/A","N/A","N/A","N/A","N/A","N/A","N/A","N/A","N/A","N/A","N/A","N/A","N/A","N/A","N/A","N/A","N/A","N/A","N/A","N/A","N/A","N/A","N/A","N/A","N/A","N/A","N/A","N/A","N/A","N/A","N/A","N/A","N/A","N/A","N/A","N/A","N/A","N/A","N/A","N/A","N/A","N/A","N/A","N/A","N/A","N/A","N/A","N/A","N/A","N/A","N/A","N/A","N/A","N/A","N/A","N/A","N/A","N/A","N/A","N/A","N/A","N/A","N/A","N/A","N/A","N/A","N/A","N/A","N/A","N/A","N/A","N/A","N/A"]
[null,"Framework - Sales and Telesales",null,"-","-","-","-","-","-","-","-","-","-","-","-","-","-","-","-","-","-","-","-","-","-","-","-","-","-","-","-","-","-","-","-","-","-","-","-","-","-","-","-","-","-","-","-","-","-","-","-","-","-","-","-","-","-","-","-","-","-","-","-","-","-","-","-","-","-","-","-","-","-","-","-","-","-","-","-","-","-","-","-","-","-","-","-","-","-","-","-","-","-","-","-","-","-","-","-","-","-","-","-","-","-","-","-","-","-","-","-",190,430,310,930,20,50,70,140,"-","-","-","-",210,480,370,1070,90,370,460,920,10,160,240,410,"-","-","-","-",100,530,700,1330,180,480,300,960,30,150,440,620,"-","-","-","-",210,620,740,1570,250,400,290,940,70,150,140,350,"-","-","-","-",320,540,430,1290,230,260,170,660,50,110,100,270,"-","-","-","-",280,380,270,920]
[null,"Framework - Sea Fishing",null,"-","-","-","-","-","-","-","-","-","-","-","-","-","-","-","-","-","-","-","-","-","-","-","-","-","-","-","-","-","-","-","-","-","-","-","-","-","-","-","-","-","-","-","-","-","-","-","-","-","-","-","-","-","-","-","-","-","-","-","-","-","-","-","-","-","-","-","-","-","-","-","-","-","-","-","-","-","-","-","-","-","-","-","-","-","-","-","-","-","-","-","-","-","-","-","-","-","-","-","-","-","-","-","-","-","-","-","-",10,10,"-",20,"-","-","-","-","-","-","-","-",10,10,"-",20,"N/A","N/A","N/A","N/A","N/A","N/A","N/A","N/A","N/A","N/A","N/A","N/A","N/A","N/A","N/A","N/A","N/A","N/A","N/A","N/A","N/A","N/A","N/A","N/A","N/A","N/A","N/A","N/A","N/A","N/A","N/A","N/A","N/A","N/A","N/A","N/A","N/A","N/A","N/A","N/A","N/A","N/A","N/A","N/A","N/A","N/A","N/A","N/A","N/A","N/A","N/A","N/A","N/A","N/A","N/A","N/A","N/A","N/A","N/A","N/A","N/A","N/A","N/A","N/A"]
[null,"Framework - Security Industry",null,"-","-","-","-","-","-","-","-","-","-","-","-","-","-","-","-","-","-","-","-","-","-","-","-","-","-","-","-","-","-","-","-","-","-","-","-","-","-","-","-","-","-","-","-","-","-","-","-","-","-","-","-","-","-","-","-","-","-","-","-",20,70,10,100,"-",20,10,30,20,90,20,130,20,90,70,180,"-",30,40,70,20,120,110,250,20,160,100,280,"-",50,60,120,20,210,170,400,10,30,40,70,"-","-","-",10,10,30,40,80,"-","-","-","-","-",10,10,20,"-","-","-","-","-",10,10,20,"-","-","-","-",10,"-","-",10,"-","-","-","-",10,"-","-",10,"N/A","N/A","N/A","N/A","N/A","N/A","N/A","N/A","N/A","N/A","N/A","N/A","N/A","N/A","N/A","N/A","N/A","N/A","N/A","N/A","N/A","N/A","N/A","N/A","N/A","N/A","N/A","N/A","N/A","N/A","N/A","N/A","N/A","N/A","N/A","N/A","N/A","N/A","N/A","N/A","N/A","N/A","N/A","N/A","N/A","N/A","N/A","N/A"]
[null,"Framework - Security Systems",null,"-","-","-","-","-","-","-","-","-","-","-","-",30,90,"-",120,"-",30,"-",30,30,120,"-",150,40,70,"-",110,"-",30,"-",30,40,100,"-",140,40,100,"-",130,"-",40,"-",50,40,140,"-",180,30,90,"-",110,"-",50,"-",50,30,130,"-",160,"-","-","-","-","-","-","-","-","-","-","-","-","-","-","-","-","-","-","-","-","-","-","-","-","-","-","-","-","-","-","-","-","-","-","-","-","-","-","-","-","-","-","-","-","-","-","-","-",40,20,"-",70,10,50,"-",60,"-","-","-","-",50,70,10,130,70,30,"-",100,10,20,"-",20,"-","-","-","-",70,40,"-",120,10,10,10,20,"-","-","-","-","-","-","-","-",10,10,10,20,"N/A","N/A","N/A","N/A","N/A","N/A","N/A","N/A","N/A","N/A","N/A","N/A","N/A","N/A","N/A","N/A","N/A","N/A","N/A","N/A","N/A","N/A","N/A","N/A","N/A","N/A","N/A","N/A","N/A","N/A","N/A","N/A"]
[null,"Framework - Set Crafts",null,"-","-","-","-","-","-","-","-","-","-","-","-","-","-","-","-","-","-","-","-","-","-","-","-","-","-","-","-","-","-","-","-","-","-","-","-","-","-","-","-","-","-","-","-","-","-","-","-","-","-","-","-","-","-","-","-","-","-","-","-","-","-","-","-","-","-","-","-","-","-","-","-","-","-","-","-","-","-","-","-","-","-","-","-","-","-","-","-","-","-","-","-","-","-","-","-","-","-","-","-","-","-","-","-","-","-","-","-","N/A","N/A","N/A","N/A","N/A","N/A","N/A","N/A","N/A","N/A","N/A","N/A","N/A","N/A","N/A","N/A","N/A","N/A","N/A","N/A","N/A","N/A","N/A","N/A","N/A","N/A","N/A","N/A","N/A","N/A","N/A","N/A","N/A","N/A","N/A","N/A","N/A","N/A","N/A","N/A","N/A","N/A","N/A","N/A","N/A","N/A","N/A","N/A","N/A","N/A","N/A","N/A","N/A","N/A","N/A","N/A","N/A","N/A","N/A","N/A","N/A","N/A","N/A","N/A","N/A","N/A","N/A","N/A","N/A","N/A","N/A","N/A","N/A","N/A","N/A","N/A","N/A","N/A","N/A","N/A"]
[null,"Framework - Signmaking",null,"-","-","-","-","-","-","-","-","-","-","-","-","-",10,"-",10,"-","-","-","-","-",10,"-",10,"-","-","-","-","-","-","-","-","-",10,"-",10,"-","-","-",10,"-",10,"-",10,"-",10,"-",10,10,"-","-",10,"-","-","-","-",10,10,"-",10,"-",10,"-",10,"-","-","-","-","-",10,"-",10,"-",10,20,40,"-","-",10,20,"-",20,40,60,"-",20,40,60,"-","-","-",10,"-",20,40,70,"-",10,30,50,"-","-",10,10,"-",20,40,60,"-","-","-","-","-","-","-","-","-","-","-","-","-","-","-",10,40,20,"-",60,"-","-","-","-","-","-","-","-",40,20,"-",60,40,10,"-",50,"-",10,"-",10,"-","-","-","-",40,20,"-",60,50,30,"-",80,"-",10,"-",10,"-","-","-","-",50,40,"-",90,40,30,"-",70,"-","-","-",10,"-","-","-","-",40,30,"-",80]
[null,"Framework - Smart Meter Installations (Dual Fuel)",null,"-","-","-",10,"-","-","-","-","-","-","-",10,"-","-","-","-","-","-","-","-","-","-","-","-","-","-","-","-","-","-","-","-","-","-","-","-","-","-","-","-","-","-","-","-","-","-","-","-","-","-","-","-","-","-","-","-","-","-","-","-","-","-","-","-","-","-","-","-","-","-","-","-","-","-","-","-","-","-","-","-","-","-","-","-","-","-","-","-","-","-","-","-","-","-","-","-","-","-","-","-","-","-","-","-","-","-","-","-","N/A","N/A","N/A","N/A","N/A","N/A","N/A","N/A","N/A","N/A","N/A","N/A","N/A","N/A","N/A","N/A","N/A","N/A","N/A","N/A","N/A","N/A","N/A","N/A","N/A","N/A","N/A","N/A","N/A","N/A","N/A","N/A","-",20,30,50,"-","-","-","-","-","-","-","-","-",20,30,50,"-",70,70,130,"-","-","-","-","-","-","-","-","-",70,70,130,10,140,240,390,"-","-","-","-","-","-","-","-",10,140,240,390]
[null,"Framework - Social Media and Digital Marketing",null,"-","-","-","-","-","-","-",10,"-","-","-",10,"-","-","-","-","-","-","-","-","-","-","-","-",10,10,"-",20,20,10,60,90,20,30,60,110,20,20,"-",40,10,10,20,50,30,30,20,80,10,20,"-",20,20,20,"-",40,20,40,"-",60,10,30,"-",40,20,30,"-",50,30,60,"-",90,20,60,30,110,20,90,120,240,40,150,160,340,"-",10,10,20,30,100,90,230,30,110,110,250,20,60,140,230,40,190,340,580,60,260,490,810,"N/A","N/A","N/A","N/A","N/A","N/A","N/A","N/A","N/A","N/A","N/A","N/A","N/A","N/A","N/A","N/A","N/A","N/A","N/A","N/A","N/A","N/A","N/A","N/A","N/A","N/A","N/A","N/A","N/A","N/A","N/A","N/A","N/A","N/A","N/A","N/A","N/A","N/A","N/A","N/A","N/A","N/A","N/A","N/A","N/A","N/A","N/A","N/A","-","-","-","-",200,90,"-",290,"-","-","-","-",200,90,"-",290,"-","-","-","-",490,350,20,860,"-",10,10,30,500,360,40,890]
[null,"Framework - Sound Recording, Engineering and Studio Facilities",null,"-","-","-","-",10,10,"-",20,10,10,"-",20,"-","-","-","-","-",10,"-",10,"-",10,"-",20,"-","-","-","-","-",10,"-",10,"-",10,"-",10,"-","-","-","-","-","-","-","-","-","-","-","-","-","-","-","-","-","-","-","-","-","-","-","-","-","-","-","-","-","-","-","-","-","-","-","-","-","-","-","-","-","-","-","-","-","-","-","-","-","-","-","-","-","-","-","-","-","-","-","-","-","-","-","-","-","-","-","-","-","-","-","-","N/A","N/A","N/A","N/A","N/A","N/A","N/A","N/A","N/A","N/A","N/A","N/A","N/A","N/A","N/A","N/A","N/A","N/A","N/A","N/A","N/A","N/A","N/A","N/A","N/A","N/A","N/A","N/A","N/A","N/A","N/A","N/A","N/A","N/A","N/A","N/A","N/A","N/A","N/A","N/A","N/A","N/A","N/A","N/A","N/A","N/A","N/A","N/A","N/A","N/A","N/A","N/A","N/A","N/A","N/A","N/A","N/A","N/A","N/A","N/A","N/A","N/A","N/A","N/A","N/A","N/A","N/A","N/A","N/A","N/A","N/A","N/A","N/A","N/A","N/A","N/A","N/A","N/A","N/A","N/A"]
[null,"Framework - Spa Therapy",null,"-","-","-","-","-","-","-","-","-","-","-","-","-","-","-","-","-","-","-","-","-","-","-","-","-","-","-","-","-","-","-","-","-","-","-","-","-","-","-","-","-","-","-","-","-","-","-","-","-","-","-","-","-","-","-","-","-","-","-","-","-","-","-","-","-","-","-","-","-","-","-","-","-","-","-","-","-",10,20,30,"-",10,20,30,"-","-","-","-","-",10,20,30,"-",10,20,30,"-","-","-","-","-","-",10,10,"-","-",10,10,"-","-","-","-",10,"-","-",10,"-","-","-","-",10,"-","-",10,"-","-","-","-",10,"-",10,20,"-","-","-","-",10,"-",10,20,"-","-","-","-",10,10,"-",20,"-","-","-","-",10,10,"-",20,"-","-","-","-",10,10,"-",20,"-","-","-","-",10,10,"-",20,"-","-","-","-",10,10,"-",20,"-","-","-","-",10,10,"-",20]
[null,"Framework - Specialized Process Operations (Nuclear)",null,"-",10,"-",10,"-","-","-","-","-",10,"-",10,"-","-","-","-","-","-","-","-","-","-","-","-","-","-","-","-","-","-","-","-","-","-","-","-","-","-","-","-","-","-","-","-","-","-","-","-","-","-","-","-","-","-","-","-","-","-","-","-","-","-","-","-","-","-","-","-","-","-","-","-","-","-","-","-","-","-","-","-","-","-","-","-","-","-","-","-","-","-","-","-","-","-","-","-","-","-","-","-","-","-","-","-","-","-","-","-","-","-","-",10,"-","-","-","-","-","-","-","-","-","-","-",10,"N/A","N/A","N/A","N/A","N/A","N/A","N/A","N/A","N/A","N/A","N/A","N/A","N/A","N/A","N/A","N/A","N/A","N/A","N/A","N/A","N/A","N/A","N/A","N/A","N/A","N/A","N/A","N/A","N/A","N/A","N/A","N/A","N/A","N/A","N/A","N/A","N/A","N/A","N/A","N/A","N/A","N/A","N/A","N/A","N/A","N/A","N/A","N/A",10,10,"-",30,"-","-","-","-","-","-","-","-",10,10,"-",30]
[null,"Framework - Sporting Excellence",null,null,null,null,null,null,null,null,null,null,null,null,null,null,null,null,null,null,null,null,null,null,null,null,null,null,null,null,null,null,null,null,null,null,null,null,null,null,null,null,null,null,null,null,null,null,null,null,null,null,null,null,null,null,null,null,null,null,null,null,null,null,null,null,null,null,null,null,null,null,null,null,null,null,null,null,null,null,null,null,null,null,null,null,null,null,null,null,null,null,null,null,null,null,null,null,null,null,null,null,null,null,null,null,null,null,null,null,null,"-","-","-","-",1580,20,"-",1610,"-","-","-","-",1580,20,"-",1610,"-","-","-","-",1720,20,"-",1740,"-","-","-","-",1720,20,"-",1740,"-","-","-","-",1720,10,"-",1730,"-","-","-","-",1720,10,"-",1730,"-","-","-","-",1730,10,"-",1750,"-","-","-","-",1730,10,"-",1750,"-","-","-","-",1720,10,"-",1730,"-","-","-","-",1720,10,"-",1730]
[null,"Framework - Supply Chain Management",null,"-","-","-","-","-","-","-","-","-","-","-","-","-","-","-","-","-","-","-","-","-","-","-","-","-","-","-","-","-","-","-","-","-","-","-","-","-","-","-","-","-","-","-","-","-","-","-","-","-","-","-","-","-","-","-","-","-","-","-","-","-","-","-","-","-","-","-","-","-","-","-","-","-","-","-","-","-","-","-","-","-","-","-","-","-","-","-","-","-","-","-","-","-","-","-","-","-","-","-","-",10,70,10,90,10,70,10,90,"N/A","N/A","N/A","N/A","N/A","N/A","N/A","N/A","N/A","N/A","N/A","N/A","N/A","N/A","N/A","N/A","N/A","N/A","N/A","N/A","N/A","N/A","N/A","N/A","N/A","N/A","N/A","N/A","N/A","N/A","N/A","N/A",10,10,"-",20,"-","-",10,10,"-","-","-","-",10,10,10,30,10,10,"-",20,"-","-",10,10,10,"-","-",10,20,10,10,40,10,20,10,40,10,10,10,30,"-","-","-",10,20,30,20,70]
[null,"Framework - Support Services in Healthcare",null,10,"-","-",10,10,"-","-",10,10,"-","-",10,30,10,"-",40,10,10,"-",10,30,20,"-",50,50,20,"-",60,"-","-","-",10,50,20,"-",70,30,10,"-",40,"-","-","-","-",30,10,"-",40,40,10,"-",40,"-","-","-","-",40,10,"-",50,40,10,"-",50,"-","-","-","-",40,10,"-",50,30,10,"-",40,"-","-","-","-",30,10,"-",40,30,20,"-",50,"-","-","-","-",30,20,"-",50,30,30,60,110,"-","-","-","-",30,30,60,110,"-",10,10,30,"-","-","-","-","-","-","-","-","-",10,10,30,"N/A","N/A","N/A","N/A","N/A","N/A","N/A","N/A","N/A","N/A","N/A","N/A","N/A","N/A","N/A","N/A","N/A","N/A","N/A","N/A","N/A","N/A","N/A","N/A","N/A","N/A","N/A","N/A","N/A","N/A","N/A","N/A","N/A","N/A","N/A","N/A","N/A","N/A","N/A","N/A","N/A","N/A","N/A","N/A","N/A","N/A","N/A","N/A","N/A","N/A","N/A","N/A","N/A","N/A","N/A","N/A","N/A","N/A","N/A","N/A","N/A","N/A","N/A","N/A"]
[null,"Framework - Supporting Teaching and Learning in Physical Education and School Sport",null,"-","-","-","-","-","-","-","-","-","-","-","-","-","-","-","-","-","-","-","-","-","-","-","-",10,20,"-",30,"-","-","-","-",10,20,"-",30,10,10,"-",20,"-","-","-","-",10,10,"-",20,"-",10,"-",10,"-","-","-","-","-",10,"-",10,"-","-","-","-","-","-","-","-","-","-","-","-","-","-","-","-","-","-","-","-","-","-","-","-","-","-","-","-","-","-","-","-","-","-","-","-","-","-","-","-","-","-","-","-","-","-","-","-","N/A","N/A","N/A","N/A","N/A","N/A","N/A","N/A","N/A","N/A","N/A","N/A","N/A","N/A","N/A","N/A","N/A","N/A","N/A","N/A","N/A","N/A","N/A","N/A","N/A","N/A","N/A","N/A","N/A","N/A","N/A","N/A","N/A","N/A","N/A","N/A","N/A","N/A","N/A","N/A","N/A","N/A","N/A","N/A","N/A","N/A","N/A","N/A","-","-","-","-",20,30,20,70,"-","-","-","-",20,30,20,70,"-","-","-","-",230,210,60,490,"-","-","-","-",230,210,60,490]
[null,"Framework - Supporting Teaching and Learning in Schools",null,30,10,"-",30,110,50,"-",170,140,60,"-",200,"-","-","-",10,120,80,"-",190,120,80,"-",200,40,10,"-",50,120,60,"-",180,170,70,"-",230,10,10,"-",20,140,70,"-",210,150,80,"-",230,"-","-","-","-",90,50,"-",140,90,50,"-",150,10,10,"-",20,90,60,"-",150,90,70,"-",160,"-","-","-","-",90,100,20,210,90,110,20,210,10,10,"-",20,70,60,20,150,80,60,20,170,30,70,40,140,20,10,10,40,60,80,50,180,240,150,320,710,60,170,1240,1470,"-","-","-","-",300,320,1560,2180,160,140,370,670,110,300,2030,2450,"-","-","-","-",270,440,2400,3110,300,260,380,930,140,350,2010,2500,"-","-","-","-",440,610,2390,3430,480,400,380,1270,250,500,1540,2290,"-","-","-","-",730,910,1920,3550,570,480,500,1540,330,680,1490,2500,"-","-","-","-",900,1150,1990,4040]
[null,"Framework - Surveying",null,80,40,"-",130,100,110,"-",210,180,150,"-",330,70,50,"-",120,120,190,"-",310,190,240,"-",430,80,50,"-",120,130,150,"-",280,200,200,"-",400,80,40,"-",110,110,110,"-",220,180,140,"-",330,40,20,"-",60,60,100,"-",160,100,120,"-",210,40,40,20,90,60,100,70,240,100,140,90,320,40,10,30,80,50,70,60,180,90,90,90,260,50,30,20,100,40,50,30,110,90,80,40,210,60,40,30,130,60,60,110,220,110,100,140,350,"N/A","N/A","N/A","N/A","N/A","N/A","N/A","N/A","N/A","N/A","N/A","N/A","N/A","N/A","N/A","N/A","-","-","-","-",10,10,"-",10,"-","-","-","-",10,10,"-",10,"-","-","-","-",30,10,10,40,"-","-","-","-",30,10,10,40,"-","-","-","-",30,10,"-",30,"-","-","-","-",30,10,"-",30,"-","-","-","-",50,30,"-",80,"-","-","-","-",50,30,"-",80]
[null,"Framework - Sustainable Resource Management",null,null,null,null,null,null,null,null,null,null,null,null,null,null,null,null,null,null,null,null,null,null,null,null,null,null,null,null,null,null,null,null,null,null,null,null,null,null,null,null,null,null,null,null,null,null,null,null,null,null,null,null,null,null,null,null,null,null,null,null,null,null,null,null,null,null,null,null,null,null,null,null,null,null,null,null,null,null,null,null,null,null,null,null,null,null,null,null,null,null,null,null,null,null,null,null,null,null,null,null,null,null,null,null,null,null,null,null,null,10,10,60,90,"-","-",10,10,"-","-","-","-",10,10,80,100,20,60,170,250,"-","-",70,70,"-","-","-","-",20,60,240,320,20,100,340,450,"-","-",40,40,"-","-","-","-",20,100,380,500,20,70,480,570,"-","-",70,70,"-","-","-","-",20,70,560,640,20,60,240,320,"-",10,150,160,"-","-","-","-",20,70,390,480]
[null,"Framework - Textiles",null,10,"-","-",10,50,20,"-",70,60,30,"-",80,20,10,"-",30,20,30,"-",50,50,40,"-",80,20,10,"-",30,30,40,"-",70,50,40,"-",90,10,10,"-",20,80,30,"-",110,90,50,"-",140,10,10,"-",10,130,40,"-",180,140,50,"-",190,20,10,"-",20,130,60,"-",200,140,70,"-",220,10,"-","-",20,130,40,"-",170,140,40,"-",180,20,10,"-",40,120,40,"-",160,140,50,"-",200,20,20,"-",40,110,40,"-",150,130,60,"-",190,"N/A","N/A","N/A","N/A","N/A","N/A","N/A","N/A","N/A","N/A","N/A","N/A","N/A","N/A","N/A","N/A","N/A","N/A","N/A","N/A","N/A","N/A","N/A","N/A","N/A","N/A","N/A","N/A","N/A","N/A","N/A","N/A","N/A","N/A","N/A","N/A","N/A","N/A","N/A","N/A","N/A","N/A","N/A","N/A","N/A","N/A","N/A","N/A","N/A","N/A","N/A","N/A","N/A","N/A","N/A","N/A","N/A","N/A","N/A","N/A","N/A","N/A","N/A","N/A","N/A","N/A","N/A","N/A","N/A","N/A","N/A","N/A","N/A","N/A","N/A","N/A","N/A","N/A","N/A","N/A"]
[null,"Framework - Trade Business Services",null,"-","-","-","-","-","-","-","-","-","-","-",10,"-","-","-","-","-","-","-","-","-","-","-","-","-","-","-","-","-","-","-","-","-","-","-","-","-","-","-","-","-","-","-","-","-","-","-","-","-","-","-","-","-","-","-","-","-","-","-","-","-","-","-","-","-","-","-","-","-","-","-","-","-","-","-","-","-","-","-","-","-","-","-","-","-","-","-","-","-","-","-","-","-","-","-","-","-","-","-","-","-","-","-","-","-","-","-","-","N/A","N/A","N/A","N/A","N/A","N/A","N/A","N/A","N/A","N/A","N/A","N/A","N/A","N/A","N/A","N/A","N/A","N/A","N/A","N/A","N/A","N/A","N/A","N/A","N/A","N/A","N/A","N/A","N/A","N/A","N/A","N/A","N/A","N/A","N/A","N/A","N/A","N/A","N/A","N/A","N/A","N/A","N/A","N/A","N/A","N/A","N/A","N/A",120,10,"-",130,"-","-","-","-","-","-","-","-",120,10,"-",130,180,50,30,260,"-","-","-","-","-","-","-","-",180,50,30,260]
[null,"Framework - Traffic Office",null,"-","-","-","-","-","-","-","-","-","-","-","-","-","-","-","-","-","-","-","-","-","-","-","-",20,10,"-",20,"-",10,"-",10,20,10,"-",30,10,"-","-",10,"-","-","-","-",10,"-","-",10,10,10,"-",20,"-","-","-","-",10,10,"-",20,10,"-","-",10,"-","-","-","-",10,10,"-",10,10,"-",10,20,"-","-","-","-",10,"-",10,20,"-","-","-","-","-","-","-","-","-","-","-","-","-","-","-","-","-","-","-","-","-","-","-","-","-","-",10,10,"-","-","-","-","-","-","-","-","-","-",10,20,10,10,10,30,"-","-",10,10,"-","-","-","-",10,10,20,40,10,10,10,30,"-","-",40,40,"-","-","-","-",10,10,50,70,20,20,10,40,"-",10,30,40,"-","-","-","-",20,30,40,80,30,30,10,70,"-","-",10,20,"-","-","-","-",30,40,30,90]
[null,"Framework - Transport Engineering and Maintenance",null,"-","-","-","-","-","-","-","-","-","-","-","-","-","-","-","-","-","-","-","-","-","-","-","-","-","-","-","-","-","-","-","-","-","-","-","-","-","-","-","-","-","-","-","-","-","-","-","-","-","-","-","-","-","-","-","-","-","-","-","-","-","-","-","-","-","-","-","-","-","-","-","-","-","-","-","-","-","-","-","-","-","-","-","-","-","-","-","-","-","-","-","-","-","-","-","-","-","-","-","-","-","-","-","-","-","-","-","-",30,10,"-",40,40,50,"-",90,"-","-","-","-",70,60,"-",130,20,30,"-",60,30,20,"-",50,"-","-","-","-",50,50,"-",110,60,30,"-",90,30,60,10,100,"-","-","-","-",90,90,10,190,60,50,10,120,10,60,"-",80,"-","-","-","-",70,120,10,200,50,40,10,100,10,70,10,100,"-","-","-","-",60,110,20,190]
[null,"Framework - Travel Services",null,null,null,null,null,null,null,null,null,null,null,null,null,null,null,null,null,null,null,null,null,null,null,null,null,null,null,null,null,null,null,null,null,null,null,null,null,null,null,null,null,null,null,null,null,null,null,null,null,null,null,null,null,null,null,null,null,null,null,null,null,null,null,null,null,null,null,null,null,null,null,null,null,null,null,null,null,null,null,null,null,null,null,null,null,null,null,null,null,null,null,null,null,null,null,null,null,null,null,null,null,null,null,null,null,null,null,null,null,190,70,10,270,130,180,10,320,"-","-","-","-",320,250,20,590,110,30,10,140,80,140,30,240,"-","-","-","-",180,170,30,380,150,70,"-",230,90,80,10,180,"-","-","-","-",250,150,10,410,150,80,"-",230,60,120,"-",180,"-","-","-","-",200,200,"-",410,200,80,10,290,50,100,"-",160,"-","-","-","-",250,180,10,440]
[null,"Framework - Trees and Timber",null,"-","-","-","-","-","-","-","-","-","-","-","-","-","-","-","-","-","-","-","-","-","-","-","-","-","-","-","-","-","-","-","-","-","-","-","-","-","-","-","-","-","-","-","-","-","-","-","-","-","-","-","-","-","-","-","-","-","-","-","-","-","-","-","-","-","-","-","-","-","-","-","-","-","-","-","-","-","-","-","-","-","-","-","-","-","-","-","-","-","-","-","-","-","-","-","-","-","-","-","-","-","-","-","-","-","-","-","-",50,30,20,90,"-","-","-","-","-","-","-","-",50,30,20,90,40,40,20,100,"-","-","-","-","-","-","-","-",40,40,20,100,50,50,10,100,"-",10,10,10,"-","-","-","-",50,60,10,120,50,40,10,100,"-",10,"-",10,"-","-","-","-",50,50,10,110,60,80,20,150,"-",10,"-",20,"-","-","-","-",60,90,30,170]
[null,"Framework - TV Production",null,40,30,"-",70,10,50,"-",60,50,80,"-",130,50,70,"-",120,40,170,"-",210,80,240,"-",320,60,80,"-",140,10,80,"-",90,70,170,"-",230,70,90,"-",160,20,100,"-",120,90,190,"-",280,50,80,"-",130,10,100,"-",110,60,180,"-",240,80,160,30,260,30,210,110,350,100,370,140,610,10,30,40,80,"-",80,150,230,20,110,180,310,30,30,20,80,10,50,60,110,40,80,80,200,40,70,70,170,100,110,60,270,140,170,130,440,"N/A","N/A","N/A","N/A","N/A","N/A","N/A","N/A","N/A","N/A","N/A","N/A","N/A","N/A","N/A","N/A","N/A","N/A","N/A","N/A","N/A","N/A","N/A","N/A","N/A","N/A","N/A","N/A","N/A","N/A","N/A","N/A","N/A","N/A","N/A","N/A","N/A","N/A","N/A","N/A","N/A","N/A","N/A","N/A","N/A","N/A","N/A","N/A","N/A","N/A","N/A","N/A","N/A","N/A","N/A","N/A","N/A","N/A","N/A","N/A","N/A","N/A","N/A","N/A","N/A","N/A","N/A","N/A","N/A","N/A","N/A","N/A","N/A","N/A","N/A","N/A","N/A","N/A","N/A","N/A"]
[null,"Framework - Vehicle Body and Paint Operations",null,"-","-","-","-","-","-","-","-","-","-","-","-","-","-","-","-","-","-","-","-","-","-","-","-","-","-","-","-","-","-","-","-","-","-","-","-","-","-","-","-","-","-","-","-","-","-","-","-","-","-","-","-","-","-","-","-","-","-","-","-","-","-","-","-","-","-","-","-","-","-","-","-","-","-","-","-","-","-","-","-","-","-","-","-","-","-","-","-","-","-","-","-","-","-","-","-","-","-","-","-","-","-","-","-","-","-","-","-",280,90,10,380,100,220,150,460,"-","-","-","-",380,310,150,840,230,80,10,320,50,130,50,220,"-","-","-","-",280,210,60,550,190,70,50,300,60,140,30,240,"-","-","-","-",250,210,80,530,240,150,210,600,50,120,50,220,"-","-","-","-",290,270,260,820,270,110,40,420,30,110,100,240,"-","-","-","-",300,220,140,660]
[null,"Framework - Vehicle Fitting",null,"-","-","-","-","-","-","-","-","-","-","-","-","-","-","-","-","-","-","-","-","-","-","-","-","-","-","-","-","-","-","-","-","-","-","-","-","-","-","-","-","-","-","-","-","-","-","-","-",40,100,"-",130,20,70,"-",90,60,160,"-",220,60,260,110,420,20,110,20,140,80,360,120,560,40,240,200,480,10,180,280,480,50,420,490,950,40,300,140,480,20,250,230,490,60,550,370,970,50,110,100,260,30,230,270,520,70,340,370,780,350,50,10,420,"-",10,20,30,"-","-","-","-",360,60,30,450,150,50,10,210,"-",10,10,10,"-","-","-","-",150,60,10,220,330,60,"-",390,"-",10,10,10,"-","-","-","-",330,60,10,400,240,30,10,280,"-","-","-","-","-","-","-","-",240,30,10,280,160,40,10,200,"-","-","-","-","-","-","-","-",160,40,10,200]
[null,"Framework - Vehicle Maintenance and Repair",null,"-","-","-","-",10,10,"-",20,10,10,"-",20,"-","-","-","-","-",20,"-",20,"-",20,"-",20,"-","-","-","-","-","-","-","-","-","-","-","-","-","-","-","-","-","-","-","-","-","-","-","-","-","-","-","-","-","-","-","-","-","-","-","-","-","-","-","-","-","-","-","-","-","-","-","-","-","-","-","-","-","-","-","-","-","-","-","-","-","-","-","-","-","-","-","-","-","-","-","-","-","-","-","-","-","-","-","-","-","-","-","-",2460,550,60,3070,960,1450,110,2520,"-","-","-","-",3410,2000,170,5590,2390,530,100,3020,760,1150,130,2040,"-","-","-","-",3150,1680,230,5060,2400,610,80,3090,920,1290,150,2350,"-","-","-","-",3320,1900,230,5440,2580,680,110,3360,840,1340,110,2300,"-","-","-","-",3420,2020,220,5660,2640,760,90,3490,840,1330,180,2350,"-","-","-","-",3480,2090,270,5840]
[null,"Framework - Vehicle Parts Operations",null,"-","-","-","-","-","-","-","-","-","-","-","-","-","-","-","-","-","-","-","-","-","-","-","-","-","-","-","-","-","-","-","-","-","-","-","-","-","-","-","-","-","-","-","-","-","-","-","-","-","-","-","-","-","-","-","-","-","-","-","-","-","-","-","-","-","-","-","-","-","-","-","-","-","-","-","-","-","-","-","-","-","-","-","-","-","-","-","-","-","-","-","-","-","-","-","-","-","-","-","-","-","-","-","-","-","-","-","-",150,90,30,270,30,90,20,140,"-","-","-","-",180,180,50,410,140,70,30,230,40,100,20,150,"-","-","-","-",180,170,40,390,150,60,10,230,30,100,20,150,"-","-","-","-",180,170,30,380,180,90,20,290,30,90,"-",120,"-","-","-","-",210,170,30,410,210,90,20,310,40,110,10,150,"-","-","-","-",250,190,20,460]
[null,"Framework - Vehicle Restoration",null,"-","-","-","-","-","-","-","-","-","-","-","-","-","-","-","-","-","-","-","-","-","-","-","-","-","-","-","-","-","-","-","-","-","-","-","-","-","-","-","-","-","-","-","-","-","-","-","-","-","-","-","-","-","-","-","-","-","-","-","-","-","-","-","-","-","-","-","-","-","-","-","-","-",10,"-",10,"-","-","-","-","-",10,"-",10,300,920,240,1450,"-","-","-","-",300,920,240,1450,720,1270,1360,3350,"-","-","-","-",720,1270,1360,3350,"N/A","N/A","N/A","N/A","N/A","N/A","N/A","N/A","N/A","N/A","N/A","N/A","N/A","N/A","N/A","N/A","N/A","N/A","N/A","N/A","N/A","N/A","N/A","N/A","N/A","N/A","N/A","N/A","N/A","N/A","N/A","N/A","N/A","N/A","N/A","N/A","N/A","N/A","N/A","N/A","N/A","N/A","N/A","N/A","N/A","N/A","N/A","N/A","N/A","N/A","N/A","N/A","N/A","N/A","N/A","N/A","N/A","N/A","N/A","N/A","N/A","N/A","N/A","N/A","N/A","N/A","N/A","N/A","N/A","N/A","N/A","N/A","N/A","N/A","N/A","N/A","N/A","N/A","N/A","N/A"]
[null,"Framework - Vehicle Sales",null,"-","-","-","-","-","-","-","-","-","-","-","-","-","-","-","-","-","-","-","-","-","-","-","-","-","-","-","-","-","-","-","-","-","-","-","-","-","-","-","-","-","-","-","-","-","-","-","-","-","-","-","-","-","-","-","-","-","-","-","-","-","-","-","-","-","-","-","-","-","-","-","-","-","-","-","-","-","-","-","-","-","-","-","-","-","-","-","-","-","-","-","-","-","-","-","-","-","-","-","-","-","-","-","-","-","-","-","-",10,50,50,100,"-","-","-","-","-","-","-","-",10,50,50,100,"-",10,10,10,"-","-","-",10,"-","-","-","-","-",10,10,20,10,60,"-",70,30,10,10,50,"-","-","-","-",40,60,20,120,20,50,"-",80,10,20,"-",30,"-","-","-","-",30,70,10,110,30,30,10,70,"-",20,"-",20,"-","-","-","-",30,50,10,90]
[null,"Framework - Veterinary Nursing",null,"-","-","-","-","-","-","-","-","-","-","-","-","-","-","-","-","-","-","-","-","-","-","-","-",250,90,"-",330,"-","-","-","-",250,90,"-",330,220,70,"-",290,"-","-","-","-",220,70,"-",290,490,400,"-",890,"-","-","-","-",490,410,"-",890,590,690,20,1300,"-","-","-","-",590,690,20,1300,610,990,160,1760,"-","-","-","-",610,990,160,1760,440,950,200,1590,"-","-","-","-",440,950,200,1590,260,700,150,1110,"-","-","-","-",260,700,150,1110,10,10,"-",20,10,190,70,260,"-","-","-","-",10,200,70,280,"-","-","-","-",20,180,60,260,"-","-","-","-",20,180,60,260,"-","-","-","-",40,220,100,370,"-","-","-","-",40,220,100,370,"-","-","-","-",40,220,70,330,"-","-","-","-",40,220,70,330,"-","-","-","-",40,160,80,280,"-","-","-","-",40,160,80,280]
[null,"Framework - Volunteer Management",null,null,null,null,null,null,null,null,null,null,null,null,null,null,null,null,null,null,null,null,null,null,null,null,null,null,null,null,null,null,null,null,null,null,null,null,null,null,null,null,null,null,null,null,null,null,null,null,null,null,null,null,null,null,null,null,null,null,null,null,null,null,null,null,null,null,null,null,null,null,null,null,null,null,null,null,null,null,null,null,null,null,null,null,null,null,null,null,null,null,null,null,null,null,null,null,null,null,null,null,null,null,null,null,null,null,null,null,null,"N/A","N/A","N/A","N/A","N/A","N/A","N/A","N/A","N/A","N/A","N/A","N/A","N/A","N/A","N/A","N/A","N/A","N/A","N/A","N/A","N/A","N/A","N/A","N/A","N/A","N/A","N/A","N/A","N/A","N/A","N/A","N/A","-","-","-","-","-","-",20,20,"-","-","-","-","-","-",20,20,"-","-","-","-","-","-",20,20,"-","-","-","-","-","-",20,20,"-","-","-","-","-","-",20,20,"-","-","-","-","-","-",20,20]
[null,"Framework - Warehousing and Storage",null,"-","-","-","-","-","-","-","-","-","-","-","-","-","-","-","-","-","-","-","-","-","-","-","-","-","-","-","-","-","-","-","-","-","-","-","-","-","-","-","-","-","-","-","-","-","-","-","-","-","-","-","-","-","-","-","-","-","-","-","-","-","-","-","-","-","-","-","-","-","-","-","-","-","-","-","-","-","-","-","-","-","-","-","-","-",50,210,260,"-","-","-","-","-",50,210,260,10,120,170,300,"-","-",10,10,10,120,180,310,590,890,1360,2840,"-","-","-","-","-","-","-","-",590,890,1360,2840,530,910,1730,3170,"-",10,20,30,"-","-","-","-",530,910,1750,3190,600,1120,1490,3210,"-",20,60,90,"-","-","-","-",600,1140,1560,3300,720,1320,1660,3690,10,30,100,140,"-","-","-","-",720,1350,1760,3830,920,1310,1880,4110,10,50,170,230,"-","-","-","-",920,1360,2050,4330]
[null,"Framework - Water Industry",null,"-","-","-","-","-","-","-","-","-","-","-","-","-","-","-","-","-","-","-","-","-","-","-","-","-","-","-","-","-","-","-","-","-","-","-","-","-","-","-","-","-","-","-","-","-","-","-","-","-","-","-","-","-","-","-","-","-","-","-","-","-",10,"-",10,"-","-","-","-","-",10,"-",10,"-","-","-","-","-","-","-","-","-","-","-","-","-","-","-","-","-","-","-","-","-","-","-","-","-","-","-","-","-","-","-","-","-","-","-","-","N/A","N/A","N/A","N/A","N/A","N/A","N/A","N/A","N/A","N/A","N/A","N/A","N/A","N/A","N/A","N/A","N/A","N/A","N/A","N/A","N/A","N/A","N/A","N/A","N/A","N/A","N/A","N/A","N/A","N/A","N/A","N/A","N/A","N/A","N/A","N/A","N/A","N/A","N/A","N/A","N/A","N/A","N/A","N/A","N/A","N/A","N/A","N/A",10,20,10,30,10,10,10,40,"-","-","-","-",20,30,20,70,10,10,"-",20,10,10,10,30,"-","-","-","-",20,30,10,50]
[null,"Framework - Wholesale, Distribution, Warehousing and Storage",null,"-","-","-","-","-","-","-","-","-","-","-","-","-","-","-","-","-","-","-","-","-","-","-","-","-","-","-","-","-","-","-","-","-","-","-","-","-","-","-","-","-","-","-","-","-","-","-","-","-","-","-","-","-","-","-","-","-","-","-","-","-","-","-","-","-","-","-","-","-","-","-","-","-","-","-","-","-","-","-","-","-","-","-","-","-","-","-","-","-","-","-","-","-","-","-","-","-","-","-","-","-","-","-","-","-","-","-","-","N/A","N/A","N/A","N/A","N/A","N/A","N/A","N/A","N/A","N/A","N/A","N/A","N/A","N/A","N/A","N/A","N/A","N/A","N/A","N/A","N/A","N/A","N/A","N/A","N/A","N/A","N/A","N/A","N/A","N/A","N/A","N/A","N/A","N/A","N/A","N/A","N/A","N/A","N/A","N/A","N/A","N/A","N/A","N/A","N/A","N/A","N/A","N/A","N/A","N/A","N/A","N/A","N/A","N/A","N/A","N/A","N/A","N/A","N/A","N/A","N/A","N/A","N/A","N/A","N/A","N/A","N/A","N/A","N/A","N/A","N/A","N/A","N/A","N/A","N/A","N/A","N/A","N/A","N/A","N/A"]
[null,"Framework - Wood and Timber Processing and Merchants Industry",null,"-","-","-","-","-","-","-","-","-","-","-","-","-","-","-","-","-","-","-","-","-","-","-","-","-","-","-","-","-","-","-","-","-","-","-","-","-","-","-","-","-","-","-","-","-","-","-","-","-","-","-","-","-","-","-","-","-","-","-","-","-","-","-","-","-","-","-","-","-","-","-","-","-","-","-","-","-","-","-","-","-","-","-","-","-","-","-","-","-","-","-","-","-","-","-","-","-","-","-","-","-","-","-","-","-","-","-","-","N/A","N/A","N/A","N/A","N/A","N/A","N/A","N/A","N/A","N/A","N/A","N/A","N/A","N/A","N/A","N/A","N/A","N/A","N/A","N/A","N/A","N/A","N/A","N/A","N/A","N/A","N/A","N/A","N/A","N/A","N/A","N/A","N/A","N/A","N/A","N/A","N/A","N/A","N/A","N/A","N/A","N/A","N/A","N/A","N/A","N/A","N/A","N/A","-",10,10,20,"-","-","-","-","-","-","-","-","-",10,10,20,10,"-","-",10,"-","-","-","-","-","-","-","-",10,"-","-",10]
[null,"Framework - Youth Work",null,"-","-","-","-","-","-","-","-","-","-","-","-",10,"-","-",10,"-","-","-","-",10,"-","-",10,10,"-","-",10,"-","-","-","-",10,"-","-",10,10,"-","-",10,"-","-","-","-",10,"-","-",10,10,"-","-",10,"-","-","-","-",10,"-","-",10,30,20,70,110,"-","-","-","-",30,20,70,110,10,20,40,70,"-","-","-","-",10,20,40,70,20,"-","-",20,"-","-","-","-",20,"-","-",20,10,10,10,20,"-","-","-","-",10,10,10,20,60,60,"-",120,10,30,30,70,"-","-","-","-",80,90,30,200,50,50,20,120,10,50,40,100,"-","-","-","-",60,100,60,220,50,60,20,120,10,50,30,90,"-","-","-","-",60,100,50,210,30,40,20,90,10,40,20,60,"-","-","-","-",40,80,40,150,30,40,"-",60,10,30,20,60,"-","-","-","-",30,60,30,120]
[null,"Standard - Dual Fuel Smart Meter Installer","","","","","",null,"","","","","","","","","","","","","-","-","-","-","-","-","-","-","-","-","-","-","-","-","-","-","-","-","-","-","-","-","-","-","-","-","-","-","-","-","-","-","-","-","-","-","-","-","-","-","-","-","-","-","-","-","-","-","-","-","-","-","-","-","-","-","-","-","-","-","-","-","-","-","-","-","-","-","-","-","-","-","-","-","-","-","-","-","-","-","-","-","-","-","-","-","-","-","-","-","-","N/A","N/A","N/A","N/A","N/A","N/A","N/A","N/A","N/A","N/A","N/A","N/A","N/A","N/A","N/A","N/A","N/A","N/A","N/A","N/A","N/A","N/A","N/A","N/A","N/A","N/A","N/A","N/A","N/A","N/A","N/A","N/A","N/A","N/A","N/A","N/A","N/A","N/A","N/A","N/A","N/A","N/A","N/A","N/A","N/A","N/A","N/A","N/A","N/A","N/A","N/A","N/A","N/A","N/A","N/A","N/A","N/A","N/A","N/A","N/A","N/A","N/A","N/A","N/A","-",10,10,10,"-","-","-","-","-","-","-","-","-",10,10,10]
[null,"Standard - Mechatronics Maintenance Technician",null,null,null,null,null,null,null,null,null,null,null,null,null,null,null,null,null,null,null,null,null,null,null,null,null,null,null,null,null,null,null,null,null,null,null,null,null,null,null,null,null,null,null,null,null,null,null,null,null,null,null,null,null,null,null,null,null,null,null,null,null,null,null,null,null,null,null,null,null,null,null,null,null,null,null,null,null,null,null,null,null,null,null,null,null,null,null,null,null,null,null,null,null,null,null,null,null,null,null,null,null,null,null,null,null,null,null,null,null,"N/A","N/A","N/A","N/A","N/A","N/A","N/A","N/A","N/A","N/A","N/A","N/A","N/A","N/A","N/A","N/A","N/A","N/A","N/A","N/A","N/A","N/A","N/A","N/A","N/A","N/A","N/A","N/A","N/A","N/A","N/A","N/A","N/A","N/A","N/A","N/A","N/A","N/A","N/A","N/A","N/A","N/A","N/A","N/A","N/A","N/A","N/A","N/A","N/A","N/A","N/A","N/A","N/A","N/A","N/A","N/A","N/A","N/A","N/A","N/A","N/A","N/A","N/A","N/A","-","-","-","-","-","-","-","-","-","-","-","-","-","-","-","-"]
[null,"Grand total",null,74400,44800,"-",119300,23000,25400,"-",48400,97400,70200,"-",167700,83000,53600,"-",136600,25200,31700,"-",57000,108300,85300,"-",193600,87600,47400,100,135100,25900,27600,400,53900,113500,75100,400,189000,77100,45600,100,122800,22400,29500,200,52100,99500,75200,300,175000,80800,46500,100,127400,24800,32100,100,57000,105600,78600,300,184400,82000,55200,14600,151800,25500,34900,12600,73000,107600,90100,27200,224800,74200,52600,31700,158500,25200,32100,24200,81400,99400,84700,55900,239900,89400,72800,28400,190500,27400,41000,20800,89200,116800,113800,49100,279700,97300,90400,113400,301100,34400,53000,68700,156100,131700,143400,182100,457200,56500,54100,61800,172400,21300,30600,32800,84700,100,800,300,1200,77900,85600,94900,258400,42100,47700,66500,156300,18600,30800,45700,95000,100,800,600,1600,60800,79300,112800,252900,45200,50800,54900,150900,20000,35000,47200,102200,200,1100,1400,2700,65400,86900,103500,255800,48200,53100,59100,160300,22500,37100,36600,96200,300,1100,2900,4300,71100,91300,98500,260900,49100,51700,63000,163800,24000,36900,40000,100900,400,1600,5000,7000,73600,90100,108000,271700]