{"text_format":"1","workbook":"xlsx","n_sheets":26,"sheets":["Contents","Table 1a","Table 1b","Table 1c","Table 1dsupp","Table 1d","List of A and AS level subjects","Table 2","Table 2m","Table 2f","Table 3","Table 3m","Table 3f","Table 4","Table 4m","Table 4f","Table 5","Table 6","Table 7","Table 8","Table 9","Table 10","Table 11a","Table 11b","Table 11c","Table 11d"],"not_rendered":{"charts":0,"images":2,"macros":1,"external_links":6,"defined_names":123,"comments":0,"pivot_tables":0},"unopened":[],"bounds":{"document_bytes":16777216,"sheet_cells":100000,"rows_first":2000,"rows_last":500,"rows_between":2000,"halvings":0,"cell_chars":16384,"cell_head_chars":4096},"cells_cut":0,"cells_raw":0,"read":"whole","date_system":"1900"}

{"sheet":"Contents","index":0,"n_rows":55,"n_cols":3,"rows_kept":55,"cut":false,"hidden":false,"merged":[[22,1,22,2]]}
[]
[]
[]
[]
[]
[]
[null,"A level and other level 3 results (revised): 2013/14"]
[null,"Coverage: England"]
[]
[null,"The full statistical first release is available at  GOV.UK"]
[]
[null,"National tables"]
[]
[null,"Student-level results"]
[null,"Table Number","Title"]
[null,"1a","A level and level 3 results by institution type and gender"]
[null,"1b","Time series of A level and level 3 results by gender"]
[null,"1c","A level and level 3 results of state-funded school students by admission basis and gender"]
[null,"1d","Level 3 results by cohort, institution type and gender "]
[]
[null,"A level and AS level examination results"]
[]
[null,"List of A and AS level subjects"]
[]
[null,"Table Number","Title"]
[null,2,"A level results of all students by subject and grade"]
[null,"2m","A level results of male students by subject and grade"]
[null,"2f","A level results of female students by subject and grade"]
[null,3,"AS level results of all students by subject and grade"]
[null,"3m","AS level results of male students by subject and grade"]
[null,"3f","AS level results of female students by subject and grade"]
[null,4,"2013 AS level results of all current Year 13 students by subject and grade"]
[null,"4m","2013 AS level results of current Year 13 male students by subject and grade"]
[null,"4f","2013 AS level results of current Year 13 female students by subject and grade"]
[]
[null,"Applied A level and AS level examination results"]
[null,"Table Number","Title"]
[null,5,"Applied single A level results by gender, subject and grade"]
[null,6,"Applied single AS level results by gender, subject and grade"]
[null,7,"Applied double A level results by gender, subject and grade"]
[null,8,"Applied double AS level results by gender, subject and grade"]
[]
[null,"A level results by institution type"]
[null,"Table Number","Title"]
[null,9,"A level results of students by institution type, gender and grade"]
[null,10,"A level results of state-funded school students by admission basis, gender and grade"]
[null,"11a","A level results of state-funded school students by subject and grade"]
[null,"11b","A level results of independent school students by subject and grade"]
[null,"11c","A level results of all further education sector college students by subject and grade"]
[null,"11d","A level results of sixth form college students by subject and grade"]
[]
[null,"Enquiries"]
[null,"Media","Press Office News Desk, Department for Education, Sanctuary Buildings, 20 Great Smith St, London SW1P 3BT. Telephone: 020 7925 6789"]
[null,"Non-media","School Performance Data Unit, Education Data Division, Department for Education, Sanctuary Buildings, 20 Great Smith St, London SW1P 3BT.  "]
[null,null,"Attainment.STATISTICS@education.gsi.gov.uk  "]

{"sheet":"Table 1a","index":1,"n_rows":56,"n_cols":36,"rows_kept":56,"cut":false,"hidden":false,"merged":[[41,0,42,7],[48,0,49,7],[6,5,6,7],[6,9,6,11],[36,0,38,5],[4,1,4,15],[4,17,4,35],[5,1,6,3],[5,5,5,11],[5,13,6,15],[5,17,6,19],[5,21,6,23],[5,25,6,27],[5,29,6,31],[5,33,6,35]]}
["Table 1a: A level and level 3 results1,2 3 by institution type and gender"]
["Year: 2013/14 (revised)"]
["Coverage: England"]
[]
[null,"All level 3 qualifications",null,null,null,null,null,null,null,null,null,null,null,null,null,null,null,"A level"]
[null,"Students entered for at least one substantial level 3 qualification4",null,null,null,"Average point score",null,null,null,null,null,null,null,"Percentage of students achieving at least 2 substantial level 3 qualifications ",null,null,null,"Students entered for at least one A level or applied single/double award A level5",null,null,null,"Percentage of students achieving 3 A*-A grades or better at A level or applied single/double award A level6",null,null,null,"Percentage of students achieving grades AAB or better at A level or applied single/double award A level6",null,null,null,"Percentage of students achieving grades AAB or better at A level, of which at least two are in facilitating subjects7",null,null,null,"Percentage of students achieving grades AAB or better at A level, all of which are in facilitating subjects7"]
["Institution type",null,null,null,null,"Per Student",null,null,null,"Per Entry"]
[null,"Males","Females","Total",null,"Males","Females","Total",null,"Males","Females","Total",null,"Males","Females","Total",null,"Males","Females","Total",null,"Males","Females","Total",null,"Males","Females","Total",null,"Males","Females","Total",null,"Males","Females","Total"]
[]
["All state-funded schools8",81262,92692,173954,null,757.1,791.3,775.3,null,211.2,218,214.8,null,97.6,98.3,98,null,68686,82901,151587,null,10.9,9.8000000000000007,10.3,null,17.3,17.5,17.399999999999999,null,14.7,12.4,13.5,null,10.5,7.2,8.6999999999999993]
["of which:"]
["  Local authority maintained mainstream schools9",27826,32015,59841,null,732.8,765.3,750.2,null,208.3,215.3,212,null,97.3,98.2,97.8,null,23479,28582,52061,null,9.1999999999999993,8.1,8.6,null,14.6,15.2,14.9,null,12.6,10.7,11.5,null,9,6,7.4]
["  Sponsored academies - mainstream",8785,8825,17610,null,671.8,715.2,693.6,null,202.3,210.4,206.4,null,94.7,96.1,95.4,null,5381,6336,11717,null,4.0999999999999996,3.5,3.8,null,7.4,7.5,7.4,null,6.1,4.7,5.3,null,4.5999999999999996,2.6,3.5]
["  Converter academies - mainstream10",43883,51189,95072,null,789.7,820.3,806.2,null,214.4,220.6,217.8,null,98.5,98.8,98.6,null,39346,47540,86886,null,12.8,11.7,12.2,null,20.100000000000001,20.2,20.2,null,17.2,14.4,15.7,null,12.1,8.5,10.1]
["  Mainstream free schools, free school 16-19, university technical colleges (UTCs), city technology colleges (CTCs) and studio schools",759,654,1413,null,750.7,825,785.1,null,219.9,233.5,226.3,null,94.9,97.9,96.2,null,478,441,919,null,11.7,12,11.9,null,17.8,20.2,18.899999999999999,null,17.2,15.6,16.399999999999999,null,12.8,10.199999999999999,11.5]
[]
["Independent schools",18105,18016,36121,null,888.8,902.3,895.5,null,239.7,243.9,241.8,null,97.7,98.1,97.9,null,16733,16914,33647,null,28.9,29.7,29.3,null,41.1,44,42.6,null,35.299999999999997,35.4,35.299999999999997,null,23.5,21.9,22.6]
["of which:"]
["  Independent schools",18028,17990,36018,null,890.3,902.9,896.6,null,239.8,243.9,241.9,null,97.8,98.1,98,null,16673,16897,33570,null,29,29.7,29.4,null,41.2,44,42.6,null,35.4,35.4,35.4,null,23.5,21.9,22.7]
["  Independent special schools and non-maintained special schools11",77,26,103,null,524.9,504.8,519.79999999999995,null,196.3,187.3,194,null,83.1,73.099999999999994,80.599999999999994,null,60,17,77,null,"x",0,"x",null,"x",0,"x",null,"x",0,"x",null,0,0,0]
[]
["All schools",99367,110708,210075,null,781.1,809.4,796,null,216.5,222.3,219.6,null,97.6,98.3,98,null,85419,99815,185234,null,14.4,13.2,13.7,null,21.9,22,21.9,null,18.8,16.3,17.399999999999999,null,13,9.6999999999999993,11.2]
[]
["FE sector colleges",88928,101287,190215,null,598.1,645.79999999999995,623.5,null,202.2,212.8,207.9,null,81.8,82.5,82.2,null,30326,41871,72197,null,7.7,7.3,7.5,null,12.9,13.7,13.3,null,9.8000000000000007,7.9,8.6999999999999993,null,6.6,4.2,5.2]
["of which:"]
["  Sixth form colleges",28149,34917,63066,null,740.3,785.4,765.2,null,205.9,214.8,210.9,null,96.1,97.3,96.8,null,21691,29129,50820,null,8.8000000000000007,8.6,8.6999999999999993,null,14.4,15.7,15.1,null,11,9.3000000000000007,10,null,7.4,4.9000000000000004,6]
["  Other FE sector colleges12",60779,66370,127149,null,532.29999999999995,572.5,553.29999999999995,null,199.8,211.4,205.9,null,75.2,74.7,74.900000000000006,null,8635,12742,21377,null,5.0999999999999996,4.2,4.5999999999999996,null,9,9.1,9.1,null,6.9,4.8,5.7,null,4.5,2.6,3.4]
[]
["State-funded schools and colleges13",170086,193948,364034,null,673.9,715.3,696,null,206.9,215.5,211.5,null,89.4,90.1,89.7,null,98909,124746,223655,null,9.9,9,9.4,null,15.9,16.2,16.100000000000001,null,13.2,10.9,11.9,null,9.3000000000000007,6.2,7.6]
[]
["All schools and FE sector colleges",188295,211995,400290,null,694.7,731.2,714,null,210.4,218.2,214.6,null,90.2,90.8,90.5,null,115745,141686,257431,null,12.7,11.4,12,null,19.600000000000001,19.5,19.5,null,16.399999999999999,13.8,15,null,11.3,8.1,9.5]
[]
[null,null,null,null,null,null,null,null,null,null,null,null,null,null,null,null,null,null,null,null,null,null,null,null,null,null,null,null,null,null,null,null,null,null,null,"Source: 2013/14 16-18 attainment data (revised)"]
["1. Cumulative results achieved in the 2012/13 and 2013/14 academic years."]
["2. Covers students at the end of advanced level study who were entered for at least one substantial level 3 qualification in the 2013/14 academic year."]
["3. Covers students aged 16, 17 or 18 at the start of the 2013/14 academic year, ie 31 August 2013."]
["4. Covers students at the end of advanced level study who were entered for at least one substantial advanced level academic or vocational qualification in the 2013/14 academic year: substantial advanced level academic or vocational qualifications are defined as qualifications that are at least the size of an A level (180 guided learning hours per year), such as a BTEC subsidiary diploma. If a vocational or academic qualification is similar in size to 2 A levels it will be counted as 2 substantial level 3 qualifications."]
[]
[]
["5. Covers students at the end of advanced level study who were entered for at least one A level, applied single award A level or applied double award A level in the 2013/14 academic year."]
["6. An applied double award A level at grade A*A* counts as two grade A*s, AA counts as two grade As and an award at grade AB counts as one grade A."]
["7. Covers facilitating A level subjects: biology, chemistry, physics, mathematics, further mathematics, geography, history, English literature, modern and classical languages. Refer to the 'Quality and Methodology Information' document for an explanation of the methodology used to calculate the AAB indicators for facilitating subjects."]
[]
["8. Includes state-funded special schools, hospital schools, pupil referral units (PRUs) and alternative provision (AP) free schools. Figures for these institution types are not shown separately in the table."]
["9. Community, voluntary aided, voluntary controlled and foundation schools."]
["10. Convertor academies and academy 16-19 converters."]
["11. Independent special schools, independent schools approved to take pupils with special educational needs (SEN) and non-maintained special schools."]
["12. Further education sector colleges; other government department funded colleges; and special colleges."]
["13. Covers all state-funded mainstream schools, academies, free schools, maintained special schools and FE sector colleges. Excludes pupil referral units (PRUs), non-maintained special schools, other government department funded colleges, independent schools, independent special schools and independent schools approved to take pupils with special educational needs (SEN) ."]
[]
[]
["Notes:"]
["x indicates figure has been suppressed where underlying numbers are small (ie, 1 or 2) or where secondary suppression has been applied."]
["Percentages and average point scores are rounded to one decimal place."]
["Where qualifications taken by a student are in the same subject area and similar in content ‘discounting’ rules have been applied to avoid double counting qualifications."]
["Refer to 'Quality and Methodology Information' document."]

{"sheet":"Table 1b","index":2,"n_rows":44,"n_cols":24,"rows_kept":44,"cut":false,"hidden":false,"merged":[[35,0,37,19],[4,17,4,23],[1,3,1,4],[4,1,4,15],[5,1,6,3],[5,5,5,11],[5,13,6,15],[5,17,6,19],[5,21,6,23],[6,5,6,7],[6,9,6,11],[30,0,32,20]]}
["Table 1b: Time series of A level and level 31,2 results by gender"]
["Years: 2005/06 to 2013/14"]
["Coverage: England"]
[]
[null,"All level 3 qualifications",null,null,null,null,null,null,null,null,null,null,null,null,null,null,null,"A level"]
[null,"Students entered for at least one substantial level 3 qualification3",null,null,null,"Average point score",null,null,null,null,null,null,null,"Percentage of students achieving at least 2 substantial level 3 qualifications ",null,null,null,"Students entered for at least one A level or applied single/double award A level4",null,null,null,"Percentage of students achieving 3 A*-A grades or better at A level or applied single/double award A level5"]
[null,null,null,null,null,"Per Student",null,null,null,"Per Entry"]
[null,"Males","Females","Total",null,"Males","Females","Total",null,"Males","Females","Total",null,"Males","Females","Total",null,"Males","Females","Total",null,"Males","Females","Total"]
[]
["2005/06",144229,167258,311487,null,700.9,739.3,721.5,null,201.5,210.2,206.2,null,94,96.1,95.1,null,118593,139692,258285,null,10.5,10.9,10.7]
[]
["2006/07",145467,171685,317152,null,713,746.5,731.2,null,203.2,211,207.5,null,94,96.1,95.2,null,113512,136035,249547,null,11.8,12,11.9]
[]
["2007/08",154852,176408,331260,null,719.5,758,740,null,205.4,212.9,209.4,null,94.2,96.3,95.3,null,117441,139169,256610,null,12.1,12.1,12.1]
[]
["2008/09",165207,187166,352373,null,720.4,756,739.3,null,208,214.9,211.7,null,94.1,96,95.1,null,119612,141606,261218,null,12.6,12.7,12.7]
[]
["2009/10",177917,201698,379615,null,728.2,759.6,744.9,null,210.8,217.6,214.4,null,93.9,95.6,94.8,null,122898,144447,267345,null,12.8,12.7,12.8]
[]
["2010/11",174893,197088,371981,null,730.8,759.5,746,null,212.8,219.3,216.2,null,93.9,94.2,94.1,null,118310,140582,258892,null,13.4,12.8,13.1]
[]
["2011/12",179495,204522,384017,null,717.2,747.4,733.3,null,208.7,216.4,212.8,null,93.8,93.4,93.6,null,119024,142979,262003,null,13.1,12.6,12.8]
[]
["2012/136",186378,209023,395401,null,706.4,740.3,724.3,null,209.6,217.4,213.7,null,92.1,92.4,92.3,null,118165,143303,261468,null,13,12.1,12.5]
[]
["2013/147",188295,211995,400290,null,694.7,731.2,714,null,210.4,218.2,214.6,null,90.2,90.8,90.5,null,115745,141686,257431,null,12.7,11.4,12]
[]
[null,null,null,null,null,null,null,null,null,null,null,null,null,null,null,null,null,null,null,null,null,null,null,"Source: 16-18 attainment data "]
["1. Covers cumulative results of students at the end of advanced level study who were entered for at least one substantial advanced level qualification.",null,null,null,null,null,null,null,null,null,null,null,null,null,null,null,null,null," "]
["2. Covers students aged 16, 17 or 18 at the start of the academic year."]
["3. Covers students at the end of advanced level study who were entered for at least one substantial advanced level academic or vocational qualification in reporting year: substantial advanced level qualifications are qualifications that are at least the size of an A level (180 guided learning hours per year), such as a BTEC subsidiary diploma. If a vocational or academic qualification is similar in size to 2 A levels it will be counted as 2 substantial level 3 qualifications."]
[]
[]
["4. Covers students at the end of advanced level study who were entered for at least one A level, applied single award A level or applied double award A level."]
["5. An applied double award A level at grade A*A* counts as two grade A*s, AA counts as two grade As and an award at grade AB counts as one grade A."]
["6. A level figures for 2012/13 onwards cover students at the end of advanced level study who were entered for at least one A level, applied single award A level or applied double award A level in the reporting year. Figures for earlier years cover students who were entered for at least one A level, applied single award A level or applied double award A level in the summer of the reporting year. Therefore A level figures for 2012/13 onwards are not directly comparable with earlier years."]
[]
[]
["7. 2013/14 figures are based on revised data. Figures for all other years are final."]
[]
["Notes:"]
["Percentages and average point scores are rounded to one decimal place."]
["Where qualifications taken by a student are in the same subject area and similar in content ‘discounting’ rules have been applied to avoid double counting qualifications."]
["Refer to 'Quality and Methodology Information' document."]

{"sheet":"Table 1c","index":3,"n_rows":47,"n_cols":36,"rows_kept":47,"cut":false,"hidden":false,"merged":[[4,1,4,15],[5,1,6,3],[5,5,5,11],[5,13,6,15],[5,17,6,19],[4,17,4,35],[24,0,25,14],[36,0,37,13],[5,33,6,35],[6,5,6,7],[6,9,6,11],[30,0,31,17],[28,0,29,13],[5,21,6,23],[5,25,6,27],[5,29,6,31]]}
["Table 1c: A level and level 3 results1 of state-funded school students2,3 by admissions basis and gender"]
["Year: 2013/14 (revised)"]
["Coverage: England"]
[]
[null,"All Level 3 qualifications",null,null,null,null,null,null,null,null,null,null,null,null,null,null,null,"A level"]
[null,"Students entered for at least one substantial Level 3 qualification4",null,null,null,"Average point score",null,null,null,null,null,null,null,"Percentage of students achieving at least 2 substantial Level 3 qualifications ",null,null,null,"Students entered for at least one A level or Applied single/double award A level5",null,null,null,"Percentage of students achieving 3 A*-A grades or better at A level or Applied single/double award A level 5,6",null,null,null,"Percentage of students achieving grades AAB or better at A level or Applied single/double award A level 5,6",null,null,null,"Percentage of students achieving grades AAB or better at A level, of which at least two are in facilitating subjects7",null,null,null,"Percentage of students achieving grades AAB or better at A level, all of which are in facilitating subjects7"]
["Admissions basis",null,null,null,null,"Per Student",null,null,null,"Per Entry"]
[null,"Males","Females","Total",null,"Males","Females","Total",null,"Males","Females","Total",null,"Males","Females","Total",null,"Males","Females","Total",null,"Males","Females","Total",null,"Males","Females","Total",null,"Males","Females","Total",null,"Males","Females","Total"]
[]
["All state-funded schools, state-funded special",81262,92692,173954,null,757.1,791.3,775.3,null,211.2,218,214.8,null,97.6,98.3,98,null,68686,82901,151587,null,10.9,9.8000000000000007,10.3,null,17.3,17.5,17.399999999999999,null,14.7,12.4,13.5,null,10.5,7.2,8.6999999999999993]
["schools, hospital schools and PRUs8"]
[]
["Of which:"]
[]
["      Comprehensive schools",67143,77039,144182,null,731.3,767.2,750.5,null,207.7,215.2,211.8,null,97.4,98.2,97.8,null,56138,68414,124552,null,8.1999999999999993,7.4,7.8,null,13.8,14.2,14,null,11.6,9.6,10.5,null,8.3000000000000007,5.4,6.7]
[]
["      Selective schools ",10697,11868,22565,null,951.6,977.8,965.4,null,231.9,235.7,233.9,null,99.9,100,99.9,null,10382,11500,21882,null,26.7,25.7,26.1,null,38.299999999999997,39.5,38.9,null,33.700000000000003,31.1,32.299999999999997,null,23.5,19.100000000000001,21.2]
[]
["      Modern schools",2508,2776,5284,null,649.70000000000005,695.2,673.6,null,201.8,206.9,204.5,null,93.5,96,94.8,null,1560,2199,3759,null,2.6,2.4,2.5,null,5.0999999999999996,5.6,5.4,null,3.8,2.7,3.2,null,2.6,1.4,1.9]
[]
[null,null,null,null,null,null,null,null,null,null,null,null,null,null,null,null,null,null,null,null,null,null,null,null,null,null,null,null,null,null,null,null,null,null,null,"Source: 2013/14 16-18 attainment data (revised)"]
["1. Cumulative results achieved in the 2012/13 and 2013/14 academic years."]
["2. Covers students at the end of advanced level study who were entered for at least one substantial level 3 qualification in the 2013/14 academic year."]
["3. Covers students aged 16, 17 or 18 at the start of the 2013/14 academic year, ie 31 August 2013."]
["4. A substantial advanced level academic or vocational qualification is defined as a qualification that is at least the size of an A level (180 guided learning hours per year), such as a BTEC Subsidiary Diploma. If a vocational or academic qualification is similar in size to 2 A levels it will be counted as 2 substantial level 3 qualifications."]
[]
["5. Covers students at the end of advanced level study who were entered for at least one A level, applied single award A level or applied double award A level in the 2013/14 academic year."]
["6. An Applied GCE Double Award A level at grade A*A* counts as two grade A*s, AA counts as two grade As and an award at grade AB counts as one grade A."]
["7. Covers facilitating A level subjects: biology, chemistry, physics, mathematics, further mathematics, geography, history, English literature, modern and classical languages. Refer to the 'Quality and Methodology Information' document for an explanation of the methodology used to calculate the AAB indicators for facilitating subjects."]
[]
["8. Sponsor and converter academies; community, voluntary aided, voluntary controlled and foundation schools; city technology colleges (CTCs); free schools (mainstream, special, UTC,studio school, 16-19); hospital and special schools; pupil referral units (PRUs). Figures for other state-funded schools are not shown in the table, therefore the number of entries do not sum to totals."]
[]
[]
["Admissions basis:"]
["Comprehensive schools: Admit all pupils, usually regardless of their ability or aptitude; includes schools operating pupil ability banding admission arrangements."]
["Selective schools: Admit pupils wholly or mainly with reference to ability. These schools are formally designated as grammar schools."]
["Modern schools: Schools which, like comprehensives, admit pupils of any ability. However, secondary modern schools will have grammar schools in their area which admit most local high ability pupils. Secondary modern schools therefore may have a lower ability intake than comprehensive schools which are not in grammar school areas."]
[]
[]
["Notes:"]
["Percentages and average point scores are rounded to one decimal place."]
["Where qualifications taken by a student are in the same subject area and similar in content ‘discounting’ rules have been applied to avoid double counting qualifications."]
["Refer to 'Quality and Methodology Information' document."]
[]
[]
[" "]
[null,null,null," "]

{"sheet":"Table 1dsupp","index":4,"n_rows":52,"n_cols":60,"rows_kept":52,"cut":false,"hidden":true,"merged":[[41,0,42,7],[4,1,4,15],[4,21,4,35],[4,41,4,55],[5,1,6,3],[5,5,6,7],[5,9,5,15],[5,17,6,19],[5,21,6,23],[5,25,6,27],[5,29,5,35],[5,57,6,59],[6,0,7,0],[6,9,6,11],[6,13,6,15],[6,29,6,31],[6,33,6,35],[6,49,6,51],[6,53,6,55],[5,37,6,39],[5,41,6,43],[5,45,6,47],[5,49,5,55]]}
["Table 1d: Average Point Score and percentage achievements of students aged 16 to 191 by institution type, cohort and gender "]
["Year: 2012/13 (revised)"]
["Coverage: England"]
[]
[null,"A level cohort2",null,null,null,null,null,null,null,null,null,null,null,null,null,null,null,null,null,null,null,"Academic cohort3",null,null,null,null,null,null,null,null,null,null,null,null,null,null,null,null,null,null,null,"Vocational cohort4"]
[null,"Number of students",null,null,null,"Number of Full-Time Equivalents",null,null,null,"Average Point Score ",null,null,null,null,null,null,null,"Percentage of students achieving at least 2 A level qualifications",null,null,null,"Number of students",null,null,null,"Number of Full-Time Equivalents",null,null,null,"Average Point Score ",null,null,null,null,null,null,null,"Percentage of students achieving at least 2 substantial level 3 academic qualifications",null,null,null,"Number of students",null,null,null,"Number of Full-Time Equivalents",null,null,null,"Average Point Score ",null,null,null,null,null,null,null,"Percentage of students achieving at least 2 substantial level 3 vocational qualifications"]
["Institution type",null,null,null,null,null,null,null,null,"Per Entry",null,null,null,"Per Full-Time Equivalent",null,null,null,null,null,null,null,null,null,null,null,null,null,null,null,"Per Entry",null,null,null,"Per Full-Time Equivalent",null,null,null,null,null,null,null,null,null,null,null,null,null,null,null,"Per Entry",null,null,null,"Per Full-Time Equivalent"]
[null,"Males","Females","Total",null,"Males","Females","Total",null,"Males","Females","Total",null,"Males","Females","Total",null,"Males","Females","Total",null,"Males","Females","Total",null,"Males","Females","Total",null,"Males","Females","Total",null,"Males","Females","Total",null,"Males","Females","Total",null,"Males","Females","Total",null,"Males","Females","Total",null,"Males","Females","Total",null,"Males","Females","Total",null,"Males","Females","Total"]
[]
["All state-funded schools5",68686,82901,151587,null,62592.800000000003,76360.100000000006,138952.9,null,210,216.1,213.3,null,767.6,791.1,780.5,null,90.1,92.7,91.5,null,69282,83654,152936,null,63882.6,78083.600000000006,141966.20000000001,null,209.9,216.1,213.3,null,771.3,795.6,784.7,null,90.2,92.7,91.6,null,24148,21889,46037,null,17379.400000000001,14608.4,31987.8,null,223.7,235.1,229,null,668.6,721,692.5,null,66.7,61.6,64.3]
["of which:"]
["  Local authority maintained mainstream schools6",23479,28582,52061,null,21347.3,26272,47619.3,null,206.4,212.8,209.9,null,741.4,764.6,754.2,null,89.2,92.1,90.8,null,23556,28652,52208,null,21626.9,26631.8,48258.8,null,206.2,212.8,209.9,null,742.7,766.5,755.8,null,89.2,92.1,90.8,null,8679,8087,16766,null,6199.1,5383.2,11582.2,null,223.8,235.2,229.1,null,661.8,713.1,685.7,null,65.3,60.7,63.1]
["  Sponsored academies",5381,6336,11717,null,4402.1000000000004,5255.8,9657.9,null,193.3,201.2,197.6,null,667.5,697.8,684,null,77.2,80.5,79,null,5470,6428,11898,null,4531.1000000000004,5401.1,9932.2000000000007,null,193,200.9,197.3,null,672.2,702.9,688.9,null,77.400000000000006,80.599999999999994,79.099999999999994,null,5290,4601,9891,null,4253.8999999999996,3423.9,7677.8,null,220.3,232.7,226,null,650.79999999999995,706,675.4,null,75.099999999999994,71.2,73.3]
["  Converter academies",39346,47540,86886,null,36455.599999999999,44471.8,80927.399999999994,null,213.8,219.6,217,null,794.9,817.5,807.3,null,92.6,94.7,93.8,null,39776,48131,87907,null,37332.199999999997,45687.6,83019.8,null,213.8,219.6,217,null,799.7,823.3,812.7,null,92.7,94.8,93.8,null,9736,8843,18579,null,6550.8,5501.4,12052.2,null,225.3,236.1,230.3,null,685.1,734,707.4,null,62.9,56.4,59.8]
["  Mainstream free schools, university technical colleges (UTCs) and studio schools",478,441,919,null,385.9,358.5,744.3,null,215.2,227.5,221.1,null,780,827.6,802.9,null,75.900000000000006,79.8,77.8,null,478,441,919,null,390.4,361,751.5,null,215.4,227.7,221.3,null,780,827.8,802.9,null,75.900000000000006,79.8,77.8,null,436,351,787,null,368.6,293,661.5,null,231.3,244.7,237.5,null,697.9,800.8,743.5,null,78.400000000000006,85.2,81.400000000000006]
[]
["Independent schools",16733,16914,33647,null,16277.3,16483.599999999999,32760.9,null,241.2,245.3,243.2,null,870.3,883.4,876.9,null,96.4,97.1,96.8,null,17914,17892,35806,null,17798.7,17806.099999999999,35604.800000000003,null,240,244,242,null,890.5,902.3,896.4,null,97.2,97.8,97.5,null,450,316,766,null,306.3,209.9,516.20000000000005,null,228.9,238.6,233,null,667.2,737,695.6,null,63.1,60.1,61.9]
["of which:"]
["  Independent schools",16673,16897,33570,null,16226,16469.2,32695.3,null,241.3,245.3,243.3,null,871.4,883.7,877.6,null,96.5,97.2,96.8,null,17854,17875,35729,null,17747.3,17791.7,35539.1,null,240.1,244.1,242.1,null,891.6,902.6,897.1,null,97.3,97.9,97.6,null,414,302,716,null,280.7,198.3,478.9,null,230.4,240.4,234.7,null,682.4,752.6,711.4,null,65.2,60.3,63.1]
["  Independent special schools and non-maintained special schools8",60,17,77,null,51.2,14.4,65.599999999999994,null,192,182.2,189.8,null,524.6,525.70000000000005,524.79999999999995,null,66.7,64.7,66.2,null,60,17,77,null,51.3,14.4,65.7,null,192,182.2,189.8,null,524.9,525.70000000000005,525,null,66.7,64.7,66.2,null,36,14,50,null,25.7,11.6,37.299999999999997,null,208.4,197.7,205.1,null,501,471.3,491.7,null,38.9,57.1,44]
[]
["All schools",85419,99815,185234,null,78870.100000000006,92843.7,171713.8,null,216.3,221.2,219,null,788.8,807.5,798.9,null,91.3,93.4,92.5,null,87196,101546,188742,null,81681.3,95889.7,177571,null,216.5,221.3,219.1,null,797.3,815.4,807.1,null,91.6,93.6,92.7,null,24598,22205,46803,null,17685.7,14818.3,32504,null,223.8,235.2,229.1,null,668.5,721.2,692.5,null,66.599999999999994,61.6,64.2]
[]
["FE sector colleges",30326,41871,72197,null,28069.4,39155.1,67224.5,null,202,210.1,206.7,null,740.6,768.6,756.9,null,90.9,93.2,92.3,null,30498,42167,72665,null,28538,39967,68505,null,202.2,210.4,207,null,743,772.1,760,null,90.8,93.2,92.2,null,62792,64042,126834,null,60390,61320,121710,null,206.5,218.6,212.6,null,511.7,537.5,524.70000000000005,null,67.400000000000006,64.7,66.099999999999994]
["of which:"]
["  Sixth form colleges",21691,29129,50820,null,19961.8,27084.799999999999,47046.6,null,203.5,212.2,208.5,null,768.7,802.9,788.4,null,90.9,93.4,92.4,null,21769,29258,51027,null,20291.8,27641.7,47933.5,null,203.7,212.6,208.9,null,771.2,806.2,791.4,null,90.8,93.4,92.3,null,9704,9355,19059,null,7857.2,7275.3,15132.5,null,219.9,230.5,225,null,618.1,656.9,636.70000000000005,null,70,67.599999999999994,68.8]
["  Other FE sector colleges9",8635,12742,21377,null,8107.6,12070.4,20177.900000000001,null,198.1,204.9,202.2,null,671.4,691.5,683.4,null,91,92.7,92,null,8729,12909,21638,null,8246.2000000000007,12325.3,20571.5,null,198.2,204.8,202.1,null,673.7,695.6,686.8,null,90.7,92.6,91.8,null,53088,54687,107775,null,52532.800000000003,54044.7,106577.5,null,204.2,216.7,210.5,null,495.8,521.5,508.8,null,67,64.2,65.599999999999994]
[]
["All state-funded schools and colleges",98909,124746,223655,null,90560.9,115489.3,206050.2,null,207.5,214.1,211.2,null,759.1,783.5,772.7,null,90.4,92.9,91.8,null,99677,125795,225472,null,92317.6,118024.6,210342.2,null,207.5,214.2,211.2,null,762.4,787.7,776.6,null,90.4,92.9,91.8,null,86939,85926,172865,null,77768.399999999994,75923.399999999994,153691.79999999999,null,210.9,222.4,216.6,null,546.70000000000005,572.79999999999995,559.6,null,67.2,63.9,65.599999999999994]
[]
["All schools and FE sector colleges",115745,141686,257431,null,106939.5,131998.79999999999,238938.3,null,212.6,217.9,215.5,null,776.1,796,787.1,null,91.2,93.4,92.4,null,117694,143713,261407,null,110219.3,135856.70000000001,246075.9,null,212.8,218.1,215.7,null,783.2,802.7,794,null,91.4,93.5,92.5,null,87390,86247,173637,null,78075.7,76138.3,154214.1,null,211,222.5,216.6,null,547.20000000000005,573.29999999999995,560.1,null,67.2,63.9,65.599999999999994]
[]
[]
["1. Cumulative results achieved in the 2012/13 and 2013/14 academic years."]
["2. Covers students at the end of advanced level study who were entered for at least one substantial level 3 qualification in the 2013/14 academic year."]
["3. Covers students aged 16, 17 or 18 at the start of the 2013/14 academic year, i.e. 31 August 2013."]
["4. Also includes state-funded special schools, hospital schools, pupil referral units (PRUs) and alternative provision (AP) free schools. Figures for these institution types are not shown separately in the table."]
["5. Community, voluntary aided, voluntary controlled and foundation schools."]
["6. Convertor academies and academy 16-19 converters."]
["7. Independent special schools, independent schools approved to take pupils with special educational needs (SEN) and non-maintained special schools."]
["8. Further education sector colleges; other government department funded colleges; and special colleges."]
["9. Covers all state-funded mainstream schools, academies, free schools, maintained special schools and FE sector colleges. Excludes pupil referral units (PRUs), non-maintained special schools, other government department funded colleges, independent schools, independent special schools and independent schools approved to take pupils with special educational needs (SEN) ."]
[]
[]
["Notes:"]
["Full-time equivalents (FTE) numbers, average point scores and percentages are rounded to one decimal place."]
["Where qualifications taken by a student are in the same subject area and similar in content ‘discounting’ rules have been applied to avoid double counting qualifications."]
["‘Substantial’ advanced level academic qualifications are defined as qualifications that are at least the size of an A level (180 guided learning hours per year), for example a Pre-U principal certificate. "]
["If an academic qualification is similar in size to 2 A levels it will be counted as 2 substantial qualifications."]
["‘Substantial’ advanced level vocational qualifications are defined as qualifications that are at least the size of an A level (180 guided learning hours per year), for example a BTEC subsidiary Diploma (Level 3)."]
["If a vocational qualification is similar in size to 2 A levels it will be counted as 2 substantial qualifications."]
["Refer to 'Quality and Methodology Information' document for more information on cohort calculations."]

{"sheet":"Table 1d","index":5,"n_rows":52,"n_cols":20,"rows_kept":52,"cut":false,"hidden":false,"merged":[[5,17,6,19],[4,1,4,19],[41,0,42,7],[5,1,6,3],[5,5,6,7],[5,9,5,15],[6,9,6,11],[6,13,6,15]]}
["Table 1d: Level 3 results1,2,3 by cohort, institution type and gender "]
["Year: 2013/14 (revised)",null,null,null,null,null,1,"1. A level cohort"]
["Coverage: England",null,null,{"$f":"IF(Selectcohort=\"1. A level cohort\",1,IF(Selectcohort=\"2. Academic cohort\",2,IF(Selectcohort=\"3. Vocational cohort\",3)))","v":1},null,null,2,"2. Academic cohort",null,null,{"$f":"VLOOKUP(K4,G2:H4,2,FALSE)","v":"1. A level cohort"}]
[null,null,null,null,null,null,3,"3. Vocational cohort",null,null,1]
[null,{"$f":"K3","v":"1. A level cohort"}]
["                                                        Select Cohort:","Number of students",null,null,null,"Number of Full-Time Equivalents",null,null,null,"Average point score ",null,null,null,null,null,null,null,{"$f":"IF(Selectcohort=\"1. A level cohort\",\"Percentage of students achieving at least 2 A level qualifications\",IF(Selectcohort=\"2. Academic cohort\",\"Percentage of students achieving at least 2 substantial level 3 academic qualifications\",\"Percentage of students achieving at least 2 substantial level 3 vocational qualifications\"))","v":"Percentage of students achieving at least 2 A level qualifications"}]
["Institution type",null,null,null,null,null,null,null,null,"Per entry",null,null,null,"Per Full-Time Equivalent"]
[null,"Males","Females","Total",null,"Males","Females","Total",null,"Males","Females","Total",null,"Males","Females","Total",null,"Males","Females","Total"]
[]
["All state-funded schools4",{"$f":"IF($D$3=1,'Table 1dsupp'!B10,IF($D$3=2,'Table 1dsupp'!V10,IF($D$3=3,'Table 1dsupp'!AP10)))","v":68686},{"$f":"IF($D$3=1,'Table 1dsupp'!C10,IF($D$3=2,'Table 1dsupp'!W10,IF($D$3=3,'Table 1dsupp'!AQ10)))","v":82901},{"$f":"IF($D$3=1,'Table 1dsupp'!D10,IF($D$3=2,'Table 1dsupp'!X10,IF($D$3=3,'Table 1dsupp'!AR10)))","v":151587},null,{"$f":"IF($D$3=1,'Table 1dsupp'!F10,IF($D$3=2,'Table 1dsupp'!Z10,IF($D$3=3,'Table 1dsupp'!AT10)))","v":62592.800000000003},{"$f":"IF($D$3=1,'Table 1dsupp'!G10,IF($D$3=2,'Table 1dsupp'!AA10,IF($D$3=3,'Table 1dsupp'!AU10)))","v":76360.100000000006},{"$f":"IF($D$3=1,'Table 1dsupp'!H10,IF($D$3=2,'Table 1dsupp'!AB10,IF($D$3=3,'Table 1dsupp'!AV10)))","v":138952.9},null,{"$f":"IF($D$3=1,'Table 1dsupp'!J10,IF($D$3=2,'Table 1dsupp'!AD10,IF($D$3=3,'Table 1dsupp'!AX10)))","v":210},{"$f":"IF($D$3=1,'Table 1dsupp'!K10,IF($D$3=2,'Table 1dsupp'!AE10,IF($D$3=3,'Table 1dsupp'!AY10)))","v":216.1},{"$f":"IF($D$3=1,'Table 1dsupp'!L10,IF($D$3=2,'Table 1dsupp'!AF10,IF($D$3=3,'Table 1dsupp'!AZ10)))","v":213.3},null,{"$f":"IF($D$3=1,'Table 1dsupp'!N10,IF($D$3=2,'Table 1dsupp'!AH10,IF($D$3=3,'Table 1dsupp'!BB10)))","v":767.6},{"$f":"IF($D$3=1,'Table 1dsupp'!O10,IF($D$3=2,'Table 1dsupp'!AI10,IF($D$3=3,'Table 1dsupp'!BC10)))","v":791.1},{"$f":"IF($D$3=1,'Table 1dsupp'!P10,IF($D$3=2,'Table 1dsupp'!AJ10,IF($D$3=3,'Table 1dsupp'!BD10)))","v":780.5},null,{"$f":"IF($D$3=1,'Table 1dsupp'!R10,IF($D$3=2,'Table 1dsupp'!AL10,IF($D$3=3,'Table 1dsupp'!BF10)))","v":90.1},{"$f":"IF($D$3=1,'Table 1dsupp'!S10,IF($D$3=2,'Table 1dsupp'!AM10,IF($D$3=3,'Table 1dsupp'!BG10)))","v":92.7},{"$f":"IF($D$3=1,'Table 1dsupp'!T10,IF($D$3=2,'Table 1dsupp'!AN10,IF($D$3=3,'Table 1dsupp'!BH10)))","v":91.5}]
["of which:"]
["  Local authority maintained mainstream schools5",{"$f":"IF($D$3=1,'Table 1dsupp'!B12,IF($D$3=2,'Table 1dsupp'!V12,IF($D$3=3,'Table 1dsupp'!AP12)))","v":23479},{"$f":"IF($D$3=1,'Table 1dsupp'!C12,IF($D$3=2,'Table 1dsupp'!W12,IF($D$3=3,'Table 1dsupp'!AQ12)))","v":28582},{"$f":"IF($D$3=1,'Table 1dsupp'!D12,IF($D$3=2,'Table 1dsupp'!X12,IF($D$3=3,'Table 1dsupp'!AR12)))","v":52061},null,{"$f":"IF($D$3=1,'Table 1dsupp'!F12,IF($D$3=2,'Table 1dsupp'!Z12,IF($D$3=3,'Table 1dsupp'!AT12)))","v":21347.3},{"$f":"IF($D$3=1,'Table 1dsupp'!G12,IF($D$3=2,'Table 1dsupp'!AA12,IF($D$3=3,'Table 1dsupp'!AU12)))","v":26272},{"$f":"IF($D$3=1,'Table 1dsupp'!H12,IF($D$3=2,'Table 1dsupp'!AB12,IF($D$3=3,'Table 1dsupp'!AV12)))","v":47619.3},null,{"$f":"IF($D$3=1,'Table 1dsupp'!J12,IF($D$3=2,'Table 1dsupp'!AD12,IF($D$3=3,'Table 1dsupp'!AX12)))","v":206.4},{"$f":"IF($D$3=1,'Table 1dsupp'!K12,IF($D$3=2,'Table 1dsupp'!AE12,IF($D$3=3,'Table 1dsupp'!AY12)))","v":212.8},{"$f":"IF($D$3=1,'Table 1dsupp'!L12,IF($D$3=2,'Table 1dsupp'!AF12,IF($D$3=3,'Table 1dsupp'!AZ12)))","v":209.9},null,{"$f":"IF($D$3=1,'Table 1dsupp'!N12,IF($D$3=2,'Table 1dsupp'!AH12,IF($D$3=3,'Table 1dsupp'!BB12)))","v":741.4},{"$f":"IF($D$3=1,'Table 1dsupp'!O12,IF($D$3=2,'Table 1dsupp'!AI12,IF($D$3=3,'Table 1dsupp'!BC12)))","v":764.6},{"$f":"IF($D$3=1,'Table 1dsupp'!P12,IF($D$3=2,'Table 1dsupp'!AJ12,IF($D$3=3,'Table 1dsupp'!BD12)))","v":754.2},null,{"$f":"IF($D$3=1,'Table 1dsupp'!R12,IF($D$3=2,'Table 1dsupp'!AL12,IF($D$3=3,'Table 1dsupp'!BF12)))","v":89.2},{"$f":"IF($D$3=1,'Table 1dsupp'!S12,IF($D$3=2,'Table 1dsupp'!AM12,IF($D$3=3,'Table 1dsupp'!BG12)))","v":92.1},{"$f":"IF($D$3=1,'Table 1dsupp'!T12,IF($D$3=2,'Table 1dsupp'!AN12,IF($D$3=3,'Table 1dsupp'!BH12)))","v":90.8}]
["  Sponsored academies - mainstream",{"$f":"IF($D$3=1,'Table 1dsupp'!B13,IF($D$3=2,'Table 1dsupp'!V13,IF($D$3=3,'Table 1dsupp'!AP13)))","v":5381},{"$f":"IF($D$3=1,'Table 1dsupp'!C13,IF($D$3=2,'Table 1dsupp'!W13,IF($D$3=3,'Table 1dsupp'!AQ13)))","v":6336},{"$f":"IF($D$3=1,'Table 1dsupp'!D13,IF($D$3=2,'Table 1dsupp'!X13,IF($D$3=3,'Table 1dsupp'!AR13)))","v":11717},null,{"$f":"IF($D$3=1,'Table 1dsupp'!F13,IF($D$3=2,'Table 1dsupp'!Z13,IF($D$3=3,'Table 1dsupp'!AT13)))","v":4402.1000000000004},{"$f":"IF($D$3=1,'Table 1dsupp'!G13,IF($D$3=2,'Table 1dsupp'!AA13,IF($D$3=3,'Table 1dsupp'!AU13)))","v":5255.8},{"$f":"IF($D$3=1,'Table 1dsupp'!H13,IF($D$3=2,'Table 1dsupp'!AB13,IF($D$3=3,'Table 1dsupp'!AV13)))","v":9657.9},null,{"$f":"IF($D$3=1,'Table 1dsupp'!J13,IF($D$3=2,'Table 1dsupp'!AD13,IF($D$3=3,'Table 1dsupp'!AX13)))","v":193.3},{"$f":"IF($D$3=1,'Table 1dsupp'!K13,IF($D$3=2,'Table 1dsupp'!AE13,IF($D$3=3,'Table 1dsupp'!AY13)))","v":201.2},{"$f":"IF($D$3=1,'Table 1dsupp'!L13,IF($D$3=2,'Table 1dsupp'!AF13,IF($D$3=3,'Table 1dsupp'!AZ13)))","v":197.6},null,{"$f":"IF($D$3=1,'Table 1dsupp'!N13,IF($D$3=2,'Table 1dsupp'!AH13,IF($D$3=3,'Table 1dsupp'!BB13)))","v":667.5},{"$f":"IF($D$3=1,'Table 1dsupp'!O13,IF($D$3=2,'Table 1dsupp'!AI13,IF($D$3=3,'Table 1dsupp'!BC13)))","v":697.8},{"$f":"IF($D$3=1,'Table 1dsupp'!P13,IF($D$3=2,'Table 1dsupp'!AJ13,IF($D$3=3,'Table 1dsupp'!BD13)))","v":684},null,{"$f":"IF($D$3=1,'Table 1dsupp'!R13,IF($D$3=2,'Table 1dsupp'!AL13,IF($D$3=3,'Table 1dsupp'!BF13)))","v":77.2},{"$f":"IF($D$3=1,'Table 1dsupp'!S13,IF($D$3=2,'Table 1dsupp'!AM13,IF($D$3=3,'Table 1dsupp'!BG13)))","v":80.5},{"$f":"IF($D$3=1,'Table 1dsupp'!T13,IF($D$3=2,'Table 1dsupp'!AN13,IF($D$3=3,'Table 1dsupp'!BH13)))","v":79}]
["  Converter academies - mainstream6",{"$f":"IF($D$3=1,'Table 1dsupp'!B14,IF($D$3=2,'Table 1dsupp'!V14,IF($D$3=3,'Table 1dsupp'!AP14)))","v":39346},{"$f":"IF($D$3=1,'Table 1dsupp'!C14,IF($D$3=2,'Table 1dsupp'!W14,IF($D$3=3,'Table 1dsupp'!AQ14)))","v":47540},{"$f":"IF($D$3=1,'Table 1dsupp'!D14,IF($D$3=2,'Table 1dsupp'!X14,IF($D$3=3,'Table 1dsupp'!AR14)))","v":86886},null,{"$f":"IF($D$3=1,'Table 1dsupp'!F14,IF($D$3=2,'Table 1dsupp'!Z14,IF($D$3=3,'Table 1dsupp'!AT14)))","v":36455.599999999999},{"$f":"IF($D$3=1,'Table 1dsupp'!G14,IF($D$3=2,'Table 1dsupp'!AA14,IF($D$3=3,'Table 1dsupp'!AU14)))","v":44471.8},{"$f":"IF($D$3=1,'Table 1dsupp'!H14,IF($D$3=2,'Table 1dsupp'!AB14,IF($D$3=3,'Table 1dsupp'!AV14)))","v":80927.399999999994},null,{"$f":"IF($D$3=1,'Table 1dsupp'!J14,IF($D$3=2,'Table 1dsupp'!AD14,IF($D$3=3,'Table 1dsupp'!AX14)))","v":213.8},{"$f":"IF($D$3=1,'Table 1dsupp'!K14,IF($D$3=2,'Table 1dsupp'!AE14,IF($D$3=3,'Table 1dsupp'!AY14)))","v":219.6},{"$f":"IF($D$3=1,'Table 1dsupp'!L14,IF($D$3=2,'Table 1dsupp'!AF14,IF($D$3=3,'Table 1dsupp'!AZ14)))","v":217},null,{"$f":"IF($D$3=1,'Table 1dsupp'!N14,IF($D$3=2,'Table 1dsupp'!AH14,IF($D$3=3,'Table 1dsupp'!BB14)))","v":794.9},{"$f":"IF($D$3=1,'Table 1dsupp'!O14,IF($D$3=2,'Table 1dsupp'!AI14,IF($D$3=3,'Table 1dsupp'!BC14)))","v":817.5},{"$f":"IF($D$3=1,'Table 1dsupp'!P14,IF($D$3=2,'Table 1dsupp'!AJ14,IF($D$3=3,'Table 1dsupp'!BD14)))","v":807.3},null,{"$f":"IF($D$3=1,'Table 1dsupp'!R14,IF($D$3=2,'Table 1dsupp'!AL14,IF($D$3=3,'Table 1dsupp'!BF14)))","v":92.6},{"$f":"IF($D$3=1,'Table 1dsupp'!S14,IF($D$3=2,'Table 1dsupp'!AM14,IF($D$3=3,'Table 1dsupp'!BG14)))","v":94.7},{"$f":"IF($D$3=1,'Table 1dsupp'!T14,IF($D$3=2,'Table 1dsupp'!AN14,IF($D$3=3,'Table 1dsupp'!BH14)))","v":93.8}]
["  Mainstream free schools, free school 16-19, university technical colleges (UTCs), city technology colleges (CTCs) and studio schools",{"$f":"IF($D$3=1,'Table 1dsupp'!B15,IF($D$3=2,'Table 1dsupp'!V15,IF($D$3=3,'Table 1dsupp'!AP15)))","v":478},{"$f":"IF($D$3=1,'Table 1dsupp'!C15,IF($D$3=2,'Table 1dsupp'!W15,IF($D$3=3,'Table 1dsupp'!AQ15)))","v":441},{"$f":"IF($D$3=1,'Table 1dsupp'!D15,IF($D$3=2,'Table 1dsupp'!X15,IF($D$3=3,'Table 1dsupp'!AR15)))","v":919},null,{"$f":"IF($D$3=1,'Table 1dsupp'!F15,IF($D$3=2,'Table 1dsupp'!Z15,IF($D$3=3,'Table 1dsupp'!AT15)))","v":385.9},{"$f":"IF($D$3=1,'Table 1dsupp'!G15,IF($D$3=2,'Table 1dsupp'!AA15,IF($D$3=3,'Table 1dsupp'!AU15)))","v":358.5},{"$f":"IF($D$3=1,'Table 1dsupp'!H15,IF($D$3=2,'Table 1dsupp'!AB15,IF($D$3=3,'Table 1dsupp'!AV15)))","v":744.3},null,{"$f":"IF($D$3=1,'Table 1dsupp'!J15,IF($D$3=2,'Table 1dsupp'!AD15,IF($D$3=3,'Table 1dsupp'!AX15)))","v":215.2},{"$f":"IF($D$3=1,'Table 1dsupp'!K15,IF($D$3=2,'Table 1dsupp'!AE15,IF($D$3=3,'Table 1dsupp'!AY15)))","v":227.5},{"$f":"IF($D$3=1,'Table 1dsupp'!L15,IF($D$3=2,'Table 1dsupp'!AF15,IF($D$3=3,'Table 1dsupp'!AZ15)))","v":221.1},null,{"$f":"IF($D$3=1,'Table 1dsupp'!N15,IF($D$3=2,'Table 1dsupp'!AH15,IF($D$3=3,'Table 1dsupp'!BB15)))","v":780},{"$f":"IF($D$3=1,'Table 1dsupp'!O15,IF($D$3=2,'Table 1dsupp'!AI15,IF($D$3=3,'Table 1dsupp'!BC15)))","v":827.6},{"$f":"IF($D$3=1,'Table 1dsupp'!P15,IF($D$3=2,'Table 1dsupp'!AJ15,IF($D$3=3,'Table 1dsupp'!BD15)))","v":802.9},null,{"$f":"IF($D$3=1,'Table 1dsupp'!R15,IF($D$3=2,'Table 1dsupp'!AL15,IF($D$3=3,'Table 1dsupp'!BF15)))","v":75.900000000000006},{"$f":"IF($D$3=1,'Table 1dsupp'!S15,IF($D$3=2,'Table 1dsupp'!AM15,IF($D$3=3,'Table 1dsupp'!BG15)))","v":79.8},{"$f":"IF($D$3=1,'Table 1dsupp'!T15,IF($D$3=2,'Table 1dsupp'!AN15,IF($D$3=3,'Table 1dsupp'!BH15)))","v":77.8}]
[]
["Independent schools",{"$f":"IF($D$3=1,'Table 1dsupp'!B17,IF($D$3=2,'Table 1dsupp'!V17,IF($D$3=3,'Table 1dsupp'!AP17)))","v":16733},{"$f":"IF($D$3=1,'Table 1dsupp'!C17,IF($D$3=2,'Table 1dsupp'!W17,IF($D$3=3,'Table 1dsupp'!AQ17)))","v":16914},{"$f":"IF($D$3=1,'Table 1dsupp'!D17,IF($D$3=2,'Table 1dsupp'!X17,IF($D$3=3,'Table 1dsupp'!AR17)))","v":33647},null,{"$f":"IF($D$3=1,'Table 1dsupp'!F17,IF($D$3=2,'Table 1dsupp'!Z17,IF($D$3=3,'Table 1dsupp'!AT17)))","v":16277.3},{"$f":"IF($D$3=1,'Table 1dsupp'!G17,IF($D$3=2,'Table 1dsupp'!AA17,IF($D$3=3,'Table 1dsupp'!AU17)))","v":16483.599999999999},{"$f":"IF($D$3=1,'Table 1dsupp'!H17,IF($D$3=2,'Table 1dsupp'!AB17,IF($D$3=3,'Table 1dsupp'!AV17)))","v":32760.9},null,{"$f":"IF($D$3=1,'Table 1dsupp'!J17,IF($D$3=2,'Table 1dsupp'!AD17,IF($D$3=3,'Table 1dsupp'!AX17)))","v":241.2},{"$f":"IF($D$3=1,'Table 1dsupp'!K17,IF($D$3=2,'Table 1dsupp'!AE17,IF($D$3=3,'Table 1dsupp'!AY17)))","v":245.3},{"$f":"IF($D$3=1,'Table 1dsupp'!L17,IF($D$3=2,'Table 1dsupp'!AF17,IF($D$3=3,'Table 1dsupp'!AZ17)))","v":243.2},null,{"$f":"IF($D$3=1,'Table 1dsupp'!N17,IF($D$3=2,'Table 1dsupp'!AH17,IF($D$3=3,'Table 1dsupp'!BB17)))","v":870.3},{"$f":"IF($D$3=1,'Table 1dsupp'!O17,IF($D$3=2,'Table 1dsupp'!AI17,IF($D$3=3,'Table 1dsupp'!BC17)))","v":883.4},{"$f":"IF($D$3=1,'Table 1dsupp'!P17,IF($D$3=2,'Table 1dsupp'!AJ17,IF($D$3=3,'Table 1dsupp'!BD17)))","v":876.9},null,{"$f":"IF($D$3=1,'Table 1dsupp'!R17,IF($D$3=2,'Table 1dsupp'!AL17,IF($D$3=3,'Table 1dsupp'!BF17)))","v":96.4},{"$f":"IF($D$3=1,'Table 1dsupp'!S17,IF($D$3=2,'Table 1dsupp'!AM17,IF($D$3=3,'Table 1dsupp'!BG17)))","v":97.1},{"$f":"IF($D$3=1,'Table 1dsupp'!T17,IF($D$3=2,'Table 1dsupp'!AN17,IF($D$3=3,'Table 1dsupp'!BH17)))","v":96.8}]
["of which:"]
["  Independent schools",{"$f":"IF($D$3=1,'Table 1dsupp'!B19,IF($D$3=2,'Table 1dsupp'!V19,IF($D$3=3,'Table 1dsupp'!AP19)))","v":16673},{"$f":"IF($D$3=1,'Table 1dsupp'!C19,IF($D$3=2,'Table 1dsupp'!W19,IF($D$3=3,'Table 1dsupp'!AQ19)))","v":16897},{"$f":"IF($D$3=1,'Table 1dsupp'!D19,IF($D$3=2,'Table 1dsupp'!X19,IF($D$3=3,'Table 1dsupp'!AR19)))","v":33570},null,{"$f":"IF($D$3=1,'Table 1dsupp'!F19,IF($D$3=2,'Table 1dsupp'!Z19,IF($D$3=3,'Table 1dsupp'!AT19)))","v":16226},{"$f":"IF($D$3=1,'Table 1dsupp'!G19,IF($D$3=2,'Table 1dsupp'!AA19,IF($D$3=3,'Table 1dsupp'!AU19)))","v":16469.2},{"$f":"IF($D$3=1,'Table 1dsupp'!H19,IF($D$3=2,'Table 1dsupp'!AB19,IF($D$3=3,'Table 1dsupp'!AV19)))","v":32695.3},null,{"$f":"IF($D$3=1,'Table 1dsupp'!J19,IF($D$3=2,'Table 1dsupp'!AD19,IF($D$3=3,'Table 1dsupp'!AX19)))","v":241.3},{"$f":"IF($D$3=1,'Table 1dsupp'!K19,IF($D$3=2,'Table 1dsupp'!AE19,IF($D$3=3,'Table 1dsupp'!AY19)))","v":245.3},{"$f":"IF($D$3=1,'Table 1dsupp'!L19,IF($D$3=2,'Table 1dsupp'!AF19,IF($D$3=3,'Table 1dsupp'!AZ19)))","v":243.3},null,{"$f":"IF($D$3=1,'Table 1dsupp'!N19,IF($D$3=2,'Table 1dsupp'!AH19,IF($D$3=3,'Table 1dsupp'!BB19)))","v":871.4},{"$f":"IF($D$3=1,'Table 1dsupp'!O19,IF($D$3=2,'Table 1dsupp'!AI19,IF($D$3=3,'Table 1dsupp'!BC19)))","v":883.7},{"$f":"IF($D$3=1,'Table 1dsupp'!P19,IF($D$3=2,'Table 1dsupp'!AJ19,IF($D$3=3,'Table 1dsupp'!BD19)))","v":877.6},null,{"$f":"IF($D$3=1,'Table 1dsupp'!R19,IF($D$3=2,'Table 1dsupp'!AL19,IF($D$3=3,'Table 1dsupp'!BF19)))","v":96.5},{"$f":"IF($D$3=1,'Table 1dsupp'!S19,IF($D$3=2,'Table 1dsupp'!AM19,IF($D$3=3,'Table 1dsupp'!BG19)))","v":97.2},{"$f":"IF($D$3=1,'Table 1dsupp'!T19,IF($D$3=2,'Table 1dsupp'!AN19,IF($D$3=3,'Table 1dsupp'!BH19)))","v":96.8}]
["  Independent special schools and non-maintained special schools7",{"$f":"IF($D$3=1,'Table 1dsupp'!B20,IF($D$3=2,'Table 1dsupp'!V20,IF($D$3=3,'Table 1dsupp'!AP20)))","v":60},{"$f":"IF($D$3=1,'Table 1dsupp'!C20,IF($D$3=2,'Table 1dsupp'!W20,IF($D$3=3,'Table 1dsupp'!AQ20)))","v":17},{"$f":"IF($D$3=1,'Table 1dsupp'!D20,IF($D$3=2,'Table 1dsupp'!X20,IF($D$3=3,'Table 1dsupp'!AR20)))","v":77},null,{"$f":"IF($D$3=1,'Table 1dsupp'!F20,IF($D$3=2,'Table 1dsupp'!Z20,IF($D$3=3,'Table 1dsupp'!AT20)))","v":51.2},{"$f":"IF($D$3=1,'Table 1dsupp'!G20,IF($D$3=2,'Table 1dsupp'!AA20,IF($D$3=3,'Table 1dsupp'!AU20)))","v":14.4},{"$f":"IF($D$3=1,'Table 1dsupp'!H20,IF($D$3=2,'Table 1dsupp'!AB20,IF($D$3=3,'Table 1dsupp'!AV20)))","v":65.599999999999994},null,{"$f":"IF($D$3=1,'Table 1dsupp'!J20,IF($D$3=2,'Table 1dsupp'!AD20,IF($D$3=3,'Table 1dsupp'!AX20)))","v":192},{"$f":"IF($D$3=1,'Table 1dsupp'!K20,IF($D$3=2,'Table 1dsupp'!AE20,IF($D$3=3,'Table 1dsupp'!AY20)))","v":182.2},{"$f":"IF($D$3=1,'Table 1dsupp'!L20,IF($D$3=2,'Table 1dsupp'!AF20,IF($D$3=3,'Table 1dsupp'!AZ20)))","v":189.8},null,{"$f":"IF($D$3=1,'Table 1dsupp'!N20,IF($D$3=2,'Table 1dsupp'!AH20,IF($D$3=3,'Table 1dsupp'!BB20)))","v":524.6},{"$f":"IF($D$3=1,'Table 1dsupp'!O20,IF($D$3=2,'Table 1dsupp'!AI20,IF($D$3=3,'Table 1dsupp'!BC20)))","v":525.70000000000005},{"$f":"IF($D$3=1,'Table 1dsupp'!P20,IF($D$3=2,'Table 1dsupp'!AJ20,IF($D$3=3,'Table 1dsupp'!BD20)))","v":524.79999999999995},null,{"$f":"IF($D$3=1,'Table 1dsupp'!R20,IF($D$3=2,'Table 1dsupp'!AL20,IF($D$3=3,'Table 1dsupp'!BF20)))","v":66.7},{"$f":"IF($D$3=1,'Table 1dsupp'!S20,IF($D$3=2,'Table 1dsupp'!AM20,IF($D$3=3,'Table 1dsupp'!BG20)))","v":64.7},{"$f":"IF($D$3=1,'Table 1dsupp'!T20,IF($D$3=2,'Table 1dsupp'!AN20,IF($D$3=3,'Table 1dsupp'!BH20)))","v":66.2}]
[]
["All schools",{"$f":"IF($D$3=1,'Table 1dsupp'!B22,IF($D$3=2,'Table 1dsupp'!V22,IF($D$3=3,'Table 1dsupp'!AP22)))","v":85419},{"$f":"IF($D$3=1,'Table 1dsupp'!C22,IF($D$3=2,'Table 1dsupp'!W22,IF($D$3=3,'Table 1dsupp'!AQ22)))","v":99815},{"$f":"IF($D$3=1,'Table 1dsupp'!D22,IF($D$3=2,'Table 1dsupp'!X22,IF($D$3=3,'Table 1dsupp'!AR22)))","v":185234},null,{"$f":"IF($D$3=1,'Table 1dsupp'!F22,IF($D$3=2,'Table 1dsupp'!Z22,IF($D$3=3,'Table 1dsupp'!AT22)))","v":78870.100000000006},{"$f":"IF($D$3=1,'Table 1dsupp'!G22,IF($D$3=2,'Table 1dsupp'!AA22,IF($D$3=3,'Table 1dsupp'!AU22)))","v":92843.7},{"$f":"IF($D$3=1,'Table 1dsupp'!H22,IF($D$3=2,'Table 1dsupp'!AB22,IF($D$3=3,'Table 1dsupp'!AV22)))","v":171713.8},null,{"$f":"IF($D$3=1,'Table 1dsupp'!J22,IF($D$3=2,'Table 1dsupp'!AD22,IF($D$3=3,'Table 1dsupp'!AX22)))","v":216.3},{"$f":"IF($D$3=1,'Table 1dsupp'!K22,IF($D$3=2,'Table 1dsupp'!AE22,IF($D$3=3,'Table 1dsupp'!AY22)))","v":221.2},{"$f":"IF($D$3=1,'Table 1dsupp'!L22,IF($D$3=2,'Table 1dsupp'!AF22,IF($D$3=3,'Table 1dsupp'!AZ22)))","v":219},null,{"$f":"IF($D$3=1,'Table 1dsupp'!N22,IF($D$3=2,'Table 1dsupp'!AH22,IF($D$3=3,'Table 1dsupp'!BB22)))","v":788.8},{"$f":"IF($D$3=1,'Table 1dsupp'!O22,IF($D$3=2,'Table 1dsupp'!AI22,IF($D$3=3,'Table 1dsupp'!BC22)))","v":807.5},{"$f":"IF($D$3=1,'Table 1dsupp'!P22,IF($D$3=2,'Table 1dsupp'!AJ22,IF($D$3=3,'Table 1dsupp'!BD22)))","v":798.9},null,{"$f":"IF($D$3=1,'Table 1dsupp'!R22,IF($D$3=2,'Table 1dsupp'!AL22,IF($D$3=3,'Table 1dsupp'!BF22)))","v":91.3},{"$f":"IF($D$3=1,'Table 1dsupp'!S22,IF($D$3=2,'Table 1dsupp'!AM22,IF($D$3=3,'Table 1dsupp'!BG22)))","v":93.4},{"$f":"IF($D$3=1,'Table 1dsupp'!T22,IF($D$3=2,'Table 1dsupp'!AN22,IF($D$3=3,'Table 1dsupp'!BH22)))","v":92.5}]
[]
["FE sector colleges",{"$f":"IF($D$3=1,'Table 1dsupp'!B24,IF($D$3=2,'Table 1dsupp'!V24,IF($D$3=3,'Table 1dsupp'!AP24)))","v":30326},{"$f":"IF($D$3=1,'Table 1dsupp'!C24,IF($D$3=2,'Table 1dsupp'!W24,IF($D$3=3,'Table 1dsupp'!AQ24)))","v":41871},{"$f":"IF($D$3=1,'Table 1dsupp'!D24,IF($D$3=2,'Table 1dsupp'!X24,IF($D$3=3,'Table 1dsupp'!AR24)))","v":72197},null,{"$f":"IF($D$3=1,'Table 1dsupp'!F24,IF($D$3=2,'Table 1dsupp'!Z24,IF($D$3=3,'Table 1dsupp'!AT24)))","v":28069.4},{"$f":"IF($D$3=1,'Table 1dsupp'!G24,IF($D$3=2,'Table 1dsupp'!AA24,IF($D$3=3,'Table 1dsupp'!AU24)))","v":39155.1},{"$f":"IF($D$3=1,'Table 1dsupp'!H24,IF($D$3=2,'Table 1dsupp'!AB24,IF($D$3=3,'Table 1dsupp'!AV24)))","v":67224.5},null,{"$f":"IF($D$3=1,'Table 1dsupp'!J24,IF($D$3=2,'Table 1dsupp'!AD24,IF($D$3=3,'Table 1dsupp'!AX24)))","v":202},{"$f":"IF($D$3=1,'Table 1dsupp'!K24,IF($D$3=2,'Table 1dsupp'!AE24,IF($D$3=3,'Table 1dsupp'!AY24)))","v":210.1},{"$f":"IF($D$3=1,'Table 1dsupp'!L24,IF($D$3=2,'Table 1dsupp'!AF24,IF($D$3=3,'Table 1dsupp'!AZ24)))","v":206.7},null,{"$f":"IF($D$3=1,'Table 1dsupp'!N24,IF($D$3=2,'Table 1dsupp'!AH24,IF($D$3=3,'Table 1dsupp'!BB24)))","v":740.6},{"$f":"IF($D$3=1,'Table 1dsupp'!O24,IF($D$3=2,'Table 1dsupp'!AI24,IF($D$3=3,'Table 1dsupp'!BC24)))","v":768.6},{"$f":"IF($D$3=1,'Table 1dsupp'!P24,IF($D$3=2,'Table 1dsupp'!AJ24,IF($D$3=3,'Table 1dsupp'!BD24)))","v":756.9},null,{"$f":"IF($D$3=1,'Table 1dsupp'!R24,IF($D$3=2,'Table 1dsupp'!AL24,IF($D$3=3,'Table 1dsupp'!BF24)))","v":90.9},{"$f":"IF($D$3=1,'Table 1dsupp'!S24,IF($D$3=2,'Table 1dsupp'!AM24,IF($D$3=3,'Table 1dsupp'!BG24)))","v":93.2},{"$f":"IF($D$3=1,'Table 1dsupp'!T24,IF($D$3=2,'Table 1dsupp'!AN24,IF($D$3=3,'Table 1dsupp'!BH24)))","v":92.3}]
["of which:"]
["  Sixth form colleges",{"$f":"IF($D$3=1,'Table 1dsupp'!B26,IF($D$3=2,'Table 1dsupp'!V26,IF($D$3=3,'Table 1dsupp'!AP26)))","v":21691},{"$f":"IF($D$3=1,'Table 1dsupp'!C26,IF($D$3=2,'Table 1dsupp'!W26,IF($D$3=3,'Table 1dsupp'!AQ26)))","v":29129},{"$f":"IF($D$3=1,'Table 1dsupp'!D26,IF($D$3=2,'Table 1dsupp'!X26,IF($D$3=3,'Table 1dsupp'!AR26)))","v":50820},null,{"$f":"IF($D$3=1,'Table 1dsupp'!F26,IF($D$3=2,'Table 1dsupp'!Z26,IF($D$3=3,'Table 1dsupp'!AT26)))","v":19961.8},{"$f":"IF($D$3=1,'Table 1dsupp'!G26,IF($D$3=2,'Table 1dsupp'!AA26,IF($D$3=3,'Table 1dsupp'!AU26)))","v":27084.799999999999},{"$f":"IF($D$3=1,'Table 1dsupp'!H26,IF($D$3=2,'Table 1dsupp'!AB26,IF($D$3=3,'Table 1dsupp'!AV26)))","v":47046.6},null,{"$f":"IF($D$3=1,'Table 1dsupp'!J26,IF($D$3=2,'Table 1dsupp'!AD26,IF($D$3=3,'Table 1dsupp'!AX26)))","v":203.5},{"$f":"IF($D$3=1,'Table 1dsupp'!K26,IF($D$3=2,'Table 1dsupp'!AE26,IF($D$3=3,'Table 1dsupp'!AY26)))","v":212.2},{"$f":"IF($D$3=1,'Table 1dsupp'!L26,IF($D$3=2,'Table 1dsupp'!AF26,IF($D$3=3,'Table 1dsupp'!AZ26)))","v":208.5},null,{"$f":"IF($D$3=1,'Table 1dsupp'!N26,IF($D$3=2,'Table 1dsupp'!AH26,IF($D$3=3,'Table 1dsupp'!BB26)))","v":768.7},{"$f":"IF($D$3=1,'Table 1dsupp'!O26,IF($D$3=2,'Table 1dsupp'!AI26,IF($D$3=3,'Table 1dsupp'!BC26)))","v":802.9},{"$f":"IF($D$3=1,'Table 1dsupp'!P26,IF($D$3=2,'Table 1dsupp'!AJ26,IF($D$3=3,'Table 1dsupp'!BD26)))","v":788.4},null,{"$f":"IF($D$3=1,'Table 1dsupp'!R26,IF($D$3=2,'Table 1dsupp'!AL26,IF($D$3=3,'Table 1dsupp'!BF26)))","v":90.9},{"$f":"IF($D$3=1,'Table 1dsupp'!S26,IF($D$3=2,'Table 1dsupp'!AM26,IF($D$3=3,'Table 1dsupp'!BG26)))","v":93.4},{"$f":"IF($D$3=1,'Table 1dsupp'!T26,IF($D$3=2,'Table 1dsupp'!AN26,IF($D$3=3,'Table 1dsupp'!BH26)))","v":92.4}]
["  Other FE sector colleges8",{"$f":"IF($D$3=1,'Table 1dsupp'!B27,IF($D$3=2,'Table 1dsupp'!V27,IF($D$3=3,'Table 1dsupp'!AP27)))","v":8635},{"$f":"IF($D$3=1,'Table 1dsupp'!C27,IF($D$3=2,'Table 1dsupp'!W27,IF($D$3=3,'Table 1dsupp'!AQ27)))","v":12742},{"$f":"IF($D$3=1,'Table 1dsupp'!D27,IF($D$3=2,'Table 1dsupp'!X27,IF($D$3=3,'Table 1dsupp'!AR27)))","v":21377},null,{"$f":"IF($D$3=1,'Table 1dsupp'!F27,IF($D$3=2,'Table 1dsupp'!Z27,IF($D$3=3,'Table 1dsupp'!AT27)))","v":8107.6},{"$f":"IF($D$3=1,'Table 1dsupp'!G27,IF($D$3=2,'Table 1dsupp'!AA27,IF($D$3=3,'Table 1dsupp'!AU27)))","v":12070.4},{"$f":"IF($D$3=1,'Table 1dsupp'!H27,IF($D$3=2,'Table 1dsupp'!AB27,IF($D$3=3,'Table 1dsupp'!AV27)))","v":20177.900000000001},null,{"$f":"IF($D$3=1,'Table 1dsupp'!J27,IF($D$3=2,'Table 1dsupp'!AD27,IF($D$3=3,'Table 1dsupp'!AX27)))","v":198.1},{"$f":"IF($D$3=1,'Table 1dsupp'!K27,IF($D$3=2,'Table 1dsupp'!AE27,IF($D$3=3,'Table 1dsupp'!AY27)))","v":204.9},{"$f":"IF($D$3=1,'Table 1dsupp'!L27,IF($D$3=2,'Table 1dsupp'!AF27,IF($D$3=3,'Table 1dsupp'!AZ27)))","v":202.2},null,{"$f":"IF($D$3=1,'Table 1dsupp'!N27,IF($D$3=2,'Table 1dsupp'!AH27,IF($D$3=3,'Table 1dsupp'!BB27)))","v":671.4},{"$f":"IF($D$3=1,'Table 1dsupp'!O27,IF($D$3=2,'Table 1dsupp'!AI27,IF($D$3=3,'Table 1dsupp'!BC27)))","v":691.5},{"$f":"IF($D$3=1,'Table 1dsupp'!P27,IF($D$3=2,'Table 1dsupp'!AJ27,IF($D$3=3,'Table 1dsupp'!BD27)))","v":683.4},null,{"$f":"IF($D$3=1,'Table 1dsupp'!R27,IF($D$3=2,'Table 1dsupp'!AL27,IF($D$3=3,'Table 1dsupp'!BF27)))","v":91},{"$f":"IF($D$3=1,'Table 1dsupp'!S27,IF($D$3=2,'Table 1dsupp'!AM27,IF($D$3=3,'Table 1dsupp'!BG27)))","v":92.7},{"$f":"IF($D$3=1,'Table 1dsupp'!T27,IF($D$3=2,'Table 1dsupp'!AN27,IF($D$3=3,'Table 1dsupp'!BH27)))","v":92}]
[]
["All state-funded schools and colleges9",{"$f":"IF($D$3=1,'Table 1dsupp'!B29,IF($D$3=2,'Table 1dsupp'!V29,IF($D$3=3,'Table 1dsupp'!AP29)))","v":98909},{"$f":"IF($D$3=1,'Table 1dsupp'!C29,IF($D$3=2,'Table 1dsupp'!W29,IF($D$3=3,'Table 1dsupp'!AQ29)))","v":124746},{"$f":"IF($D$3=1,'Table 1dsupp'!D29,IF($D$3=2,'Table 1dsupp'!X29,IF($D$3=3,'Table 1dsupp'!AR29)))","v":223655},null,{"$f":"IF($D$3=1,'Table 1dsupp'!F29,IF($D$3=2,'Table 1dsupp'!Z29,IF($D$3=3,'Table 1dsupp'!AT29)))","v":90560.9},{"$f":"IF($D$3=1,'Table 1dsupp'!G29,IF($D$3=2,'Table 1dsupp'!AA29,IF($D$3=3,'Table 1dsupp'!AU29)))","v":115489.3},{"$f":"IF($D$3=1,'Table 1dsupp'!H29,IF($D$3=2,'Table 1dsupp'!AB29,IF($D$3=3,'Table 1dsupp'!AV29)))","v":206050.2},null,{"$f":"IF($D$3=1,'Table 1dsupp'!J29,IF($D$3=2,'Table 1dsupp'!AD29,IF($D$3=3,'Table 1dsupp'!AX29)))","v":207.5},{"$f":"IF($D$3=1,'Table 1dsupp'!K29,IF($D$3=2,'Table 1dsupp'!AE29,IF($D$3=3,'Table 1dsupp'!AY29)))","v":214.1},{"$f":"IF($D$3=1,'Table 1dsupp'!L29,IF($D$3=2,'Table 1dsupp'!AF29,IF($D$3=3,'Table 1dsupp'!AZ29)))","v":211.2},null,{"$f":"IF($D$3=1,'Table 1dsupp'!N29,IF($D$3=2,'Table 1dsupp'!AH29,IF($D$3=3,'Table 1dsupp'!BB29)))","v":759.1},{"$f":"IF($D$3=1,'Table 1dsupp'!O29,IF($D$3=2,'Table 1dsupp'!AI29,IF($D$3=3,'Table 1dsupp'!BC29)))","v":783.5},{"$f":"IF($D$3=1,'Table 1dsupp'!P29,IF($D$3=2,'Table 1dsupp'!AJ29,IF($D$3=3,'Table 1dsupp'!BD29)))","v":772.7},null,{"$f":"IF($D$3=1,'Table 1dsupp'!R29,IF($D$3=2,'Table 1dsupp'!AL29,IF($D$3=3,'Table 1dsupp'!BF29)))","v":90.4},{"$f":"IF($D$3=1,'Table 1dsupp'!S29,IF($D$3=2,'Table 1dsupp'!AM29,IF($D$3=3,'Table 1dsupp'!BG29)))","v":92.9},{"$f":"IF($D$3=1,'Table 1dsupp'!T29,IF($D$3=2,'Table 1dsupp'!AN29,IF($D$3=3,'Table 1dsupp'!BH29)))","v":91.8}]
[]
["All schools and FE sector colleges",{"$f":"IF($D$3=1,'Table 1dsupp'!B31,IF($D$3=2,'Table 1dsupp'!V31,IF($D$3=3,'Table 1dsupp'!AP31)))","v":115745},{"$f":"IF($D$3=1,'Table 1dsupp'!C31,IF($D$3=2,'Table 1dsupp'!W31,IF($D$3=3,'Table 1dsupp'!AQ31)))","v":141686},{"$f":"IF($D$3=1,'Table 1dsupp'!D31,IF($D$3=2,'Table 1dsupp'!X31,IF($D$3=3,'Table 1dsupp'!AR31)))","v":257431},null,{"$f":"IF($D$3=1,'Table 1dsupp'!F31,IF($D$3=2,'Table 1dsupp'!Z31,IF($D$3=3,'Table 1dsupp'!AT31)))","v":106939.5},{"$f":"IF($D$3=1,'Table 1dsupp'!G31,IF($D$3=2,'Table 1dsupp'!AA31,IF($D$3=3,'Table 1dsupp'!AU31)))","v":131998.79999999999},{"$f":"IF($D$3=1,'Table 1dsupp'!H31,IF($D$3=2,'Table 1dsupp'!AB31,IF($D$3=3,'Table 1dsupp'!AV31)))","v":238938.3},null,{"$f":"IF($D$3=1,'Table 1dsupp'!J31,IF($D$3=2,'Table 1dsupp'!AD31,IF($D$3=3,'Table 1dsupp'!AX31)))","v":212.6},{"$f":"IF($D$3=1,'Table 1dsupp'!K31,IF($D$3=2,'Table 1dsupp'!AE31,IF($D$3=3,'Table 1dsupp'!AY31)))","v":217.9},{"$f":"IF($D$3=1,'Table 1dsupp'!L31,IF($D$3=2,'Table 1dsupp'!AF31,IF($D$3=3,'Table 1dsupp'!AZ31)))","v":215.5},null,{"$f":"IF($D$3=1,'Table 1dsupp'!N31,IF($D$3=2,'Table 1dsupp'!AH31,IF($D$3=3,'Table 1dsupp'!BB31)))","v":776.1},{"$f":"IF($D$3=1,'Table 1dsupp'!O31,IF($D$3=2,'Table 1dsupp'!AI31,IF($D$3=3,'Table 1dsupp'!BC31)))","v":796},{"$f":"IF($D$3=1,'Table 1dsupp'!P31,IF($D$3=2,'Table 1dsupp'!AJ31,IF($D$3=3,'Table 1dsupp'!BD31)))","v":787.1},null,{"$f":"IF($D$3=1,'Table 1dsupp'!R31,IF($D$3=2,'Table 1dsupp'!AL31,IF($D$3=3,'Table 1dsupp'!BF31)))","v":91.2},{"$f":"IF($D$3=1,'Table 1dsupp'!S31,IF($D$3=2,'Table 1dsupp'!AM31,IF($D$3=3,'Table 1dsupp'!BG31)))","v":93.4},{"$f":"IF($D$3=1,'Table 1dsupp'!T31,IF($D$3=2,'Table 1dsupp'!AN31,IF($D$3=3,'Table 1dsupp'!BH31)))","v":92.4}]
[]
[null,null,null,null,null,null,null,null,null,null,null,null,null,null,null,null,null,null,null,"Source: 2013/14 16-18 attainment data (revised)"]
["1. Cumulative results achieved in the 2012/13 and 2013/14 academic years."]
["2. Covers students at the end of advanced level study who were entered for at least one substantial level 3 qualification in the 2013/14 academic year."]
["3. Covers students aged 16, 17 or 18 at the start of the 2013/14 academic year, ie 31 August 2013."]
["4. Includes state-funded special schools, hospital schools, pupil referral units (PRUs) and alternative provision (AP) free schools. Figures for these institution types are not shown separately in the table."]
["5. Community, voluntary aided, voluntary controlled and foundation schools."]
["6. Convertor academies and academy 16-19 converters."]
["7. Independent special schools, independent schools approved to take pupils with special educational needs (SEN) and non-maintained special schools."]
["8. Further education sector colleges; other government department funded colleges; and special colleges."]
["9. Covers all state-funded mainstream schools, academies, free schools, maintained special schools and FE sector colleges. Excludes pupil referral units (PRUs), non-maintained special schools, other government department funded colleges, independent schools, independent special schools and independent schools approved to take pupils with special educational needs (SEN) ."]
[]
[]
["Notes:"]
["Full-Time Equivalents (FTE) numbers, average point scores and percentages are rounded to one decimal place."]
["Where qualifications taken by a student are in the same subject area and similar in content ‘discounting’ rules have been applied to avoid double counting qualifications."]
["‘Substantial’ advanced level academic qualifications are defined as qualifications that are at least the size of an A level (180 guided learning hours per year), for example a Pre-U principal certificate. "]
["If an academic qualification is similar in size to 2 A levels it will be counted as 2 substantial qualifications."]
["‘Substantial’ advanced level vocational qualifications are defined as qualifications that are at least the size of an A level (180 guided learning hours per year), for example a BTEC subsidiary Diploma (Level 3)."]
["If a vocational qualification is similar in size to 2 A levels it will be counted as 2 substantial qualifications."]
["Refer to 'Quality and Methodology Information' document for more information on cohort calculations."]

{"sheet":"List of A and AS level subjects","index":6,"n_rows":119,"n_cols":3,"rows_kept":119,"cut":false,"hidden":false,"merged":[]}
[null,"A level and AS level subjects"]
[null,"This table provides information on the subject groups shown in tables 2 to 4"]
[]
[null,"Subject group","Subjects included"]
[null,"Biological Sciences","Biology"]
[null,null,"Human Biology "]
[null,"Chemistry","Chemistry"]
[null,"Physics","Physics"]
[null,"Other Science","Electronics"]
[null,null,"Environmental Science"]
[null,null,"Geology"]
[null,null,"Science"]
[null,null,"Science and Technology in Society"]
[null,null,"Science for Public Understanding"]
[]
[null,"Mathematics","Mathematics"]
[null,null,"Pure Mathematics"]
[null,null,"Use of Mathematics"]
[null,null,"Mechanics"]
[null,null,"Statistics"]
[null,"Further Mathematics","Further Mathematics"]
[]
[null,"Design and Technology","Textiles Product Design"]
[null,null,"Systems & Control"]
[null,null,"Product Design"]
[null,"Computing","Computing"]
[null,null,"Software Systems Development"]
[null,"ICT1","ICT"]
[]
[null,"Home Economics","Home Economics"]
[null,null,"Nutrition and Food Science"]
[]
[null,"Accounting and Finance","Accounting"]
[null,"Business Studies","Business"]
[null,"Economics","Economics"]
[null,"Geography","Geography"]
[null,null,"Global Development"]
[null,"Government and Politics","Government & Politics"]
[null,null,"Political Studies"]
[null,"History","History"]
[null,null,"Ancient History"]
[null,null,"Economic and Social History"]
[null,"Law","Law"]
[null,"Psychology","Psychology"]
[null,"Sociology","Sociology"]
[null,"Other social studies","Anthropology"]
[null,null,"Archaeology"]
[null,null,"Citizenship Studies"]
[null,null,"European Studies"]
[null,null,"Humanities"]
[null,null,"Philosophy"]
[]
[null,"Art and Design","Art and Design"]
[null,null,"3D Design"]
[null,null,"Critical Studies"]
[null,null,"Fine Art"]
[null,null,"Graphic Design"]
[null,null,"History of Art"]
[null,null,"Photography"]
[null,null,"Textiles"]
[null,null,"3D Design"]
[null,"Drama","Drama & Theatre Studies"]
[null,"English","English Language"]
[null,null,"English Literature"]
[null,null,"English Language & Literature"]
[null,"Media/Film/Television Studies","Communication and Culture"]
[null,null,"Communication Studies"]
[null,null,"Film Studies"]
[null,null,"Media Studies"]
[null,null,"Moving Image Arts"]
[null,null,"Performance Studies"]
[null,null,"Performing Arts"]
[null,"Other Communication Studies","Creative Writing"]
[]
[null,"French","French"]
[null,"German","German"]
[null,"Spanish","Spanish"]
[null,"Other modern languages","Arabic"]
[null,null,"Bengali"]
[null,null,"Chinese"]
[null,null,"Cymraeg Iaith Gyntaf"]
[null,null,"Dutch"]
[null,null,"Greek"]
[null,null,"Gujarati"]
[null,null,"Irish"]
[null,null,"Italian"]
[null,null,"Japanese"]
[null,null,"Modern Hebrew"]
[null,null,"Panjabi"]
[null,null,"Persian"]
[null,null,"Polish"]
[null,null,"Portuguese"]
[null,null,"Russian"]
[null,null,"Turkish"]
[null,null,"Urdu"]
[null,null,"Welsh: First Language"]
[null,null,"Welsh: Second Language"]
[]
[null,"Classical Studies","Ancient History"]
[null,null,"Biblical Hebrew"]
[null,null,"Classical Arabic"]
[null,null,"Classical Civilisation"]
[null,null,"Classics"]
[null,null,"Greek"]
[null,null,"Latin"]
[null,null,"Sanskrit"]
[]
[null,"Religious Studies","Religious Studies"]
[]
[null,"Music","Music"]
[null,null,"Music Technology"]
[]
[null,"Physical Education","Physical Education"]
[null,null,"Dance"]
[]
[null,"General Studies","General Studies"]
[null,null,"Critical Thinking"]
[]
[null,"1. Information, Communication and Technology"]

{"sheet":"Table 2","index":7,"n_rows":76,"n_cols":11,"rows_kept":76,"cut":false,"hidden":false,"merged":[[4,1,4,9],[5,1,5,9],[5,10,6,10]]}
["Table 2: A level results1 of all students2 by subject and grade"]
["Year: 2013/14 (revised)"]
["Coverage: England"]
[]
[null,"Males and Females"]
["Subject","Percentage achieving grade",null,null,null,null,null,null,null,null,"Number of entries"]
[null,"A*","A","B","C","D","E","Other3","A*-A ","A*-E "]
[]
["Biological Sciences",10.1,18.2,23.4,20.9,16.3,9.4,1.6,28.4,98.4,55847]
["Chemistry",9.4,24,26.3,19,12.6,7.2,1.5,33.5,98.5,47144]
["Physics",10.8,20.8,22.7,18.8,14.6,10,2.2999999999999998,31.6,97.7,32226]
["Other Science",7.7,17.7,24.1,21.8,16.5,9.6999999999999993,2.4,25.5,97.6,4121]
[]
["Mathematics",18.2,25,22.5,15.9,10.9,6,1.4,43.2,98.6,79036]
["Further Mathematics",26.4,31.1,19.600000000000001,12,6.6,3.3,1,57.5,99,13031]
[]
["Design and Technology",4.7,12.8,24.5,27,20.9,8.8000000000000007,1.2,17.5,98.8,11832]
["Computing",3,13.7,21.3,24.4,21,13.5,3.1,16.600000000000001,96.9,3736]
["ICT4",1.4,7.9,21.9,26.8,25,14.5,2.5,9.1999999999999993,97.5,6935]
[]
["Home Economics",1.9,15.2,25.9,27.2,19.7,9.1,1,17.2,99,309]
[]
["Accounting and Finance",2,10.7,23.3,25.4,19.7,14,4.9000000000000004,12.7,95.1,2748]
["Business Studies",3.9,11.6,27.2,29.9,18.600000000000001,7.4,1.5,15.4,98.5,25705]
["Economics",9.6999999999999993,24.1,27.8,20.6,11.6,5,1.1000000000000001,33.9,98.9,22884]
["Geography",6.8,21.9,29.1,24.4,12.9,4.3,0.6,28.7,99.4,29695]
["Government and Politics",8.4,20.7,27.8,22.4,13.5,5.7,1.5,29.1,98.5,12317]
["History",6.8,19.100000000000001,30.4,26.2,13.2,3.8,0.5,26,99.5,46003]
["Law",4.7,12.8,24.8,25.6,19.2,9.8000000000000007,3.2,17.5,96.8,10351]
["Psychology",5,12.5,25.6,26.8,18.8,8.9,2.2999999999999998,17.5,97.7,51191]
["Sociology",5.3,13.3,28.5,28.4,16.600000000000001,6.3,1.6,18.600000000000001,98.4,27730]
["Other social studies",6,14.5,28,26.7,16.8,6.5,1.5,20.5,98.5,3605]
[]
["Art and Design",12,15.8,29.2,26.2,12.3,3.7,0.7,27.8,99.3,40763]
["Drama",4,11.4,31,31.9,16.7,4.5,0.5,15.4,99.5,11806]
["English",6.4,14.1,27.9,31.3,16.600000000000001,3.4,0.4,20.399999999999999,99.6,78215]
["Media/Film/Television Studies",1.4,9,31,37.299999999999997,17.100000000000001,3.6,0.6,10.4,99.4,19666]
["Other Communication Studies",1.7,9.8000000000000007,34.200000000000003,36.799999999999997,14.4,2.6,0.6,11.5,99.4,8235]
[]
["French",6.7,32.5,29.2,18.7,9.5,3,0.4,39.200000000000003,99.6,9078]
["German",8.1999999999999993,31.6,28.7,17.3,10.1,3.6,0.5,39.9,99.5,3716]
["Spanish",8.1,28.9,31.5,19.7,9.1,2.4,0.4,37,99.6,6617]
["Other modern languages",14.1,39,28.1,11.4,4.0999999999999996,2,1.4,53.1,98.6,7066]
["of which:"]
["  Chinese",7.9,41.7,37.1,9.6,1.9,1,0.8,49.7,99.2,2549]
["  Italian",10.7,34.700000000000003,33.700000000000003,14.3,3.9,2.2000000000000002,0.4,45.4,99.6,685]
["  Polish",16.100000000000001,46,15.7,11.7,6.9,2.7,0.9,62.1,99.1,700]
["  Russian",36,54.1,7,1.8,"x","x",0.5,90.1,99.5,948]
[]
["Classical Studies",10.7,26.7,28.5,20.2,9.6,3.4,0.9,37.299999999999997,99.1,6218]
["of which:"]
["  Latin",26.8,45.1,19.8,6.7,1.2,0.2,0.2,71.8,99.8,1271]
["  Greek",30.4,56.4,11.6,1.6,0,0,0,86.8,100,250]
["  Classical Civilisation",5.3,20.3,32,24.1,12.5,4.7,1.1000000000000001,25.6,98.9,3739]
[]
["Religious Studies",7,18.7,28.3,25.1,14.2,5.4,1.2,25.7,98.8,19838]
[]
["Music",3.4,14.6,25.4,27.5,19.600000000000001,8.3000000000000007,1.1000000000000001,18,98.9,7184]
[]
["Physical Education",3.6,12.2,24.4,26,20.5,11.8,1.6,15.7,98.4,13198]
[]
["General Studies",4.0999999999999996,8.8000000000000007,19.600000000000001,24.7,22.1,14.1,6.6,12.9,93.4,24101]
[]
["All subjects",8.6,18.100000000000001,26.3,24.2,14.9,6.5,1.4,26.7,98.6,742147]
[]
[null,null,null,null,null,null,null,null,null,null,"Source: 2013/14 16-18 attainment data (revised)"]
["1. Covers A level examination results for the 2013/14 academic year."]
["2. Covers students aged 16, 17 or 18 at the start of the 2013/14 academic year, ie 31 August 2013."]
["3. Includes ungraded, no award (absent/declined) and pending."]
["4. Information, Communication and Technology",null,null,null,null," "]
[]
["Notes:"]
[" x indicates figure has been suppressed where underlying numbers are small (ie, 1 or 2) or where secondary suppression has been applied."]
["Percentages are rounded to one decimal place and therefore may not sum to totals."]
["Where qualifications taken by a student are in the same subject area and similar in content ‘discounting’ rules have been applied to avoid double counting qualifications."]
["Refer to 'Quality and Methodology Information' document."]

{"sheet":"Table 2m","index":8,"n_rows":76,"n_cols":11,"rows_kept":76,"cut":false,"hidden":false,"merged":[[4,1,4,9],[5,1,5,9],[5,10,6,10]]}
["Table 2m: A level results1 of male students2 by subject and grade"]
["Year: 2013/14 (revised)"]
["Coverage: England"]
[]
[null,"Males"]
["Subject","Percentage achieving grade",null,null,null,null,null,null,null,null,"Number of entries"]
[null,"A*","A","B","C","D","E","Other3","A*-A ","A*-E "]
[]
["Biological Sciences",10,17.5,23,21,16.7,9.8000000000000007,2,27.5,98,22808]
["Chemistry",10.3,23.5,25.5,18.600000000000001,12.7,7.6,1.8,33.799999999999997,98.2,24321]
["Physics",10.4,20.100000000000001,22.5,19,15.2,10.4,2.2999999999999998,30.5,97.7,25490]
["Other Science",8.1999999999999993,18.100000000000001,23.5,21.4,17.100000000000001,9.6999999999999993,2.1,26.3,97.9,2907]
[]
["Mathematics",19.399999999999999,24.1,21.6,16,11.1,6.3,1.5,43.6,98.5,48401]
["Further Mathematics",26.9,30.4,19.3,12,6.7,3.6,1,57.3,99,9312]
[]
["Design and Technology",4,11.4,22.2,27.4,23,10.5,1.5,15.4,98.5,6800]
["Computing",3,13.4,21,24.7,21.1,13.6,3.2,16.3,96.8,3451]
["ICT4",1.2,6.2,20.5,26.5,26.6,15.9,3,7.4,97,4476]
[]
["Home Economics","x","x",8.8000000000000007,8.8000000000000007,38.200000000000003,35.299999999999997,"x","x",94.1,34]
[]
["Accounting and Finance",2.1,10.1,22.2,25.7,20,14.6,5.3,12.1,94.7,1836]
["Business Studies",3.4,10.7,26.7,30.7,19.2,7.8,1.6,14.1,98.4,15032]
["Economics",9.1,23.2,28.1,21,12.2,5.3,1.1000000000000001,32.299999999999997,98.9,15658]
["Geography",5.3,18.2,28.3,26.8,15.4,5.3,0.8,23.4,99.2,14781]
["Government and Politics",7.5,19.399999999999999,27.8,23.2,14.6,6,1.5,26.9,98.5,7021]
["History",6,17.8,29.3,27.4,14.7,4.0999999999999996,0.6,23.8,99.4,21737]
["Law",3.7,9.9,23.1,25.1,21.7,12,4.4000000000000004,13.6,95.6,3766]
["Psychology",2.5,8.1999999999999993,21.5,28,23.4,12.8,3.6,10.7,96.4,12645]
["Sociology",3.7,9.3000000000000007,26.2,30,20,8.4,2.2999999999999998,13.1,97.7,6654]
["Other social studies",6.8,13.9,28.3,24.9,17.399999999999999,7.2,1.4,20.7,98.6,1601]
[]
["Art and Design",10.6,12.3,26.1,27.9,16.2,5.7,1.2,23,98.8,9954]
["Drama",2.9,9.3000000000000007,26,33,21.4,6.7,0.7,12.2,99.3,3621]
["English",6.8,12.5,25.8,31.2,18.8,4.4000000000000004,0.5,19.3,99.5,21966]
["Media/Film/Television Studies",0.8,6.1,25.7,39.799999999999997,21.6,5.4,0.6,6.8,99.4,8384]
["Other Communication Studies",1.2,7.4,30.8,38.799999999999997,17.600000000000001,3.5,0.8,8.6,99.2,3657]
[]
["French",6.9,33.200000000000003,29.2,17.600000000000001,9.9,2.8,0.4,40.1,99.6,2911]
["German",9.5,32.6,27.7,16.899999999999999,8.9,3.9,0.5,42.1,99.5,1476]
["Spanish",8.4,30.3,31.2,18.600000000000001,8.4,2.6,0.4,38.799999999999997,99.6,2299]
["Other modern languages",11.6,36.700000000000003,31.2,12.2,4.2,2.2000000000000002,1.8,48.4,98.2,2928]
["of which:"]
["  Chinese",4.9000000000000004,35.799999999999997,41.8,12.5,2.5,1,1.4,40.799999999999997,98.6,1155]
["  Italian",8,31.7,37,16,3.8,"x","x",39.700000000000003,"x",262]
["  Polish",11.5,45.4,17.100000000000001,15.6,7.8,"x","x",56.9,"x",269]
["  Russian",33.4,56.5,8.4,0.7,"x","x",0.7,89.9,99.3,416]
[]
["Classical Studies",11.2,24.9,28,20.5,10.5,3.8,1.1000000000000001,36,98.9,2631]
["of which:"]
["  Latin",28.2,42.9,20.5,6.9,1.2,"x","x",71.099999999999994,"x",567]
["  Greek",32.799999999999997,53.7,11.9,"x","x",0,0,86.6,100,134]
["  Classical Civilisation",4.5,17.2,30.8,25.1,15.2,5.8,1.5,21.6,98.5,1368]
[]
["Religious Studies",6.3,18.5,26.7,24.8,15.6,6.6,1.6,24.8,98.4,6108]
[]
["Music",3.3,13.3,23.5,27.9,21.3,9.1999999999999993,1.3,16.7,98.7,4376]
[]
["Physical Education",2.1,9.3000000000000007,21.1,26.6,23.8,14.8,2.2999999999999998,11.4,97.7,7457]
[]
["General Studies",3.5,7.9,17.899999999999999,23.5,23.3,15.6,8.3000000000000007,11.4,91.7,10689]
[]
["All subjects",9,17.600000000000001,24.5,23.5,16,7.6,1.8,26.6,98.2,337188]
[]
[null,null,null,null,null,null,null,null,null,null,"Source: 2013/14 16-18 attainment data (revised)"]
["1. Covers A level examination results for the 2013/14 academic year."]
["2. Covers students aged 16, 17 or 18 at the start of the 2013/14 academic year, ie 31 August 2013."]
["3. Includes ungraded, no award (absent/declined) and pending."]
["4. Information, Communication and Technology"]
[]
["Notes:"]
[" x indicates figure has been suppressed where underlying numbers are small (ie, 1 or 2) or where secondary suppression has been applied."]
["Percentages are rounded to one decimal place and therefore may not sum to totals."]
["Where qualifications taken by a student are in the same subject area and similar in content ‘discounting’ rules have been applied to avoid double counting qualifications."]
["Refer to 'Quality and Methodology Information' document."]

{"sheet":"Table 2f","index":9,"n_rows":76,"n_cols":11,"rows_kept":76,"cut":false,"hidden":false,"merged":[[4,1,4,9],[5,1,5,9],[5,10,6,10]]}
["Table 2f: A level results1 of female students2 by subject and grade"]
["Year: 2013/14 (revised)"]
["Coverage: England"]
[]
[null,"Females"]
["Subject","Percentage achieving grade",null,null,null,null,null,null,null,null,"Number of entries"]
[null,"A*","A","B","C","D","E","Other3","A*-A ","A*-E "]
[]
["Biological Sciences",10.3,18.7,23.7,20.8,15.9,9.1999999999999993,1.4,29,98.6,33039]
["Chemistry",8.6,24.6,27,19.5,12.4,6.7,1.2,33.200000000000003,98.8,22823]
["Physics",12.2,23.6,23.3,18.100000000000001,12.4,8.5,2,35.799999999999997,98,6736]
["Other Science",6.6,16.8,25.7,22.9,15.2,9.8000000000000007,3,23.4,97,1214]
[]
["Mathematics",16.2,26.4,24,15.9,10.6,5.7,1.2,42.6,98.8,30635]
["Further Mathematics",25.1,33,20.2,12,6.2,2.5,0.9,58.1,99.1,3719]
[]
["Design and Technology",5.7,14.7,27.6,26.5,18.100000000000001,6.4,0.9,20.399999999999999,99.1,5032]
["Computing",2.8,17.5,24.9,20.7,20.399999999999999,11.9,1.8,20.399999999999999,98.2,285]
["ICT4",1.7,10.8,24.4,27.3,22.1,12,1.7,12.5,98.3,2459]
[]
["Home Economics",2.2000000000000002,16.7,28,29.5,17.5,"x","x",18.899999999999999,"x",275]
[]
["Accounting and Finance",2,12,25.4,24.7,19.100000000000001,12.8,4.0999999999999996,13.9,95.9,912]
["Business Studies",4.5999999999999996,12.7,27.9,28.7,17.8,6.8,1.4,17.399999999999999,98.6,10673]
["Economics",11.2,26.2,27.1,19.7,10.3,4.4000000000000004,1.1000000000000001,37.4,98.9,7226]
["Geography",8.4,25.6,29.8,22.1,10.5,3.3,0.4,33.9,99.6,14914]
["Government and Politics",9.6,22.4,27.9,21.3,12.1,5.3,1.5,32,98.5,5296]
["History",7.5,20.3,31.4,25.1,11.8,3.5,0.5,27.9,99.5,24266]
["Law",5.3,14.4,25.7,25.9,17.7,8.5,2.5,19.7,97.5,6585]
["Psychology",5.8,14,27,26.4,17.3,7.6,1.9,19.8,98.1,38546]
["Sociology",5.8,14.5,29.2,27.9,15.5,5.7,1.4,20.3,98.6,21076]
["Other social studies",5.4,14.9,27.7,28.1,16.399999999999999,5.9,1.5,20.3,98.5,2004]
[]
["Art and Design",12.4,16.899999999999999,30.2,25.6,11.1,3.1,0.6,29.4,99.4,30809]
["Drama",4.5,12.3,33.200000000000003,31.4,14.6,3.6,0.4,16.8,99.6,8185]
["English",6.2,14.7,28.7,31.4,15.7,3,0.3,20.9,99.7,56249]
["Media/Film/Television Studies",1.9,11.2,35,35.4,13.8,2.2999999999999998,0.5,13,99.5,11282]
["Other Communication Studies",2.2000000000000002,11.7,36.9,35.200000000000003,11.8,1.8,0.4,13.9,99.6,4578]
[]
["French",6.7,32.1,29.2,19.3,9.3000000000000007,3.1,0.3,38.799999999999997,99.7,6167]
["German",7.4,31,29.3,17.600000000000001,10.8,3.3,0.5,38.4,99.5,2240]
["Spanish",7.9,28.2,31.7,20.2,9.4,2.2999999999999998,0.3,36,99.7,4318]
["Other modern languages",15.8,40.700000000000003,25.9,10.8,4,1.9,1,56.5,99,4138]
["of which:"]
["  Chinese",10.4,46.6,33.1,7.2,1.4,0.9,0.3,57,99.7,1394]
["  Italian",12.3,36.6,31.7,13.2,4,"x","x",48.9,"x",423]
["  Polish",19,46.4,14.8,9.3000000000000007,6.3,3.2,0.9,65.400000000000006,99.1,431]
["  Russian",38,52.3,5.8,2.6,0.8,"x","x",90.2,"x",532]
[]
["Classical Studies",10.3,28,28.9,20,8.9,3,0.8,38.299999999999997,99.2,3587]
["of which:"]
["  Latin",25.6,46.9,19.3,6.5,1.1000000000000001,"x","x",72.400000000000006,"x",704]
["  Greek",27.6,59.5,11.2,"x","x",0,0,87.1,100,116]
["  Classical Civilisation",5.7,22.1,32.700000000000003,23.5,11,4,0.9,27.9,99.1,2371]
[]
["Religious Studies",7.3,18.8,29,25.2,13.6,4.9000000000000004,1,26.2,99,13730]
[]
["Music",3.6,16.5,28.4,26.9,17,6.9,0.8,20,99.2,2808]
[]
["Physical Education",5.5,15.8,28.6,25.1,16.2,8,0.8,21.3,99.2,5741]
[]
["General Studies",4.5999999999999996,9.5,20.9,25.6,21.2,12.9,5.3,14.1,94.7,13412]
[]
["All subjects",8.1999999999999993,18.5,27.8,24.8,14,5.5,1.1000000000000001,26.8,98.9,404959]
[]
[null,null,null,null,null,null,null,null,null,null,"Source: 2013/14 16-18 attainment data (revised)"]
["1. Covers A level examination results for the 2013/14 academic year."]
["2. Covers students aged 16, 17 or 18 at the start of the 2013/14 academic year, ie 31 August 2013."]
["3. Includes ungraded, no award (absent/declined) and pending."]
["4. Information, Communication and Technology"]
[]
["Notes:"]
[" x indicates figure has been suppressed where underlying numbers are small (ie, 1 or 2) or where secondary suppression has been applied."]
["Percentages are rounded to one decimal place and therefore may not sum to totals."]
["Where qualifications taken by a student are in the same subject area and similar in content ‘discounting’ rules have been applied to avoid double counting qualifications."]
["Refer to 'Quality and Methodology Information' document."]

{"sheet":"Table 3","index":10,"n_rows":77,"n_cols":9,"rows_kept":77,"cut":false,"hidden":false,"merged":[[2,0,2,2],[4,1,4,7],[5,1,5,7],[5,8,6,8],[74,0,75,8]]}
["Table 3:  AS level results1 of all students2 by subject and grade"]
["Year: 2013/14 (revised)"]
["Coverage: England"]
[]
[null,"Males and Females"]
["Subject","Percentage achieving grade",null,null,null,null,null,null,"Number of entries"]
[null,"A","B","C","D","E","Other3","A-E "]
[]
["Biological Sciences",17.100000000000001,16.8,18.399999999999999,16.8,13.8,17,83,82247]
["Chemistry",18.399999999999999,18.5,18.2,15.6,12.6,16.7,83.3,69586]
["Physics",20.3,16.600000000000001,16.600000000000001,15.1,13,18.399999999999999,81.599999999999994,51801]
["Other Science",16.3,17.2,18.8,17,15,15.6,84.4,6905]
[]
["Mathematics",25.5,15.9,15.6,13.5,10.7,18.8,81.2,112315]
["Further Mathematics",39.9,16.899999999999999,14,11,8.6999999999999993,9.4,90.6,15854]
[]
["Design and Technology",10.199999999999999,16.2,20.9,22.2,17.2,13.2,86.8,17978]
["Computing",9.1999999999999993,13.6,17.899999999999999,20.100000000000001,16.8,22.4,77.599999999999994,10088]
["ICT4",6.7,13.1,19.600000000000001,21.7,19,20,80,11869]
[]
["Home Economics",13,15.6,18.399999999999999,20,17.2,15.8,84.2,430]
[]
["Accounting and Finance",7,12.5,17.100000000000001,17.5,15.9,30,70,5500]
["Business Studies",9.3000000000000007,17.600000000000001,22.9,20.7,15.1,14.4,85.6,40172]
["Economics",19.899999999999999,18.899999999999999,18.8,16.399999999999999,12.7,13.4,86.6,33617]
["Geography",23,18.899999999999999,19.899999999999999,16.3,11.4,10.6,89.4,46467]
["Government and Politics",19.3,19.5,20.2,16.3,11.7,13.1,86.9,18139]
["History",17.3,23,25,18.5,9.8000000000000007,6.3,93.7,66499]
["Law",9.8000000000000007,15,17.899999999999999,16.8,14.4,26,74,18254]
["Psychology",11.6,16.3,19.5,18.7,14.4,19.5,80.5,89243]
["Sociology",12.9,18.600000000000001,21.2,18.3,13.7,15.4,84.6,48396]
["Other social studies",10.4,15.4,18.5,18.600000000000001,16,21.3,78.7,8601]
[]
["Art and Design",21.3,23.8,24.9,16.3,8.5,5.2,94.8,58460]
["Drama",14.9,28.5,31.5,18.2,5.3,1.6,98.4,15585]
["English",14.4,23.2,29.4,21,9,3,97,109366]
["Media/Film/Television Studies",9.9,23.8,30.9,21.3,9.1999999999999993,4.8,95.2,28871]
["Other Communication Studies",10.6,29.3,34.5,17,5.8,2.8,97.2,15086]
[]
["French",27,19.5,18.600000000000001,15.3,11,8.6,91.4,13249]
["German",25.7,20.100000000000001,19.7,16.2,11.2,7.1,92.9,5479]
["Spanish",23.5,22.4,20.5,14.6,10.5,8.5,91.5,10517]
["Other modern languages",49.9,21.6,11.7,6.8,4.8,5.2,94.8,5005]
["of which:"]
["  Chinese",64.7,25.9,5.5,2.1,0.8,1,99,1209]
["  Italian",33,24.9,17.3,9.9,7,8,92,800]
["  Polish",80.2,8.8000000000000007,4.4000000000000004,1.5,0.6,4.4000000000000004,95.6,475]
["  Russian",81.3,7.1,5.2,3.1,2.5,0.8,99.2,482]
[]
["Classical Studies",29.4,25.4,20.8,13.2,6.6,4.7,95.3,7586]
["of which:"]
["  Latin",66.099999999999994,17.7,8.6999999999999993,4.5999999999999996,1.6,1.3,98.7,1336]
["  Greek",79.900000000000006,10,4.8,1.9,1.4,1.9,98.1,209]
["  Classical Civilisation",20.399999999999999,28.1,23.1,15.2,7.9,5.4,94.6,4775]
[]
["Religious Studies",20.5,21.6,22.4,16.5,10.199999999999999,8.9,91.1,29519]
[]
["Music",15.4,21.2,24.1,21.1,12,6.2,93.8,9859]
[]
["Physical Education",10.6,14.5,18.899999999999999,20.7,22.6,12.7,87.3,20257]
[]
["General Studies",11.2,14.4,19.5,20.2,16.2,18.5,81.5,49117]
[]
["All subjects",17.2,19,21.2,17.5,12.1,13,87,1131917]
[]
[null,null,null,null,null,null,null,null,"Source: 2013/14 16-18 attainment data (revised)"]
["1. Covers AS level examination results for the 2013/14 academic year."]
["2. Covers students aged 16, 17 or 18 at the start of the 2013/14 academic year, ie 31 August 2013."]
["3. Includes ungraded, no award (absent/declined) and pending."]
["4. Information, Communication and Technology"]
[]
["Notes:"]
["x indicates figure has been suppressed where underlying numbers are small (ie, 1 or 2) or where secondary suppression has been applied."]
["Percentages are rounded to one decimal place and therefore may not sum to totals."]
["Where qualifications taken by a student are in the same subject area and similar in content ‘discounting’ rules have been applied to avoid double counting qualifications."]
[]
["Refer to 'Quality and Methodology Information' document."]

{"sheet":"Table 3m","index":11,"n_rows":77,"n_cols":9,"rows_kept":77,"cut":false,"hidden":false,"merged":[[4,1,4,7],[5,1,5,7],[5,8,6,8],[74,0,75,8]]}
["Table 3m: AS level results1 of male students2 by subject and grade"]
["Year: 2013/14 (revised)"]
["Coverage: England"]
[]
[null,"Males"]
["Subject","Percentage achieving grade",null,null,null,null,null,null,"Number of entries"]
[null,"A","B","C","D","E","Other3","A-E "]
[]
["Biological Sciences",15.9,16.2,18.7,16.899999999999999,14.3,18,82,33505]
["Chemistry",19.600000000000001,18.399999999999999,17.7,14.9,12.6,16.8,83.2,35581]
["Physics",19.7,16,16.399999999999999,15.1,13.3,19.5,80.5,39444]
["Other Science",16.8,17.5,19.399999999999999,16.899999999999999,14.3,15.1,84.9,4681]
[]
["Mathematics",25.2,15.1,15.1,13.4,10.9,20.3,79.7,67086]
["Further Mathematics",38.799999999999997,16.7,14.2,11.3,9.1999999999999993,9.9,90.1,10939]
[]
["Design and Technology",8.1,13.9,20.100000000000001,22.9,19.2,15.9,84.1,10893]
["Computing",9,13.6,17.899999999999999,20.2,16.899999999999999,22.5,77.5,9149]
["ICT4",5.0999999999999996,11.3,18.8,22.3,19.8,22.7,77.3,8153]
[]
["Home Economics",7.4,9.9,17.3,11.1,29.6,24.7,75.3,81]
[]
["Accounting and Finance",6.5,12.9,17,16.899999999999999,16.3,30.4,69.599999999999994,3661]
["Business Studies",8.6,17.600000000000001,23.7,21.4,15.2,13.5,86.5,23236]
["Economics",19.3,18.7,18.899999999999999,16.399999999999999,12.8,13.9,86.1,22991]
["Geography",18.8,18.100000000000001,20.6,17.8,12.8,11.8,88.2,23432]
["Government and Politics",17.600000000000001,18.899999999999999,21,17.100000000000001,12.4,13,87,9939]
["History",16.2,22.7,25.3,19.2,10.4,6.2,93.8,30328]
["Law",7.1,13.6,17.5,16.8,15.3,29.7,70.3,7165]
["Psychology",6,12.1,17.7,19.8,17.5,26.9,73.099999999999994,25991]
["Sociology",8.1999999999999993,15.3,19.899999999999999,20.3,16.5,19.7,80.3,12734]
["Other social studies",9.1999999999999993,13.6,16.3,19.2,17.5,24.2,75.8,3607]
[]
["Art and Design",15.7,19.100000000000001,24.3,19.899999999999999,12.4,8.6,91.4,15135]
["Drama",13.4,25.3,30.5,21.8,7,2,98,5009]
["English",12.4,20.7,28.9,22.7,11.1,4.0999999999999996,95.9,31590]
["Media/Film/Television Studies",6.2,19.100000000000001,30.7,25.1,12,6.8,93.2,12607]
["Other Communication Studies",8.1999999999999993,26,36,19.2,7.1,3.6,96.4,6339]
[]
["French",28.9,19.5,17.7,15.8,10.4,7.7,92.3,3859]
["German",28.5,19.2,19.3,16,9.8000000000000007,7.2,92.8,2097]
["Spanish",26.1,23.4,19.5,13.6,9.5,8,92,3369]
["Other modern languages",48.7,23.1,11.5,6.3,5,5.4,94.6,2074]
["of which:"]
["  Chinese",57.4,30.9,7.5,"x","x",1.3,98.7,530]
["  Italian",34.9,29.1,14.5,8,6.9,6.6,93.4,289]
["  Polish",76.5,10.3,5.6,"x","x",3.8,96.2,213]
["  Russian",80.900000000000006,8.9,5.8,1.8,"x","x","x",225]
[]
["Classical Studies",27.5,23.8,21.7,14.4,7.5,5.0999999999999996,94.9,3211]
["of which:"]
["  Latin",68.099999999999994,16.399999999999999,7.6,5,1.5,1.5,98.5,617]
["  Greek",80.2,10.7,3.8,2.2999999999999998,"x","x","x",131]
["  Classical Civilisation",14.6,26.9,24.8,17.600000000000001,9.8000000000000007,6.3,93.7,1804]
[]
["Religious Studies",18.600000000000001,19.7,22.1,17.8,11.4,10.4,89.6,9294]
[]
["Music",14.7,20.3,24,21.6,12.6,6.9,93.1,5908]
[]
["Physical Education",7.4,11.6,17,21.3,26.9,15.8,84.2,11874]
[]
["General Studies",9.6,13.1,18.5,20.399999999999999,17.7,20.6,79.400000000000006,22058]
[]
["All subjects",16.2,17.100000000000001,20.100000000000001,17.899999999999999,13.4,15.3,84.7,517020]
[]
[null,null,null,null,null,null,null,null,"Source: 2013/14 16-18 attainment data (revised)"]
["1. Covers AS level examination results for the 2013/14 academic year."]
["2. Covers students aged 16, 17 or 18 at the start of the 2013/14 academic year, ie 31 August 2013."]
["3. Includes ungraded, no award (absent/declined) and pending."]
["4. Information, Communication and Technology"]
[]
["Notes:"]
["x indicates figure has been suppressed where underlying numbers are small (ie, 1 or 2) or where secondary suppression has been applied."]
["Percentages are rounded to one decimal place and therefore may not sum to totals."]
["Where qualifications taken by a student are in the same subject area and similar in content ‘discounting’ rules have been applied to avoid double counting qualifications."]
[]
["Refer to 'Quality and Methodology Information' document."]

{"sheet":"Table 3f","index":12,"n_rows":77,"n_cols":9,"rows_kept":77,"cut":false,"hidden":false,"merged":[[4,1,4,7],[5,1,5,7],[5,8,6,8],[74,0,75,8]]}
["Table 3f: AS level results1 of female students2 by subject and grade"]
["Year: 2013/14 (revised)"]
["Coverage: England"]
[]
[null,"Females"]
["Subject","Percentage achieving grade",null,null,null,null,null,null,"Number of entries"]
[null,"A","B","C","D","E","Other3","A-E "]
[]
["Biological Sciences",18,17.3,18.3,16.7,13.4,16.3,83.7,48742]
["Chemistry",17.100000000000001,18.7,18.7,16.3,12.7,16.600000000000001,83.4,34005]
["Physics",22,18.5,17,15.1,12.3,15.1,84.9,12357]
["Other Science",15.3,16.600000000000001,17.600000000000001,17.3,16.7,16.5,83.5,2224]
[]
["Mathematics",25.9,17.2,16.3,13.6,10.4,16.600000000000001,83.4,45229]
["Further Mathematics",42.4,17.399999999999999,13.6,10.5,7.8,8.3000000000000007,91.7,4915]
[]
["Design and Technology",13.5,19.8,22.1,21.3,14.3,9.1,90.9,7085]
["Computing",11.5,14,18.2,18.8,16.100000000000001,21.4,78.599999999999994,939]
["ICT4",10.199999999999999,16.899999999999999,21.2,20.3,17.100000000000001,14.2,85.8,3716]
[]
["Home Economics",14.3,16.899999999999999,18.600000000000001,22.1,14.3,13.8,86.2,349]
[]
["Accounting and Finance",8,11.9,17.100000000000001,18.8,15,29.2,70.8,1839]
["Business Studies",10.199999999999999,17.7,21.8,19.7,15,15.7,84.3,16936]
["Economics",21.1,19.3,18.600000000000001,16.2,12.4,12.3,87.7,10626]
["Geography",27.1,19.8,19.100000000000001,14.7,9.9,9.3000000000000007,90.7,23035]
["Government and Politics",21.3,20.2,19.2,15.4,10.8,13.1,86.9,8200]
["History",18.2,23.2,24.7,17.899999999999999,9.4,6.4,93.6,36171]
["Law",11.6,16,18.2,16.899999999999999,13.8,23.6,76.400000000000006,11089]
["Psychology",13.9,18,20.2,18.2,13.2,16.5,83.5,63252]
["Sociology",14.6,19.8,21.6,17.5,12.6,13.8,86.2,35662]
["Other social studies",11.2,16.7,20,18.100000000000001,14.8,19.100000000000001,80.900000000000006,4994]
[]
["Art and Design",23.3,25.4,25.1,15.1,7.2,4,96,43325]
["Drama",15.6,30,32,16.5,4.5,1.3,98.7,10576]
["English",15.2,24.3,29.6,20.3,8.1,2.6,97.4,77776]
["Media/Film/Television Studies",12.8,27.4,31.1,18.399999999999999,7.1,3.2,96.8,16264]
["Other Communication Studies",12.4,31.6,33.4,15.5,4.8,2.2000000000000002,97.8,8747]
[]
["French",26.2,19.5,19,15,11.3,9,91,9390]
["German",24,20.7,19.899999999999999,16.399999999999999,12,6.9,93.1,3382]
["Spanish",22.2,21.9,21,15.1,11,8.8000000000000007,91.2,7148]
["Other modern languages",50.7,20.5,11.9,7.2,4.7,5,95,2931]
["of which:"]
["  Chinese",70.400000000000006,21.9,4,1.8,1.2,0.7,99.3,679]
["  Italian",31.9,22.5,18.8,11,7,8.8000000000000007,91.2,511]
["  Polish",83.2,7.6,3.4,"x","x",5,95,262]
["  Russian",81.7,5.4,4.7,4.3,"x","x","x",257]
[]
["Classical Studies",30.8,26.6,20.2,12.3,5.8,4.3,95.7,4375]
["of which:"]
["  Latin",64.400000000000006,18.899999999999999,9.6,4.3,1.7,1.1000000000000001,98.9,719]
["  Greek",79.5,9,6.4,"x","x","x","x",78]
["  Classical Civilisation",23.9,28.8,22.1,13.7,6.7,4.8,95.2,2971]
[]
["Religious Studies",21.4,22.5,22.6,15.8,9.6,8.1,91.9,20225]
[]
["Music",16.399999999999999,22.5,24.3,20.399999999999999,11.2,5.3,94.7,3951]
[]
["Physical Education",15.1,18.600000000000001,21.5,19.8,16.600000000000001,8.3000000000000007,91.7,8383]
[]
["General Studies",12.5,15.4,20.3,20,15,16.8,83.2,27059]
[]
["All subjects",18.100000000000001,20.6,22.1,17.2,11,11,89,614897]
[]
[null,null,null,null,null,null,null,null,"Source: 2013/14 16-18 attainment data (revised)"]
["1. Covers AS level examination results for the 2013/14 academic year."]
["2. Covers students aged 16, 17 or 18 at the start of the 2013/14 academic year, ie 31 August 2013."]
["3. Includes ungraded, no award (absent/declined) and pending."]
["4. Information, Communication and Technology"]
[]
["Notes:"]
["x indicates figure has been suppressed where underlying numbers are small (ie, 1 or 2) or where secondary suppression has been applied."]
["Percentages are rounded to one decimal place and therefore may not sum to totals."]
["Where qualifications taken by a student are in the same subject area and similar in content ‘discounting’ rules have been applied to avoid double counting qualifications."]
[]
["Refer to 'Quality and Methodology Information' document."]

{"sheet":"Table 4","index":13,"n_rows":75,"n_cols":9,"rows_kept":75,"cut":false,"hidden":false,"merged":[[4,1,4,7],[5,1,5,7],[5,8,6,8],[74,0,74,8]]}
["Table 4: 2013 AS level results1 of all current Year 13 students2 by subject and grade"]
["Year: 2013/14 (revised)"]
["Coverage: England"]
[]
[null,"Males and Females"]
["Subject","Percentage achieving grade",null,null,null,null,null,null,"Number of entries"]
[null,"A","B","C","D","E","Other3","A-E "]
[]
["Biological Sciences",25.3,33.700000000000003,26.4,12.3,1.4,0.8,99.2,12699]
["Chemistry",35,35.299999999999997,20.8,7.8,0.6,0.5,99.5,11090]
["Physics",29.6,34.5,24,10,0.9,1,99,7010]
["Other Science",24.4,31.1,25.1,15.8,2.2000000000000002,1.3,98.7,676]
[]
["Mathematics",64.099999999999994,20.9,10.4,2.7,0.1,1.7,98.3,38628]
["Further Mathematics",74.099999999999994,16.2,6.8,2.2999999999999998,0.1,0.4,99.6,8290]
[]
["Design and Technology",14.5,23.7,29.7,22.6,8.1,1.4,98.6,3147]
["Computing",11.4,27.2,33.4,20.5,6.9,0.7,99.3,581]
["ICT4",10.199999999999999,25.7,31.8,24,6.8,1.5,98.5,1363]
[]
["Home Economics",16.399999999999999,23.9,34.299999999999997,16.399999999999999,9,0,100,67]
[]
["Accounting and Finance",19.600000000000001,34.4,28.6,14.7,0.5,2.2000000000000002,97.8,587]
["Business Studies",16.899999999999999,31.5,30.1,16.899999999999999,3.3,1.4,98.6,6173]
["Economics",36.200000000000003,31.7,21.9,8.4,1.3,0.5,99.5,5321]
["Geography",26.1,28.7,25.6,14.8,3.9,0.8,99.2,5479]
["Government and Politics",27.9,31.4,24.1,12.4,3.1,1.2,98.8,2255]
["History",24.5,33,26.7,12.9,2.2999999999999998,0.6,99.4,7497]
["Law",12.5,29.8,32.4,18.2,4.5999999999999996,2.7,97.3,1526]
["Psychology",14.6,28.1,31.7,20,4.0999999999999996,1.5,98.5,8131]
["Sociology",18.899999999999999,29.1,29.3,17.5,3.7,1.4,98.6,3681]
["Other social studies",17.899999999999999,27.3,27.5,19,5.8,2.5,97.5,641]
[]
["Art and Design",27.7,30.2,23.3,13.3,4,1.5,98.5,2611]
["Drama",20.5,36.4,28.5,12.3,1.7,0.6,99.4,835]
["English",20,29,30.7,16.600000000000001,2.9,0.8,99.2,10753]
["Media/Film/Television Studies",11.2,29.5,35.4,19.100000000000001,4.2,0.6,99.4,2065]
["Other Communication Studies",16.2,30.9,33.9,15.5,2.2999999999999998,1.3,98.7,703]
[]
["French",45.8,27.8,17.100000000000001,7,1.6,0.7,99.3,2172]
["German",48.6,24.9,18.2,7.2,"x","x","x",977]
["Spanish",47.7,29.8,15.3,6,0.5,0.7,99.3,1686]
["Other modern languages",65.3,19.899999999999999,8.1,3.2,1.1000000000000001,2.4,97.6,2056]
["of which:"]
["  Chinese",77.7,19.7,1.8,0.4,0,0.4,99.6,773]
["  Italian",49.3,26.5,16.100000000000001,7.1,"x","x","x",211]
["  Polish",87.3,7.6,3.4,0,"x","x","x",118]
["  Russian",89.4,4.3,3.1,"x","x",2,98,255]
[]
["Classical Studies",42.4,30.4,18.899999999999999,6.4,1.5,0.5,99.5,991]
["of which:"]
["  Latin",77.3,18.2,3.2,1.2,0,0,100,247]
["  Greek",88.9,11.1,0,0,0,0,100,27]
["  Classical Civilisation",28.5,35.200000000000003,24.4,8.8000000000000007,2.4,0.7,99.3,582]
[]
["Religious Studies",30.5,31.5,23.3,11,2.5,1.1000000000000001,98.9,3223]
[]
["Music",20.399999999999999,29.3,29.5,16.7,3.5,0.7,99.3,1027]
[]
["Physical Education",11.4,20.8,25.3,27.2,14,1.3,98.7,2477]
[]
["General Studies",18.2,21.1,23.5,19.100000000000001,8.3000000000000007,9.6999999999999993,90.3,5365]
[]
["All subjects",37.1,27.3,21.3,10.7,2.2000000000000002,1.4,98.6,161783]
[]
[null,null,null,null,null,null,null,null,"Source: 2013/14 16-18 attainment data (revised)"]
["1. These examinations were taken by students when they were in Year 12 and are discounted by 2014 A level results shown in Table 2."]
["2. Covers students aged 16, 17 or 18 at the start of the 2013/14 academic year, ie 31 August 2013."]
["3. Includes ungraded, no award (absent/declined) and pending."]
["4. Information, Communication and Technology."]
[]
["Notes:"]
["x indicates figure has been suppressed where underlying numbers are small (ie, 1 or 2) or where secondary suppression has been applied."]
["Percentages are rounded to one decimal place and therefore may not sum to totals."]
["The figures in this table should not be added to those in Table 3 to deduce the number of students who participated in, for example, AS mathematics as they relate to different cohorts. Instead, the corresponding SFR from last year should be used to calculate an estimate of the size of the 2014 cohort."]

{"sheet":"Table 4m","index":14,"n_rows":75,"n_cols":9,"rows_kept":75,"cut":false,"hidden":false,"merged":[[74,0,74,8],[4,1,4,7],[5,1,5,7],[5,8,6,8]]}
["Table 4m: 2013 AS level results1 of current Year 13 male students2 by subject and grade"]
["Year: 2013/14 (revised)"]
["Coverage: England"]
[]
[null,"Males"]
["Subject","Percentage achieving grade",null,null,null,null,null,null,"Number of entries"]
[null,"A","B","C","D","E","Other3","A-E "]
[]
["Biological Sciences",24.4,32.799999999999997,27.3,12.9,1.8,0.8,99.2,5364]
["Chemistry",33.6,34.9,21.7,8.6,0.7,0.4,99.6,5565]
["Physics",28.2,34.799999999999997,24.5,10.4,0.9,1.1000000000000001,98.9,5629]
["Other Science",24.1,33.1,24.9,16,1.3,0.6,99.4,474]
[]
["Mathematics",64.400000000000006,20.7,10.3,2.7,0.2,1.8,98.2,24741]
["Further Mathematics",73.900000000000006,15.9,7,2.6,0.1,0.4,99.6,6019]
[]
["Design and Technology",13,22.1,30.5,23.8,9.1,1.5,98.5,1806]
["Computing",11.4,27.1,33.5,20.6,6.6,0.7,99.3,543]
["ICT4",9,24.5,32.700000000000003,25.3,7,1.4,98.6,929]
[]
["Home Economics",0,"x","x","x","x",0,100,7]
[]
["Accounting and Finance",17.8,35.1,29.3,"x","x",2.2999999999999998,97.7,399]
["Business Studies",16.8,31.7,30.1,17.2,2.8,1.4,98.6,3686]
["Economics",34.5,32.700000000000003,22.2,9,1.3,0.4,99.6,3647]
["Geography",23.3,28.4,26.5,16.5,4.2,1.1000000000000001,98.9,2829]
["Government and Politics",27.1,31.2,24.7,12.4,3.2,1.4,98.6,1330]
["History",25.3,32.700000000000003,26.6,12.5,2.2999999999999998,0.5,99.5,3501]
["Law",10.7,28.2,31.7,21.3,4.7,3.3,96.7,577]
["Psychology",11.7,24.4,33.6,23.4,5.2,1.6,98.4,2196]
["Sociology",16.2,29.3,27.7,20.7,4.5999999999999996,1.5,98.5,1023]
["Other social studies",17.8,25.7,26,22.4,5.3,3,97,304]
[]
["Art and Design",26.3,25.8,24.2,17.399999999999999,4.2,2.2000000000000002,97.8,720]
["Drama",18,33.1,27.7,18,1.8,1.4,98.6,278]
["English",20.100000000000001,28.8,29.4,17.100000000000001,3.5,1,99,3216]
["Media/Film/Television Studies",8.1999999999999993,24.8,37.200000000000003,23.8,5.3,0.8,99.2,920]
["Other Communication Studies",12.6,24.5,37.700000000000003,19.5,3.6,2,98,302]
[]
["French",47.5,27,16.100000000000001,7.4,1.3,0.6,99.4,688]
["German",52.5,22,16.8,6.8,"x","x","x",400]
["Spanish",50.3,28.8,15.1,5.4,0,0.5,99.5,577]
["Other modern languages",61.7,23,7.4,3.9,0.8,3.3,96.7,880]
["of which:"]
["  Chinese",72.3,24.8,1.4,"x","x",0.9,99.1,347]
["  Italian",41.3,32.5,17.5,8.8000000000000007,0,0,100,80]
["  Polish",86.7,11.1,0,0,"x","x","x",45]
["  Russian",91.5,3.8,"x","x",0,"x","x",106]
[]
["Classical Studies",39.5,32.299999999999997,21.3,5.5,"x","x","x",400]
["of which:"]
["  Latin",74.5,20.6,2.9,"x","x",0,100,102]
["  Greek","x","x","x",0,0,0,100,17]
["  Classical Civilisation",21.7,37.200000000000003,30.4,8.1999999999999993,"x","x","x",207]
[]
["Religious Studies",29.9,32.200000000000003,22.3,11.8,2.4,1.4,98.6,1110]
[]
["Music",18.600000000000001,29.5,30.3,17.399999999999999,3.7,0.5,99.5,597]
[]
["Physical Education",9.1999999999999993,18.399999999999999,25.5,29,16.8,1.1000000000000001,98.9,1498]
[]
["General Studies",16.3,20.8,25,19.3,8.1999999999999993,10.5,89.5,2572]
[]
["All subjects",39.6,26.2,20.100000000000001,10.3,2.2000000000000002,1.5,98.5,84727]
[]
[null,null,null,null,null,null,null,null,"Source: 2013/14 16-18 attainment data (revised)"]
["1. These examinations were taken by students when they were in Year 12 and are discounted by 2014 A level results shown in Table 2m."]
["2. Covers students aged 16, 17 or 18 at the start of the 2013/14 academic year, ie, 31 August 2013."]
["3. Includes ungraded, no award (absent/declined) and pending."]
["4. Information, Communication and Technology."]
[]
["Notes:"]
["x indicates figure has been suppressed where underlying numbers are small (ie, 1 or 2) or where secondary suppression has been applied."]
["Percentages are rounded to one decimal place and therefore may not sum to totals."]
["The figures in this table should not be added to those in Table 3m to deduce the number of students who participated in, for example, AS mathematics as they relate to different cohorts. Instead, the corresponding SFR from last year should be used to calculate an estimate of the size of the 2014 cohort."]

{"sheet":"Table 4f","index":15,"n_rows":75,"n_cols":9,"rows_kept":75,"cut":false,"hidden":false,"merged":[[4,1,4,7],[5,1,5,7],[5,8,6,8],[74,0,74,8]]}
["Table 4f: 2013 AS level results1 of current Year 13 female students2 by subject and grade"]
["Year: 2013/14 (revised)"]
["Coverage: England"]
[]
[null,"Females"]
["Subject","Percentage achieving grade",null,null,null,null,null,null,"Number of entries"]
[null,"A","B","C","D","E","Other3","A-E "]
[]
["Biological Sciences",26,34.4,25.8,11.9,1.1000000000000001,0.8,99.2,7335]
["Chemistry",36.299999999999997,35.700000000000003,19.8,7.1,0.5,0.6,99.4,5525]
["Physics",35.200000000000003,33,21.9,8.5,0.8,0.7,99.3,1381]
["Other Science",25.2,26.2,25.7,15.3,4.5,3,97,202]
[]
["Mathematics",63.6,21.4,10.7,2.7,0.1,1.5,98.5,13887]
["Further Mathematics",74.8,16.8,6.3,"x","x",0.4,99.6,2271]
[]
["Design and Technology",16.600000000000001,25.9,28.8,20.9,6.7,1.2,98.8,1341]
["Computing",10.5,28.9,31.6,18.399999999999999,10.5,0,100,38]
["ICT4",12.7,28.1,30,21.2,6.5,1.6,98.4,434]
[]
["Home Economics",18.3,25,36.700000000000003,11.7,8.3000000000000007,0,100,60]
[]
["Accounting and Finance",23.4,33,27.1,"x","x",2.1,97.9,188]
["Business Studies",17,31.1,30.1,16.399999999999999,3.9,1.4,98.6,2487]
["Economics",39.799999999999997,29.7,21.3,7.2,1.4,0.7,99.3,1674]
["Geography",29,29.1,24.8,12.9,3.6,0.6,99.4,2650]
["Government and Politics",29,31.7,23.2,12.3,2.9,0.9,99.1,925]
["History",23.8,33.200000000000003,26.8,13.2,2.4,0.6,99.4,3996]
["Law",13.5,30.7,32.799999999999997,16.2,4.5,2.2999999999999998,97.7,949]
["Psychology",15.7,29.5,31,18.7,3.7,1.5,98.5,5935]
["Sociology",20,29,29.9,16.3,3.4,1.4,98.6,2658]
["Other social studies",18.100000000000001,28.8,28.8,16,6.2,2.1,97.9,337]
[]
["Art and Design",28.2,31.9,23,11.8,3.9,1.2,98.8,1891]
["Drama",21.7,38.1,28.9,9.5,"x","x","x",557]
["English",19.899999999999999,29,31.3,16.3,2.7,0.7,99.3,7537]
["Media/Film/Television Studies",13.6,33.4,34,15.3,3.2,0.5,99.5,1145]
["Other Communication Studies",19,35.700000000000003,30.9,12.5,1.2,0.7,99.3,401]
[]
["French",45,28.2,17.5,6.9,1.7,0.7,99.3,1484]
["German",45.9,26.9,19.2,7.5,"x","x","x",577]
["Spanish",46.3,30.4,15.4,6.3,0.8,0.7,99.3,1109]
["Other modern languages",68,17.600000000000001,8.6,2.7,1.3,1.8,98.2,1176]
["of which:"]
["  Chinese",82.2,15.5,2.1,"x","x",0,100,426]
["  Italian",54.2,22.9,15.3,6.1,"x","x","x",131]
["  Polish",87.7,5.5,5.5,"x","x",0,100,73]
["  Russian",87.9,4.7,4,"x","x",2,98,149]
[]
["Classical Studies",44.3,29.1,17.3,6.9,1.7,0.7,99.3,591]
["of which:"]
["  Latin",79.3,16.600000000000001,3.4,"x","x",0,100,145]
["  Greek","x","x",0,0,"x",0,100,10]
["  Classical Civilisation",32.299999999999997,34.1,21.1,9.1,2.7,0.8,99.2,375]
[]
["Religious Studies",30.8,31.2,23.9,10.6,2.6,0.9,99.1,2113]
[]
["Music",22.8,29.1,28.4,15.6,3.3,0.9,99.1,430]
[]
["Physical Education",14.7,24.5,24.9,24.5,9.8000000000000007,1.5,98.5,979]
[]
["General Studies",20,21.4,22.2,18.8,8.4,9.1,90.9,2793]
[]
["All subjects",34.299999999999997,28.5,22.5,11.1,2.2999999999999998,1.3,98.7,77056]
[]
[null,null,null,null,null,null,null,null,"Source: 2013/14 16-18 attainment data (revised)"]
["1. These examinations were taken by students when they were in Year 12 and are discounted by 2014 A level results shown in Table 2f."]
["2. Covers students aged 16, 17 or 18 at the start of the 2013/14 academic year, ie 31 August 2013."]
["3. Includes ungraded, no award (absent/declined) and pending."]
["4. Information, Communication and Technology."]
[]
["Notes:"]
["x indicates figure has been suppressed where underlying numbers are small (ie, 1 or 2) or where secondary suppression has been applied."]
["Percentages are rounded to one decimal place and therefore may not sum to totals."]
["The figures in this table should not be added to those in Table 3f to deduce the number of students who participated in, for example, AS mathematics as they relate to different cohorts. Instead, the corresponding SFR from last year should be used to calculate an estimate of the size of the 2014 cohort."]

{"sheet":"Table 5","index":16,"n_rows":58,"n_cols":11,"rows_kept":58,"cut":false,"hidden":false,"merged":[[4,0,5,0],[4,1,4,9],[4,10,5,10],[55,0,56,8]]}
["Table 5: Applied single A level results1,2 by gender, subject and grade"]
["Year: 2013/14 (revised)"]
["Coverage: England"]
[]
["Gender/Subject","Percentage achieving grade",null,null,null,null,null,null,null,null,"Number of entries"]
[null,"A*","A","B","C","D","E","Other3","A*-A","A*-E"]
[]
["Males and Females"]
["Applied Art & Design",6.9,19.2,28.1,24.6,16.2,3.8,1.2,26.2,98.8,260]
["Applied Business",3.7,11.4,27.7,29.9,18.5,7.6,1.2,15.1,98.8,5673]
["Applied Engineering","x","x",24.1,32.799999999999997,20.3,7.9,2.5,12.4,97.5,241]
["Applied ICT4",1.5,4.4000000000000004,17.7,31.1,27.6,14.2,3.4,5.9,96.6,5278]
["Applied Science",0.2,2.2999999999999998,14,31.4,33.5,16.5,2.1,2.4,97.9,2656]
["Health & Social Care",0.7,7,26.1,33.799999999999997,23,8,1.3,7.7,98.7,5269]
["Leisure And Recreation",0,5.8,24.5,36,24.7,7.2,1.9,5.8,98.1,417]
["Media",2.2000000000000002,8.6,29.3,26.5,21,9,3.4,10.8,96.6,324]
["Performing Arts",5.8,15.2,34.9,27.7,14.1,"x","x",21.1,"x",1045]
["Travel & Tourism",0.5,7,26.8,34.6,22.8,7.2,1,7.5,99,1477]
["All subjects",1.9,7.5,23.6,31.5,23.7,10,1.8,9.4,98.2,22640]
[]
["Males"]
["Applied Art & Design",6.3,17.2,17.2,35.9,17.2,"x","x",23.4,"x",64]
["Applied Business",2.4,8.3000000000000007,24.6,32.4,20.9,9.9,1.4,10.7,98.6,2839]
["Applied Engineering","x","x",22.8,34.200000000000003,20.5,7.3,2.7,12.3,97.3,219]
["Applied ICT4",1.3,3.7,14.8,30,29.2,17,4,5,96,3317]
["Applied Science","x","x",10.3,26,37.1,22.1,2.9,1.7,97.1,1120]
["Health & Social Care","x","x",16.7,30.1,29.2,17.7,2.4,3.8,97.6,209]
["Leisure And Recreation",0,3.4,16.399999999999999,38.200000000000003,30.3,8.8000000000000007,2.9,3.4,97.1,238]
["Media",1.9,3.2,18.2,29.2,28.6,14.3,4.5,5.2,95.5,154]
["Performing Arts",6.6,9.8000000000000007,34,27.7,18,3.9,0,16.399999999999999,100,256]
["Travel & Tourism","x","x",20.6,33.4,26.2,14,2.2000000000000002,3.6,97.8,413]
["All subjects",1.6,5.3,18.600000000000001,30.7,26.8,14.2,2.8,6.9,97.2,8829]
[]
["Females"]
["Applied Art & Design",7.1,19.899999999999999,31.6,20.9,15.8,"x","x",27,"x",196]
["Applied Business",5,14.5,30.8,27.3,16.2,5.3,1,19.5,99,2834]
["Applied Engineering",0,13.6,36.4,18.2,18.2,13.6,0,13.6,100,22]
["Applied ICT4",1.8,5.6,22.7,32.9,25,9.6,2.2999999999999998,7.4,97.7,1961]
["Applied Science",0.3,2.7,16.7,35.4,30.9,12.5,1.6,3,98.4,1536]
["Health & Social Care",0.7,7.2,26.5,34,22.7,7.6,1.3,7.9,98.7,5060]
["Leisure And Recreation",0,8.9,35.200000000000003,33,17.3,"x","x",8.9,"x",179]
["Media",2.4,13.5,39.4,24.1,14.1,4.0999999999999996,2.4,15.9,97.6,170]
["Performing Arts",5.6,17,35.200000000000003,27.6,12.8,"x","x",22.6,"x",789]
["Travel & Tourism",0.6,8.5,29.2,35.1,21.5,4.5999999999999996,0.6,9,99.4,1064]
["All subjects",2.1,8.9,26.8,32,21.7,7.3,1.3,11,98.7,13811]
[]
[null,null,null,null,null,null,null,null,null,null,"Source: 2013/14 16-18 attainment data (revised)"]
["1. Covers applied single award A level examination results for the 2013/14 academic year."]
["2. Covers students aged 16, 17 or 18 at the start of the 2013/14 academic year, ie 31 August 2013."]
["3. Includes ungraded, no award (absent/declined) and pending."]
["4. Information, Communication and Technology"]
[]
["Notes:"]
["x indicates figure has been suppressed where underlying numbers are small (ie, 1 or 2) or where secondary suppression has been applied."]
["Percentages are rounded to one decimal place and therefore may not sum to totals."]
["Where qualifications taken by a student are in the same subject area and similar in content ‘discounting’ rules have been applied to avoid double counting qualifications."]
[]
["Refer to 'Quality and Methodology Information' document."]

{"sheet":"Table 6","index":17,"n_rows":58,"n_cols":9,"rows_kept":58,"cut":false,"hidden":false,"merged":[[4,0,5,0],[4,1,4,7],[4,8,5,8],[55,0,56,8]]}
["Table 6: Applied single AS level results1,2 by gender, subject and grade"]
["Year: 2013/14 (revised)"]
["Coverage: England"]
[]
["Gender/Subject","Percentage achieving grade",null,null,null,null,null,null,"Number of entries"]
[null,"A","B","C","D","E","Other3","A-E"]
[]
["Males and Females"]
["Applied Art & Design",21.8,26.8,24.1,11.7,11.7,3.9,96.1,257]
["Applied Business",7.4,19.7,27.4,24.4,13.6,7.5,92.5,8327]
["Applied Engineering",4.9000000000000004,17.7,27,26.3,13.5,10.7,89.3,430]
["Applied ICT4",2.9,10.8,22.2,27,21.1,16,84,7410]
["Applied Science",1.4,8.4,23.3,30.7,22.7,13.6,86.4,4590]
["Health & Social Care",6.3,17.3,26.1,24.7,15.9,9.6999999999999993,90.3,8466]
["Leisure & Recreation",4.5999999999999996,20.399999999999999,30.8,22,15.8,6.4,93.6,481]
["Media",9.1999999999999993,22.1,28.4,22.1,10.5,7.9,92.1,458]
["Performing Arts",16.600000000000001,26.9,26.4,17.8,7.4,5,95,1272]
["Travel & Tourism",6.4,19.100000000000001,28.7,23.3,13.7,8.8000000000000007,91.2,2272]
["All subjects",5.7,15.9,25.5,25.4,16.8,10.7,89.3,33963]
[]
["Males"]
["Applied Art & Design",16.2,14.7,26.5,13.2,20.6,8.8000000000000007,91.2,68]
["Applied Business",5.6,16.2,27.1,26,15.5,9.6,90.4,4438]
["Applied Engineering",4.3,17,26.8,26.6,14.4,10.9,89.1,395]
["Applied ICT4",2.7,9.1999999999999993,20.7,26.4,22.9,18.100000000000001,81.900000000000006,4828]
["Applied Science",0.9,5.7,19.600000000000001,29.3,26.2,18.3,81.7,2186]
["Health & Social Care",1,10.1,13.9,26.5,23.8,24.8,75.2,404]
["Leisure & Recreation",1.8,15.4,32.9,24.3,18.2,7.5,92.5,280]
["Media",4.0999999999999996,11.9,30.1,26,14.6,13.2,86.8,219]
["Performing Arts",12,19.399999999999999,29.3,19.899999999999999,11.7,7.7,92.3,351]
["Travel & Tourism",3.3,13.6,26.8,24.8,18.100000000000001,13.4,86.6,730]
["All subjects",3.7,11.8,23.5,26.4,20.100000000000001,14.6,85.4,13899]
[]
["Females"]
["Applied Art & Design",23.8,31.2,23.3,11.1,8.5,2.1,97.9,189]
["Applied Business",9.6,23.8,27.6,22.5,11.5,5.0999999999999996,94.9,3889]
["Applied Engineering",11.4,25.7,28.6,"x","x",8.6,91.4,35]
["Applied ICT4",3.3,13.9,25,28.2,17.8,11.9,88.1,2582]
["Applied Science",1.8,10.9,26.6,31.9,19.600000000000001,9.3000000000000007,90.7,2404]
["Health & Social Care",6.5,17.600000000000001,26.7,24.6,15.5,8.9,91.1,8062]
["Leisure & Recreation",8.5,27.4,27.9,18.899999999999999,12.4,5,95,201]
["Media",13.8,31.4,26.8,18.399999999999999,6.7,2.9,97.1,239]
["Performing Arts",18.3,29.8,25.3,16.899999999999999,5.8,3.9,96.1,921]
["Travel & Tourism",7.8,21.7,29.6,22.6,11.7,6.5,93.5,1542]
["All subjects",7.1,18.8,26.8,24.8,14.5,8,92,20064]
[]
[null,null,null,null,null,null,null,null,"Source: 2013/14 16-18 attainment data (revised)"]
["1. Covers applied single award AS level examination results for the 2013/14 academic year."]
["2. Covers students aged 16, 17 or 18 at the start of the 2013/14 academic year, ie 31 August 2013."]
["3. Includes ungraded, no award (absent/declined) and pending."]
["4. Information, Communication and Technology."]
[]
["Notes:"]
["x indicates figure has been suppressed where underlying numbers are small (ie, 1 or 2) or where secondary suppression has been applied."]
["Percentages are rounded to one decimal place and therefore may not sum to totals."]
["Where qualifications taken by a student are in the same subject area and similar in content ‘discounting’ rules have been applied to avoid double counting qualifications."]
[]
["Refer to 'Quality and Methodology Information' document."]

{"sheet":"Table 7","index":18,"n_rows":45,"n_cols":16,"rows_kept":45,"cut":false,"hidden":false,"merged":[[4,0,5,0],[4,1,4,14],[4,15,5,15]]}
["Table 7: Applied double A level results1,2 by gender, subject and grade"]
["Year: 2013/14 (revised)"]
["Coverage: England"]
[]
["Gender/Subject","Percentage achieving grade",null,null,null,null,null,null,null,null,null,null,null,null,null,"Number of entries"]
[null,"A*A*","A*A","AA","AB","BB","BC","CC","CD","DD","DE","EE","Other3","A*A*-AA","A*A*-EE"]
[]
["Males and Females"]
["Applied Art & Design",6.5,7.3,9.6999999999999993,13,19.399999999999999,13.4,12.6,7.3,8.5,"x","x",0,23.5,100,247]
["Applied Business",1.1000000000000001,5.3,2.7,10.9,12.5,15.7,17,12,12.6,4.8,4.2,1.2,9.1,98.8,967]
["Applied ICT4","x",2,"x",5.0999999999999996,7.1,16,11.2,17,13.3,13.9,8.5,4.4000000000000004,3.4,95.6,294]
["Applied Science",0,0,"x","x",1.3,12.4,12,18.5,24.5,12.9,11.2,6,"x",94,233]
["Health & Social Care",0.4,2.7,2.4,7.8,13.8,15.9,18.2,16.100000000000001,11.9,6.9,3.1,1,5.4,99,1896]
["Travel & Tourism","x","x",6.8,9.6,13.7,23.3,21.9,9.6,5.5,6.8,"x",0,8.1999999999999993,100,73]
["All subjects",0.9,3.4,2.8,8.3000000000000007,12.5,15.6,16.600000000000001,14.5,12.6,7,4.0999999999999996,1.6,7.2,98.4,3710]
[]
["Males"]
["Applied Art & Design","x","x","x",11.7,16.7,16.7,13.3,11.7,16.7,"x","x",0,8.3000000000000007,100,60]
["Applied Business","x",2.5,"x",10.4,11.6,14.3,17.3,13.6,14.5,6.1,5.2,2,5,98,595]
["Applied ICT4",0,2.4,1.2,4.4000000000000004,6.8,16,12.4,16.8,12.4,14,8.8000000000000007,4.8,3.6,95.2,250]
["Applied Science",0,0,0,"x","x",15,9.3000000000000007,16.8,19.600000000000001,15,14,8.4,0,91.6,107]
["Health & Social Care",0,0,0,6.4,6.4,"x",19.100000000000001,27.7,12.8,12.8,6.4,"x",0,"x",47]
["Travel & Tourism",0,0,0,"x","x","x",46.2,"x","x","x",0,0,0,100,13]
["All subjects",0.4,2.1,1.7,7.9,9.4,14.5,15.6,15.1,14.5,9,6.7,3.3,4.0999999999999996,96.7,1072]
[]
["Females"]
["Applied Art & Design",7.5,9.1,11.8,13.4,20.3,12.3,12.3,5.9,5.9,1.6,0,0,28.3,100,187]
["Applied Business",2.4,9.6999999999999993,3.5,11.6,14,18,16.399999999999999,9.4,9.6999999999999993,2.7,2.7,0,15.6,100,372]
["Applied ICT4","x",0,0,9.1,9.1,15.9,"x",18.2,18.2,13.6,6.8,"x","x","x",44]
["Applied Science",0,0,"x","x","x",10.3,14.3,19.8,28.6,11.1,8.6999999999999993,4,"x",96,126]
["Health & Social Care",0.4,2.8,2.4,7.8,14,16.2,18.2,15.8,11.8,6.8,3,0.9,5.6,99.1,1849]
["Travel & Tourism","x","x",8.3000000000000007,10,15,25,16.7,10,"x",6.7,"x",0,10,100,60]
["All subjects",1.2,4,3.3,8.5,13.8,16.100000000000001,17.100000000000001,14.3,11.9,6.1,3,0.9,8.4,99.1,2638]
[]
[null,null,null,null,null,null,null,null,null,null,null,null,null,null,null,"Source: 2013/14 16-18 attainment data (revised)"]
["1. Covers applied double award A level examination results for the 2013/14 academic year."]
["2. Covers students aged 16, 17 or 18 at the start of the 2013/14 academic year, ie 31 August 2013."]
["3. Includes ungraded, no award (absent/declined) and pending."]
["4. Information, Communication and Technology."]
[]
["Notes:"]
["x indicates figure has been suppressed where underlying numbers are small (ie, 1 or 2) or where secondary suppression has been applied."]
["Percentages are rounded to one decimal place and therefore may not sum to totals."]
["Where qualifications taken by a student are in the same subject area and similar in content ‘discounting’ rules have been applied to avoid double counting qualifications."]
["Refer to 'Quality and Methodology Information' document."]

{"sheet":"Table 8","index":19,"n_rows":45,"n_cols":13,"rows_kept":45,"cut":false,"hidden":false,"merged":[[4,0,5,0],[4,1,4,11],[4,12,5,12]]}
["Table 8: Applied double AS level results1,2 by gender, subject and grade"]
["Year: 2013/14 (revised)"]
["Coverage: England"]
[]
["Gender/Subject","Percentage achieving grade",null,null,null,null,null,null,null,null,null,null,"Number of entries"]
[null,"AA","AB","BB","BC","CC","CD","DD","DE","EE","Other3","AA-EE"]
[]
["Males and Females"]
["Applied Art & Design",18.7,9.6,14.1,10.6,13.6,10.1,11.1,"x","x",4,96,198]
["Applied Business",5.2,7.2,11,13.5,14.8,14.6,13.1,9.1,5.0999999999999996,6.4,93.6,1025]
["Applied ICT4",4.2,4.9000000000000004,7.5,9.6,15.8,15.3,10.4,10.9,10.1,11.2,88.8,385]
["Applied Science","x","x",3.5,5.9,8.9,15.1,12.5,16.5,14.6,22.1,77.900000000000006,425]
["Health & Social Care",3,4.7,10.199999999999999,13.2,17.899999999999999,15.3,12,9.6,7.5,6.6,93.4,2166]
["Travel & Tourism","x",15.1,12.3,23.3,17.8,8.1999999999999993,12.3,6.8,"x",0,100,73]
["All subjects",4,5.3,9.6999999999999993,12.3,15.9,14.7,12.1,10.1,7.5,8.3000000000000007,91.7,4272]
[]
["Males"]
["Applied Art & Design",16.399999999999999,11.5,19.7,4.9000000000000004,11.5,11.5,14.8,"x","x",4.9000000000000004,95.1,61]
["Applied Business",3.3,4.2,8.6999999999999993,12.4,16.7,13.6,14.7,10.3,7.4,8.8000000000000007,91.2,612]
["Applied ICT4",4.2,4.5,6,9.4,17.2,16,9.4,10.9,9.6999999999999993,12.7,87.3,331]
["Applied Science",0,"x","x",7.5,7.5,13.1,9,18.600000000000001,14.6,28.6,71.400000000000006,199]
["Health & Social Care","x","x",4.0999999999999996,9.5,13.5,12.2,23,5.4,13.5,17.600000000000001,82.4,74]
["Travel & Tourism",0,"x","x","x",26.3,15.8,21.1,15.8,0,0,100,19]
["All subjects",3.5,3.8,7.1,10.3,15.1,14,13,11.2,9,13,87,1296]
[]
["Females"]
["Applied Art & Design",19.7,8.8000000000000007,11.7,13.1,14.6,9.5,9.5,"x","x",3.6,96.4,137]
["Applied Business",8,11.6,14.5,15,12.1,16.2,10.7,7.3,1.7,2.9,97.1,413]
["Applied ICT4","x",7.4,16.7,11.1,7.4,11.1,16.7,11.1,13,"x","x",54]
["Applied Science","x","x",5.8,4.4000000000000004,10.199999999999999,16.8,15.5,14.6,14.6,16.399999999999999,83.6,226]
["Health & Social Care",3.1,4.9000000000000004,10.4,13.3,18.100000000000001,15.4,11.6,9.8000000000000007,7.3,6.2,93.8,2092]
["Travel & Tourism","x",18.5,13,29.6,14.8,5.6,9.3000000000000007,"x","x",0,100,54]
["All subjects",4.3,6,10.8,13.1,16.2,15.1,11.7,9.6999999999999993,6.8,6.2,93.8,2976]
[]
[null,null,null,null,null,null,null,null,null,null,null,null,"Source: 2013/14 16-18 attainment data (revised)"]
["1. Covers applied double award AS level examination results for the 2013/14 academic year."]
["2. Covers students aged 16, 17 or 18 at the start of the 2013/14 academic year, ie 31 August 2013."]
["3. Includes ungraded, no award (absent/declined) and pending."]
["4. Information, Communication and Technology."]
[]
["Notes:"]
["x indicates figure has been suppressed where underlying numbers are small (ie, 1 or 2) or where secondary suppression has been applied."]
["Percentages are rounded to one decimal place and therefore may not sum to totals."]
["Where qualifications taken by a student are in the same subject area and similar in content ‘discounting’ rules have been applied to avoid double counting qualifications."]
["Refer to 'Quality and Methodology Information' document."]

{"sheet":"Table 9","index":20,"n_rows":48,"n_cols":33,"rows_kept":48,"cut":false,"hidden":false,"merged":[[40,0,41,6],[4,1,4,10],[4,12,4,21],[4,23,4,32],[5,0,6,0],[5,1,5,9],[5,10,6,10],[5,12,5,20],[5,21,6,21],[5,23,5,31],[5,32,6,32]]}
["Table 9: A level results1 of students2 by institution type, gender and grade"]
["Year: 2013/14 (revised)"]
["Coverage: England"]
[]
[null,"Males and Females",null,null,null,null,null,null,null,null,null,null,"Males",null,null,null,null,null,null,null,null,null,null,"Females"]
["Institution type","Percentage achieving grade",null,null,null,null,null,null,null,null,"Number of entries",null,"Percentage achieving grade",null,null,null,null,null,null,null,null,"Number of entries",null,"Percentage achieving grade",null,null,null,null,null,null,null,null,"Number of entries"]
[null,"A*","A","B","C","D","E","Other3","A*-A","A*-E",null,null,"A*","A","B","C","D","E","Other3","A*-A","A*-E",null,null,"A*","A","B","C","D","E","Other3","A*-A","A*-E"]
[]
["All state-funded schools4",7.5,16.899999999999999,26.6,25.3,15.7,6.7,1.3,24.4,98.7,427993,null,7.9,16.2,24.6,24.6,17,8,1.7,24.1,98.3,195530,null,7.2,17.399999999999999,28.3,25.8,14.7,5.6,1,24.6,99,232463]
["of which:"]
["  Local authority maintained mainstream schools5",6.5,15.3,26.1,26.2,17,7.4,1.5,21.8,98.5,144712,null,6.7,14.7,24.3,25.5,18.2,8.6999999999999993,2,21.4,98,66003,null,6.3,15.9,27.6,26.9,15.9,6.2,1.1000000000000001,22.3,98.9,78709]
["  Sponsored academies - mainstream",4.0999999999999996,10.7,23.1,28.2,21.2,10.3,2.6,14.8,97.4,27456,null,4.3,10.5,21.3,26.5,22,12.1,3.4,14.8,96.6,12485,null,4,10.8,24.5,29.6,20.5,8.6999999999999993,1.9,14.8,98.1,14971]
["  Converter academies - mainstream6",8.4,18.399999999999999,27.3,24.4,14.5,5.9,1.1000000000000001,26.8,98.9,253440,null,8.9,17.7,25.2,23.9,15.7,7.1,1.4,26.6,98.6,115830,null,8,18.899999999999999,29,24.8,13.4,4.9000000000000004,0.9,27,99.1,137610]
["  Mainstream free schools, free school 16-19, university technical colleges (UTCs), city technology colleges (CTCs) and studio schools",8.1999999999999993,19.100000000000001,28.3,22.6,14.4,6.2,1.2,27.3,98.8,2368,null,9.6,16.7,25,22.6,16.8,7.5,1.7,26.4,98.3,1206,null,6.6,21.6,31.8,22.6,11.9,4.7,0.7,28.2,99.3,1162]
[]
["Independent schools",18.7,31,26.2,14.2,6.5,2.7,0.8,49.7,99.2,107358,null,18.399999999999999,29.9,25.9,14.8,7.2,3,0.9,48.3,99.1,53875,null,19,32.200000000000003,26.5,13.7,5.8,2.2999999999999998,0.6,51.1,99.4,53483]
["of which:"]
["  Independent schools",18.7,31.1,26.2,14.2,6.5,2.6,0.7,49.8,99.3,107206,null,18.399999999999999,29.9,25.9,14.7,7.2,2.9,0.9,48.4,99.1,53763,null,19,32.200000000000003,26.5,13.7,5.7,2.2999999999999998,0.6,51.1,99.4,53443]
["  Independent special schools and non-maintained special schools7",2,6.6,23.7,27,21.7,15.8,3.3,8.6,96.7,152,null,"x","x",23.2,27.7,20.5,17,2.7,8.9,97.3,112,null,"x","x",25,25,25,"x","x",7.5,"x",40]
[]
["All schools",9.8000000000000007,19.7,26.5,23.1,13.9,5.9,1.2,29.4,98.8,535351,null,10.199999999999999,19.2,24.9,22.5,14.9,6.9,1.6,29.3,98.4,249405,null,9.4,20.2,27.9,23.6,13,5,0.9,29.6,99.1,285946]
[]
["FE sector colleges",5.5,14,25.8,27.1,17.600000000000001,8,2,19.5,98,206796,null,5.7,13,23.4,26.4,19.2,9.6999999999999993,2.5,18.7,97.5,87783,null,5.4,14.7,27.5,27.7,16.399999999999999,6.7,1.6,20.100000000000001,98.4,119013]
["of which:"]
["  Sixth form colleges",6.1,15,26.2,26.2,16.8,7.8,1.9,21.2,98.1,146427,null,6.2,13.9,23.7,25.7,18.399999999999999,9.6,2.4,20.100000000000001,97.6,63261,null,6.1,15.9,28.1,26.6,15.5,6.4,1.4,22,98.6,83166]
["  Other FE sector colleges8",4.0999999999999996,11.3,24.7,29.3,19.7,8.5,2.2999999999999998,15.4,97.7,60369,null,4.5,10.6,22.6,28.2,21.3,10.199999999999999,2.7,15.1,97.3,24522,null,3.8,11.8,26.2,30.1,18.7,7.4,2,15.6,98,35847]
[]
["State-funded schools and colleges9",6.9,15.9,26.3,25.9,16.399999999999999,7.1,1.6,22.8,98.4,634389,null,7.2,15.2,24.3,25.2,17.7,8.5,2,22.4,98,282998,null,6.6,16.5,28,26.4,15.3,6,1.2,23.1,98.8,351391]
[]
["All schools and FE sector colleges",8.6,18.100000000000001,26.3,24.2,14.9,6.5,1.4,26.7,98.6,742147,null,9,17.600000000000001,24.5,23.5,16,7.6,1.8,26.6,98.2,337188,null,8.1999999999999993,18.5,27.8,24.8,14,5.5,1.1000000000000001,26.8,98.9,404959]
[]
[null,null,null,null,null,null,null,null,null,null,null,null,null,null,null,null,null,null,null,null,null,null,null,null,null,null,null,null,null,null,null,null,"Source: 2013/14 16-18 attainment data (revised)"]
["1. Covers A level examination results for the 2013/14 academic year."]
["2. Covers students aged 16, 17 or 18 at the start of the 2013/14 academic year, ie 31 August 2013."]
["3. Includes ungraded, no award (absent/declined) and pending."]
["4. Also Includes state-funded special schools, hospital schools, pupil referral units (PRUs) and alternative provision (AP) free schools. Figures for these institution types are not shown separately in the table."]
["5. Community, voluntary aided, voluntary controlled and foundation schools."]
["6. Convertor academies and academy 16-19 converters."]
["7. Independent special schools, independent schools approved to take pupils with special educational needs (SEN) and non-maintained special schools."]
["8. Further education sector colleges; other government department funded colleges; and special colleges."]
["9. Covers all state-funded mainstream schools, academies, free schools, maintained special schools and FE sector colleges. Excludes pupil referral units (PRUs), non-maintained special schools, other government department funded colleges, independent schools, independent special schools and independent schools approved to take pupils with special educational needs (SEN) ."]
[]
[]
["Notes:"]
["x indicates figure has been suppressed where underlying numbers are small (ie, 1 or 2) or where secondary suppression has been applied."]
["Percentages are rounded to one decimal place and therefore may not sum to totals."]
["Where qualifications taken by a student are in the same subject area and similar in content ‘discounting’ rules have been applied to avoid double counting qualifications."]
["Refer to 'Quality and Methodology Information' document."]

{"sheet":"Table 10","index":21,"n_rows":63,"n_cols":11,"rows_kept":63,"cut":false,"hidden":false,"merged":[[56,0,57,10],[4,0,5,0],[4,1,4,9],[4,10,5,10],[49,0,49,4],[50,0,52,7]]}
["Table 10: A level results1 of state-funded school students2 by admissions basis, gender and grade"]
["Year: 2013/14 (revised)"]
["Coverage: England"]
[]
["Admissions basis / Gender","Percentage achieving grade",null,null,null,null,null,null,null,null,"Number of entries"]
[null,"A*","A","B","C","D","E","Other3","A*-A","A*-E"]
[]
["Males and Females"]
[]
["    All state-funded schools, state-funded special",7.5,16.899999999999999,26.6,25.3,15.7,6.7,1.3,24.4,98.7,427993]
["    schools, hospital schools and PRUs4"]
[]
["    of which:"]
[]
["       Comprehensive schools",6.2,14.8,26.4,26.7,17.100000000000001,7.3,1.5,21,98.5,340178]
[]
["       Selective schools ",14.1,27,28.2,18.3,8.6999999999999993,3.1,0.6,41.1,99.4,75868]
[]
["       Modern schools",3.1,8.6999999999999993,21.9,29.9,23.3,10.7,2.4,11.8,97.6,8260]
[]
["Males"]
[]
["    All state-funded schools, state-funded special",7.9,16.2,24.6,24.6,17,8,1.7,24.1,98.3,195530]
["    schools, hospital schools and PRUs4"]
[]
["    of which:"]
[]
["       Comprehensive schools",6.4,14.1,24.2,26,18.5,8.9,1.9,20.5,98.1,154002]
[]
["       Selective schools ",14.8,26,26.8,18.2,9.6999999999999993,3.6,0.8,40.799999999999997,99.2,36522]
[]
["       Modern schools",2.8,8.3000000000000007,20.399999999999999,28.5,24.8,12.3,2.9,11.2,97.1,3380]
[]
["Females"]
[]
["    All state-funded schools, state-funded special",7.2,17.399999999999999,28.3,25.8,14.7,5.6,1,24.6,99,232463]
["    schools, hospital schools and PRUs4"]
[]
["    of which:"]
[]
["       Comprehensive schools",6,15.4,28.2,27.2,16,6.1,1.1000000000000001,21.5,98.9,186176]
[]
["       Selective schools ",13.4,27.9,29.5,18.399999999999999,7.7,2.6,0.5,41.3,99.5,39346]
[]
["       Modern schools",3.2,9,22.9,30.9,22.3,9.6,2,12.3,98,4880]
[]
[null,null,null,null,null,null,null,null,null,null,"Source: 2013/14 16-18 attainment data (revised)"]
["1. Covers A level examination results for the 2013/14 academic year."]
["2. Covers students aged 16, 17 or 18 at the start of the 2013/14 academic year, ie 31 August 2013."]
["3. Includes ungraded, no award (absent/declined) and pending."]
["4. Sponsored and converter academies; community, voluntary aided, voluntary controlled and foundation schools; city technology colleges (CTCs); free schools (mainstream, special, UTC, Studio School, 16-19); hospital and special schools; pupil referral units (PRUs). Figures for other state-funded schools are not shown in the table, therefore the number of entries do not sum to totals."]
[]
[]
["Admissions basis:"]
["Comprehensive schools: Admit all pupils, usually regardless of their ability or aptitude; includes schools operating pupil ability banding admission arrangements."]
["Selective schools: Admit pupils wholly or mainly with reference to ability. These schools are formally designated as grammar schools."]
["Modern schools: Schools which, like comprehensives, admit pupils of any ability. However, secondary modern schools will have grammar schools in their area which admit most local high ability pupils. Secondary modern schools therefore may have a lower ability intake than comprehensive schools which are not in grammar school areas."]
[]
[]
["Notes:"]
["Percentages are rounded to one decimal place and therefore may not sum to totals."]
["Where qualifications taken by a student are in the same subject area and similar in content ‘discounting’ rules have been applied to avoid double counting qualifications."]
["Refer to 'Quality and Methodology Information' document."]

{"sheet":"Table 11a","index":22,"n_rows":78,"n_cols":11,"rows_kept":78,"cut":false,"hidden":false,"merged":[[70,0,70,4],[5,10,6,10],[4,1,4,9],[5,1,5,9],[67,0,68,9]]}
["Table 11a: A level results1 of state-funded school2 students3 by subject and grade"]
["Year: 2013/14 (revised)"]
["Coverage: England"]
[]
[null,"Males and Females"]
["Subject","Percentage achieving grade",null,null,null,null,null,null,null,null,"Number of entries"]
[null,"A*","A","B","C","D","E","Other4","A*-A ","A*-E "]
[]
["Biological Sciences",8.6,16.8,23.8,21.9,17.3,10,1.6,25.5,98.4,33993]
["Chemistry",8.3000000000000007,22.3,27,20.3,13.3,7.4,1.4,30.6,98.6,27777]
["Physics",9.1999999999999993,19.600000000000001,22.7,19.899999999999999,15.6,10.7,2.2999999999999998,28.8,97.7,19319]
["Other Science",8.6,18.899999999999999,25.1,20.7,13.5,11,2.1,27.5,97.9,1331]
[]
["Mathematics",16.5,24.7,23.4,16.600000000000001,11.5,6.1,1.3,41.1,98.7,45308]
["Further Mathematics",23.4,31.1,20.5,13.4,7.2,3.6,0.9,54.5,99.1,7091]
[]
["Design and Technology",3.6,11.1,23.6,28.2,22.5,9.6999999999999993,1.2,14.7,98.8,9201]
["Computing",3.3,14.9,22.4,23.6,20.6,12.3,2.9,18.2,97.1,1809]
["ICT5",1.4,8,22.2,26.5,25.2,14.5,2.2000000000000002,9.5,97.8,4249]
[]
["Home Economics",2.2000000000000002,8.9,27.4,27.4,25.1,"x","x",11.2,"x",179]
[]
["Accounting and Finance",1.1000000000000001,6.7,23.3,26,21.9,16.600000000000001,4.4000000000000004,7.9,95.6,712]
["Business Studies",3.9,11.6,27.4,30.5,18.3,7.2,1.2,15.5,98.8,13785]
["Economics",7.7,21.9,28.7,22.7,12.6,5.3,1,29.6,99,11223]
["Geography",5.7,19.3,29.4,26.4,13.9,4.7,0.6,25.1,99.4,18306]
["Government and Politics",7,19,28,24.2,14.8,5.8,1.3,26,98.7,6269]
["History",5.5,17.399999999999999,31.3,27.6,13.9,3.8,0.5,22.9,99.5,28304]
["Law",4.2,10.9,24.1,26.7,20.8,9.8000000000000007,3.4,15.2,96.6,3786]
["Psychology",4.8,12.2,25.7,27.4,19.100000000000001,8.6,2.2000000000000002,17,97.8,31575]
["Sociology",5.5,13.4,29,28.4,16.2,6.1,1.4,18.899999999999999,98.6,16342]
["Other social studies",6.7,14,28.3,25.8,16.2,7.9,1.1000000000000001,20.8,98.9,1142]
[]
["Art and Design",11.5,14.3,28,27.4,13.7,4.3,0.8,25.8,99.2,21605]
["Drama",2.7,9.4,30.1,34.299999999999997,18.3,4.5999999999999996,0.5,12.2,99.5,7324]
["English",5.7,13.7,28.3,31.7,16.899999999999999,3.3,0.3,19.5,99.7,46823]
["Media/Film/Television Studies",1.3,9.1,30.7,37,17.600000000000001,3.8,0.5,10.4,99.5,12217]
["Other Communication Studies",1.6,9.5,33.799999999999997,36.299999999999997,15.6,2.9,0.4,11.1,99.6,3277]
[]
["French",5.0999999999999996,28.3,30.7,21.2,11.1,3.3,0.3,33.5,99.7,4771]
["German",6.3,26.8,29.8,19.600000000000001,12.1,4.7,0.6,33.1,99.4,2168]
["Spanish",5.9,25.3,31.8,22.4,11.1,3.1,0.4,31.2,99.6,3298]
["Other modern languages",11.5,33.6,28,15.4,6.9,3,1.7,45.1,98.3,2845]
["of which:"]
["  Chinese",2,33.299999999999997,41,17.7,4.3,"x","x",35.299999999999997,"x",351]
["  Italian",8,32,35.799999999999997,17.2,3.6,"x","x",39.9,"x",338]
["  Polish",14.9,45.2,16.7,11.7,8,2.8,0.7,60,99.3,538]
["  Russian",32.799999999999997,46.3,16.399999999999999,3,1.5,0,0,79.099999999999994,100,201]
[]
["Classical Studies",7.8,24.6,30,23.3,10.9,2.9,0.6,32.4,99.4,1961]
["of which:"]
["  Latin",19.600000000000001,44.8,23.9,8.1999999999999993,"x","x",1,64.400000000000006,99,306]
["  Greek",22.7,59.1,"x","x",0,0,0,81.8,100,22]
["  Classical Civilisation",5.9,21.4,30.7,25.6,12.7,3.4,0.3,27.3,99.7,1313]
[]
["Religious Studies",5.4,16.399999999999999,29,26.6,15.4,5.9,1.2,21.8,98.8,13014]
[]
["Music",2.2999999999999998,12.5,24.1,28.7,21.6,9.6999999999999993,1.1000000000000001,14.8,98.9,3966]
[]
["Physical Education",3.2,11.1,24.1,26.3,21.3,12.4,1.6,14.3,98.4,7974]
[]
["General Studies",4.4000000000000004,9.4,20.9,25.3,21.2,12.9,5.9,13.8,94.1,15049]
[]
["All subjects",7.5,16.899999999999999,26.6,25.3,15.7,6.7,1.3,24.4,98.7,427993]
[]
[null,null,null,null,null,null,null,null,null,null,"Source: 2013/14 16-18 attainment data (revised)"]
["1. Covers A level examination results for the 2013/14 academic year."]
["2. Sponsor and converter academies; community, voluntary aided, voluntary controlled and foundation schools; city technology colleges (CTCs); free Schools (mainstream, special, UTC, Studio School, 16-19); hospital and special schools; pupil referral units (PRUs)."]
[]
["3. Covers students aged 16, 17 or 18 at the start of the 2013/14 academic year, ie 31 August 2013."]
["4. Includes ungraded, no award (absent/declined) and pending."]
["5. Information, Communication and Technology"]
[]
["Notes:"]
["x indicates figure has been suppressed where underlying numbers are small (ie, 1 or 2) or where secondary suppression has been applied."]
["Percentages are rounded to one decimal place and therefore may not sum to totals."]
["Where qualifications taken by a student are in the same subject area and similar in content ‘discounting’ rules have been applied to avoid double counting qualifications."]
["Refer to 'Quality and Methodology Information' document."]

{"sheet":"Table 11b","index":23,"n_rows":77,"n_cols":11,"rows_kept":77,"cut":false,"hidden":false,"merged":[[4,1,4,9],[5,1,5,9],[5,10,6,10]]}
["Table 11b: A level results1 of independent school2 students3 by subject and grade"]
["Year: 2013/14 (revised)"]
["Coverage: England"]
[]
[null,"Males and Females"]
["Subject","Percentage achieving grade",null,null,null,null,null,null,null,null,"Number of entries"]
[null,"A*","A","B","C","D","E","Other4","A*-A ","A*-E "]
[]
["Biological Sciences",20.100000000000001,27.9,23.6,14.8,8.6,3.8,1.1000000000000001,48.1,98.9,8523]
["Chemistry",17.5,35.700000000000003,25,11.8,6.5,2.8,0.6,53.2,99.4,8328]
["Physics",19.399999999999999,29.4,23.6,13.4,8.3000000000000007,4.5,1.4,48.8,98.6,6211]
["Other Science",16.100000000000001,34.299999999999997,23.1,15.7,7.4,"x","x",50.4,"x",242]
[]
["Mathematics",30.2,32.700000000000003,19.7,9.3000000000000007,4.8,2.5,0.8,62.8,99.2,14913]
["Further Mathematics",37.1,32.1,16.5,7.5,4,1.9,0.9,69.2,99.1,3602]
[]
["Design and Technology",11.4,24.8,29.7,20.3,11.4,2.1,0.4,36.1,99.6,1602]
["Computing",7.4,24.3,24.9,19,13.2,9,2.1,31.7,97.9,189]
["ICT5",2.7,11.8,28.3,26.6,18.8,9.1999999999999993,2.7,14.5,97.3,414]
[]
["Home Economics","x",29.2,26.4,23.6,11.3,6.6,"x","x","x",106]
[]
["Accounting and Finance",3.9,19.399999999999999,22.2,19.399999999999999,13.9,8.9,12.2,23.3,87.8,180]
["Business Studies",5.5,18,31.1,24.9,13.7,5.3,1.6,23.5,98.4,3769]
["Economics",16.600000000000001,33.9,27.5,13.4,5.6,2.2000000000000002,0.7,50.5,99.3,6737]
["Geography",13.2,34.4,28.6,15.9,6,1.8,0.2,47.6,99.8,5540]
["Government and Politics",15.3,31.2,29.7,14.3,6.2,2.4,0.9,46.5,99.1,2697]
["History",17.3,34.700000000000003,29.6,13.6,3.7,0.9,0.2,52,99.8,6821]
["Law",11.1,13.3,34.4,14.4,12.2,7.8,6.7,24.4,93.3,90]
["Psychology",10.8,21.4,29.3,20.5,11,5.5,1.5,32.200000000000003,98.5,3518]
["Sociology",10.5,14.7,35.700000000000003,21.5,9.8000000000000007,5.9,2,25.2,98,409]
["Other social studies",14.9,31.3,28.2,16.7,6.2,1.5,1.2,46.1,98.8,323]
[]
["Art and Design",24.2,26.2,28,14.3,5.2,1.7,0.4,50.4,99.6,5352]
["Drama",11.2,23.9,38.4,20.3,4.8,"x","x",35.1,"x",1714]
["English",19.7,27.1,29,17.600000000000001,5.6,1,0.1,46.8,99.9,7153]
["Media/Film/Television Studies",6.5,19.7,34.299999999999997,25.2,10.6,3,0.6,26.2,99.4,527]
["Other Communication Studies",5.4,23.1,39.799999999999997,22.6,5.9,"x","x",28.5,"x",221]
[]
["French",11.3,43.8,27.7,11.3,4.4000000000000004,1.3,0.2,55.1,99.8,2531]
["German",13.3,44.2,25.4,11.3,4.2,1.1000000000000001,0.3,57.6,99.7,900]
["Spanish",13.3,39.4,30,12.1,4.3,0.7,0.2,52.7,99.8,1874]
["Other modern languages",17.600000000000001,45.5,27,6.6,1.4,1,0.9,63.1,99.1,3157]
["of which:"]
["  Chinese",9.3000000000000007,44.5,35.4,7.8,1.4,0.9,0.8,53.8,99.2,1880]
["  Italian",15.3,45.5,30.2,5,2,"x","x",60.9,"x",202]
["  Polish",55.6,29.6,"x",11.1,"x",0,0,85.2,100,27]
["  Russian",38.4,56.2,3.6,1,"x","x",0.4,94.6,99.6,669]
[]
["Classical Studies",18.3,37.5,27.1,11.9,4,0.8,0.3,55.8,99.7,2421]
["of which:"]
["  Latin",29.3,45.2,18.5,6,"x","x",0,74.599999999999994,100,944]
["  Greek",31.1,56.1,11.8,"x",0,"x",0,87.3,100,228]
["  Classical Civilisation",6.4,26.8,37.200000000000003,19.7,8.1,"x","x",33.200000000000003,"x",1015]
[]
["Religious Studies",16.100000000000001,33.299999999999997,27.5,15.4,5.4,1.9,0.4,49.4,99.6,3506]
[]
["Music",9.5,28.4,30.7,20.9,7.7,2.2999999999999998,0.5,37.9,99.5,1331]
[]
["Physical Education",5.4,17.2,25.8,24.5,16.5,9.6999999999999993,1,22.6,99,1572]
[]
["General Studies",10.4,15.4,25.2,21.6,14.5,9.3000000000000007,3.7,25.8,96.3,885]
[]
["All subjects",18.7,31,26.2,14.2,6.5,2.7,0.8,49.7,99.2,107358]
[]
[null,null,null,null,null,null,null,null,null,null,"Source: 2013/14 16-18 attainment data (revised)"]
["1. Covers A level examination results for the 2013/14 academic year."]
["2. Covers independent schools, independent special schools, independent schools approved to take pupils with special educational needs (SEN) and non-maintained special schools."]
["3. Covers students aged 16, 17 or 18 at the start of the 2013/14 academic year, ie 31 August 2013."]
["4. Includes ungraded, no award (absent/declined) and pending."]
["5. Information, Communication and Technology"]
[]
["Notes:"]
["x indicates figure has been suppressed where underlying numbers are small (ie, 1 or 2) or where secondary suppression has been applied."]
["Percentages are rounded to one decimal place and therefore may not sum to totals."]
["Where qualifications taken by a student are in the same subject area and similar in content ‘discounting’ rules have been applied to avoid double counting qualifications."]
["Refer to 'Quality and Methodology Information' document."]

{"sheet":"Table 11c","index":24,"n_rows":78,"n_cols":11,"rows_kept":78,"cut":false,"hidden":false,"merged":[[4,1,4,9],[5,1,5,9],[5,10,6,10]]}
["Table 11c: A level results1 of all further education sector college2 students3 by subject and grade"]
["Year: 2013/14 (revised)"]
["Coverage: England"]
[]
[null,"Males and Females"]
["Subject","Percentage achieving grade",null,null,null,null,null,null,null,null,"Number of entries"]
[null,"A*","A","B","C","D","E","Other4","A*-A ","A*-E "]
[]
["Biological Sciences",7.6,15.7,22.4,22.1,18.600000000000001,11.5,2.1,23.3,97.9,13331]
["Chemistry",6.3,19.600000000000001,25.4,21.3,15.1,9.8000000000000007,2.5,25.9,97.5,11039]
["Physics",7.5,16.3,21.7,20.6,17.7,13.2,3.1,23.7,96.9,6696]
["Other Science",6.5,15.5,23.7,23,19,9.6999999999999993,2.7,22,97.3,2548]
[]
["Mathematics",12.8,19.899999999999999,22.6,19.600000000000001,14.4,8.8000000000000007,2,32.6,98,18815]
["Further Mathematics",19,29.9,21.7,14.9,8.6999999999999993,4.7,1.1000000000000001,48.9,98.9,2338]
[]
["Design and Technology",3.8,9.8000000000000007,24.3,26.6,22.4,10.7,2.4,13.6,97.6,1029]
["Computing",2.1,11.3,19.7,25.9,22.4,15.2,3.5,13.4,96.5,1738]
["ICT5",1,6.8,20,27.5,25.8,15.7,3.2,7.8,96.8,2272]
[]
["Home Economics",0,0,"x",41.7,16.7,25,"x",0,"x",24]
[]
["Accounting and Finance",2.2000000000000002,11.4,23.4,25.7,19.5,13.5,4.4000000000000004,13.6,95.6,1856]
["Business Studies",3.1,8.5,25.1,31.1,21.5,8.6999999999999993,2,11.7,98,8151]
["Economics",5.0999999999999996,15.7,26.1,25.8,17.399999999999999,8.1,1.7,20.9,98.3,4924]
["Geography",4.3,18,28.6,26.2,16.5,5.5,0.9,22.3,99.1,5849]
["Government and Politics",5.6,15.3,26,25.5,17.100000000000001,8.4,2.1,20.9,97.9,3351]
["History",3.7,13.9,28.6,30.3,17.2,5.4,0.8,17.600000000000001,99.2,10878]
["Law",4.9000000000000004,13.9,25,25.1,18.3,9.8000000000000007,3,18.8,97,6475]
["Psychology",4.2,11.2,24.7,26.9,20,10.3,2.8,15.4,97.2,16098]
["Sociology",4.7,13.1,27.5,28.6,17.399999999999999,6.8,2,17.8,98,10979]
["Other social studies",4.3,12.1,27.8,28.6,18.8,6.5,1.8,16.399999999999999,98.2,2140]
[]
["Art and Design",8,14.1,31.5,29,13,3.7,0.8,22.1,99.2,13806]
["Drama",3.1,8.8000000000000007,28.6,32.700000000000003,20.100000000000001,6.1,0.7,11.8,99.3,2768]
["English",3.7,10.9,26.7,34.700000000000003,19.100000000000001,4.3,0.6,14.5,99.4,24239]
["Media/Film/Television Studies",1.2,8,31.3,38.700000000000003,16.8,3.4,0.7,9.1999999999999993,99.3,6922]
["Other Communication Studies",1.6,9.4,34.200000000000003,37.799999999999997,13.9,2.4,0.7,11,99.3,4737]
[]
["French",4.5,27.4,27.1,22.9,12.6,4.8,0.7,31.9,99.3,1776]
["German",7.6,30.2,29.3,18.100000000000001,11.3,"x","x",37.799999999999997,"x",648]
["Spanish",6.4,23.4,32.6,23.3,10.7,3.1,0.6,29.8,99.4,1445]
["Other modern languages",10.3,34.6,31.4,14.8,4.7,2.2999999999999998,1.9,44.9,98.1,1064]
["of which:"]
["  Chinese",6.3,34.9,42.8,11.6,1.9,1.6,0.9,41.2,99.1,318]
["  Italian",10.3,26.2,33.799999999999997,20.7,"x","x",0,36.6,100,145]
["  Polish",13.3,52.6,14.1,11.9,3.7,"x","x",65.900000000000006,"x",135]
["  Russian",23.1,56.4,11.5,5.0999999999999996,"x",0,"x",79.5,"x",78]
[]
["Classical Studies",3.6,14.7,28.8,27.9,15.6,7.3,2.1,18.2,97.9,1836]
["of which:"]
["  Latin",14.3,42.9,19,14.3,"x","x",0,57.1,100,21]
["  Greek",".",".",".",".",".",".",".",".",".",0]
["  Classical Civilisation",3.8,14.7,29.4,25.9,15.6,8.1,2.6,18.5,97.4,1411]
[]
["Religious Studies",3.6,12.4,26.5,29.6,18.7,7.2,2,16,98,3318]
[]
["Music",1.5,9.1999999999999993,24.5,29.7,23.8,9.6,1.6,10.7,98.4,1887]
[]
["Physical Education",3.5,12.4,24.3,25.8,20.399999999999999,11.6,2,15.9,98,3652]
[]
["General Studies",2.8,7,16.600000000000001,23.8,24.7,16.8,8.3000000000000007,9.6999999999999993,91.7,8167]
[]
["All subjects",5.5,14,25.8,27.1,17.600000000000001,8,2,19.5,98,206796]
[]
[null,null,null,null,null,null,null,null,null,null,"Source: 2013/14 16-18 attainment data (revised)"]
["1. Covers A level examination results for the 2013/14 academic year."]
["2. Covers sixth form colleges, further education sector college; other government department funded colleges; and special colleges."]
["3. Covers students aged 16, 17 or 18 at the start of the 2013/14 academic year, ie 31 August 2013."]
["4. Includes ungraded, no award (absent/declined) and pending."]
["5. Information, Communication and Technology"]
[]
["Notes:"]
["x indicates figure has been suppressed where underlying numbers are small (ie, 1 or 2) or where secondary suppression has been applied."]
["Percentages are rounded to one decimal place and therefore may not sum to totals."]
["Where qualifications taken by a student are in the same subject area and similar in content ‘discounting’ rules have been applied to avoid double counting qualifications."]
["Refer to 'Quality and Methodology Information' document."]
[". not applicable"]

{"sheet":"Table 11d","index":25,"n_rows":78,"n_cols":11,"rows_kept":78,"cut":false,"hidden":false,"merged":[[4,1,4,9],[5,1,5,9],[5,10,6,10]]}
["Table 11d: A level results1 of sixth form college2 students3 by subject and grade"]
["Year: 2013/14 (revised)"]
["Coverage: England"]
[]
[null,"Males and Females"]
["Subject","Percentage achieving grade",null,null,null,null,null,null,null,null,"Number of entries"]
[null,"A*","A","B","C","D","E","Other4","A*-A ","A*-E "]
[]
["Biological Sciences",8.6,17.3,23.4,21.2,17.3,10.5,1.9,25.8,98.1,9624]
["Chemistry",7,21.6,26.3,20.6,13.8,8.6,2.1,28.5,97.9,8292]
["Physics",8.4,17.399999999999999,22,20.100000000000001,16.399999999999999,12.7,3,25.8,97,4635]
["Other Science",6.5,16.600000000000001,23.8,22.8,18.8,9,2.4,23.1,97.6,1770]
[]
["Mathematics",13.5,20.3,22.9,19.2,14.1,8.5,1.6,33.799999999999997,98.4,13732]
["Further Mathematics",20.399999999999999,30.5,20.5,14.8,8.5,4.9000000000000004,0.5,50.9,99.5,1754]
[]
["Design and Technology",3.6,9.3000000000000007,24,26.5,23.1,10.8,2.7,13,97.3,910]
["Computing",2.2000000000000002,11.4,20,26.6,22.5,14.3,2.9,13.6,97.1,1293]
["ICT5",0.9,6.7,19.5,28.3,25.9,15.6,3.2,7.6,96.8,1469]
[]
["Home Economics",0,0,13.6,40.9,"x",27.3,"x",0,"x",22]
[]
["Accounting and Finance",2.1,11.5,23.6,24.5,19,14.4,4.8,13.6,95.2,1232]
["Business Studies",3.5,9.3000000000000007,25.3,31.1,20.5,8.6,1.7,12.9,98.3,5274]
["Economics",5.3,17.100000000000001,27,25.4,16.3,7.4,1.4,22.4,98.6,3871]
["Geography",4.5,19.3,29,24.9,16,5.5,0.9,23.8,99.1,4134]
["Government and Politics",6.7,17.100000000000001,26.4,25.7,15.5,6.6,1.9,23.8,98.1,2439]
["History",4.5,15.8,30.6,29.2,14.6,4.5999999999999996,0.6,20.3,99.4,7717]
["Law",5.6,15.3,25.6,24.9,17.2,8.9,2.5,20.8,97.5,4378]
["Psychology",5.0999999999999996,12.4,25.5,26.2,18.8,9.6,2.4,17.5,97.6,10752]
["Sociology",5.0999999999999996,13.6,27.4,28.1,16.8,7.1,1.9,18.7,98.1,6949]
["Other social studies",4.8,13.3,28.7,27.7,17.5,6.2,1.7,18.100000000000001,98.3,1507]
[]
["Art and Design",9.4,15.2,32.4,27.7,11.6,3.3,0.4,24.6,99.6,9347]
["Drama",3.5,9.8000000000000007,30.2,32.6,17.7,5.6,0.6,13.3,99.4,1964]
["English",4.0999999999999996,12.3,27.7,33.4,17.899999999999999,4.2,0.4,16.399999999999999,99.6,16273]
["Media/Film/Television Studies",1.5,8.5,32.799999999999997,37.700000000000003,15.6,3.4,0.5,10,99.5,4334]
["Other Communication Studies",1.5,9.5,33.6,38,14.2,2.6,0.6,11,99.4,2980]
[]
["French",5.0999999999999996,29.1,27,22.1,11.5,4.5,0.7,34.200000000000003,99.3,1365]
["German",7.2,31.1,28.8,17.2,12.5,"x","x",38.200000000000003,"x",489]
["Spanish",6.4,24,33.5,21.8,11.3,2.6,0.3,30.4,99.7,1104]
["Other modern languages",10.199999999999999,33.6,32.200000000000003,14.9,4.7,2.4,1.9,43.8,98.1,738]
["of which:"]
["  Chinese",5.6,34.1,44.4,11.2,2.2000000000000002,1.3,1.3,39.700000000000003,98.7,232]
["  Italian",11.6,28.4,32.6,21.1,"x","x",0,40,100,95]
["  Polish",15.1,47.3,15.1,14,4.3,"x","x",62.4,"x",93]
["  Russian",26.7,44.4,13.3,8.9,"x",0,"x",71.099999999999994,"x",45]
[]
["Classical Studies",4.2,15.9,29.7,26,14.9,6.8,2.4,20.2,97.6,1348]
["of which:"]
["  Latin",15,45,20,"x","x",0,0,60,100,20]
["  Greek",".",".",".",".",".",".",".",".",".",0]
["  Classical Civilisation",4.2,15.6,29.9,24.8,15,7.5,3,19.899999999999999,97,1083]
[]
["Religious Studies",3.7,12.9,27.2,29.4,17.7,7.1,1.9,16.7,98.1,2658]
[]
["Music",1.7,10.3,24.6,29.4,22.7,9.5,1.8,12,98.2,1487]
[]
["Physical Education",3.4,13.1,24.6,25.1,20.3,11.6,2,16.5,98,2906]
[]
["General Studies",2.8,7,16.8,23.8,24.9,16.8,8,9.8000000000000007,92,7680]
[]
["All subjects",6.1,15,26.2,26.2,16.8,7.8,1.9,21.2,98.1,146427]
[]
[null,null,null,null,null,null,null,null,null,null,"Source: 2013/14 16-18 attainment data (revised)"]
["1. Covers A level examination results for the 2013/14 academic year."]
["2. Covers sixth form colleges only."]
["3. Covers students aged 16, 17 or 18 at the start of the 2013/14 academic year, ie 31 August 2013."]
["4. Includes ungraded, no award (absent/declined) and pending."]
["5. Information, Communication and Technology"]
[]
["Notes:",null,null," "]
["x indicates figure has been suppressed where underlying numbers are small (ie, 1 or 2) or where secondary suppression has been applied."]
["Percentages are rounded to one decimal place and therefore may not sum to totals."]
["Where qualifications taken by a student are in the same subject area and similar in content ‘discounting’ rules have been applied to avoid double counting qualifications."]
["Refer to 'Quality and Methodology Information' document."]
[". not applicable"]