{"text_format":"1","workbook":"xlsx","n_sheets":26,"sheets":["Table 1d working","Contents","Table 1a","Table 1b","Table 1c","Table 1d Supp","Table 1d","Table 2","Table 2m","Table 2f","Table 3","Table 3m","Table 3f","Table 4","Table 4m","Table 4f","Table 5","Table 6","Table 7","Table 8","Table 9","Table 10","Table 11a","Table 11b","Table 11c","Table 11d"],"not_rendered":{"charts":0,"images":1,"macros":1,"external_links":6,"defined_names":141,"comments":0,"pivot_tables":0},"unopened":[],"bounds":{"document_bytes":16777216,"sheet_cells":100000,"rows_first":2000,"rows_last":500,"rows_between":2000,"halvings":0,"cell_chars":16384,"cell_head_chars":4096},"cells_cut":0,"cells_raw":0,"read":"whole","date_system":"1900"}

{"sheet":"Table 1d working","index":0,"n_rows":33,"n_cols":60,"rows_kept":33,"cut":false,"hidden":true,"merged":[[4,1,4,15],[4,21,4,35],[4,41,4,55],[5,1,6,3],[5,5,6,7],[5,9,5,15],[5,17,6,19],[5,21,6,23],[5,25,6,27],[5,29,5,35],[5,57,6,59],[6,0,7,0],[6,9,6,11],[6,13,6,15],[6,29,6,31],[6,33,6,35],[6,49,6,51],[6,53,6,55],[5,37,6,39],[5,41,6,43],[5,45,6,47],[5,49,5,55]]}
["Table 1d: Average Point Score and percentage achievements of students aged 16 to 191 by institution type, cohort and gender "]
["Year: 2012/13 (Provisional)"]
["Coverage: England"]
[]
[null,"A level cohort2",null,null,null,null,null,null,null,null,null,null,null,null,null,null,null,null,null,null,null,"Academic cohort3",null,null,null,null,null,null,null,null,null,null,null,null,null,null,null,null,null,null,null,"Vocational cohort4"]
[null,"Number of students",null,null,null,"Number of Full-Time Equivalents",null,null,null,"Average Point Score ",null,null,null,null,null,null,null,"Percentage of students achieving at least 2 A level qualifications",null,null,null,"Number of students",null,null,null,"Number of Full-Time Equivalents",null,null,null,"Average Point Score ",null,null,null,null,null,null,null,"Percentage of students achieving at least 2 substantial level 3 academic qualifications",null,null,null,"Number of students",null,null,null,"Number of Full-Time Equivalents",null,null,null,"Average Point Score ",null,null,null,null,null,null,null,"Percentage of students achieving at least 2 substantial level 3 vocational qualifications"]
["Institution type",null,null,null,null,null,null,null,null,"Per Entry",null,null,null,"Per Full-Time Equivalent",null,null,null,null,null,null,null,null,null,null,null,null,null,null,null,"Per Entry",null,null,null,"Per Full-Time Equivalent",null,null,null,null,null,null,null,null,null,null,null,null,null,null,null,"Per Entry",null,null,null,"Per Full-Time Equivalent"]
[null,"Males","Females","Total",null,"Males","Females","Total",null,"Males","Females","Total",null,"Males","Females","Total",null,"Males","Females","Total",null,"Males","Females","Total",null,"Males","Females","Total",null,"Males","Females","Total",null,"Males","Females","Total",null,"Males","Females","Total",null,"Males","Females","Total",null,"Males","Females","Total",null,"Males","Females","Total",null,"Males","Females","Total",null,"Males","Females","Total"]
[]
["State-funded mainstream schools6",70076,84333,154409,null,64319,78374,142693,null,209.4,215.6,212.8,null,772.3,794,784.2,null,90.3,93.2,91.9,null,70635,85069,155704,null,65495,79986,145481,null,209.2,215.4,212.6,null,775.5,797.9,787.8,null,90.4,93.2,91.9,null,22235,19975,42210,null,15719,13173,28892,null,220.1,231.4,225.3,null,646,697.9,669.7,null,64.3,59.9,62.2]
[]
["State-funded schools",70084,84337,154421,null,64327,78378,142705,null,209.4,215.5,212.8,null,772.2,794,784.2,null,90.3,93.2,91.8,null,70643,85073,155716,null,65503,79990,145493,null,209.2,215.4,212.6,null,775.5,797.9,787.8,null,90.4,93.2,91.9,null,22240,19980,42220,null,15724,13177,28901,null,220.1,231.4,225.3,null,645.79999999999995,697.9,669.6,null,64.3,59.9,62.2]
["of which;"]
["  Local authority maintained mainstream schools5",29111,34879,63990,null,26640,32349,58989,null,205,211.3,208.4,null,741.1,762.8,753,null,89.4,92.6,91.2,null,29196,34982,64178,null,26947,32751,59698,null,204.9,211.2,208.4,null,742.3,764.5,754.4,null,89.5,92.6,91.2,null,9836,8867,18703,null,6922,5782,12704,null,219.1,230.7,224.4,null,635.4,691.2,660.8,null,63,58.5,60.9]
["  Sponsored academies",4561,5521,10082,null,3734,4604,8338,null,194.1,200.4,197.6,null,669.1,699,685.6,null,76,80.599999999999994,78.5,null,4641,5619,10260,null,3850,4755,8605,null,193,199.1,196.4,null,673.1,702.1,689.2,null,76.2,80.8,78.7,null,4265,3856,8121,null,3373,2862,6235,null,219,227.8,223.1,null,640,678,657.4,null,73.599999999999994,69.599999999999994,71.7]
["  Converter academies",36089,43685,79774,null,33694,41246,74940,null,214.2,220.3,217.6,null,808.1,828.8,819.5,null,92.9,95.3,94.2,null,36483,44220,80703,null,34443,42305,76749,null,214,220.2,217.4,null,812.7,834.3,824.6,null,93,95.4,94.3,null,7882,6986,14868,null,5218,4304,9521,null,221.7,234.1,227.4,null,660.6,714.5,684.9,null,60.3,55.2,57.9]
["  Free schools, university technical colleges (UTCs) and studio schools",148,29,177,null,122,25,147,null,202.3,202.7,202.4,null,763.3,689.5,750.6,null,79.7,82.8,80.2,null,148,29,177,null,125,26,150,null,202.3,202.3,202.3,null,762.9,688.1,750.2,null,79.7,82.8,80.2,null,94,11,105,null,73,8,82,null,213.5,216.9,213.8,null,621.5,564.9,615.6,null,77.7,63.6,76.2]
["  State-funded special schools, hospital schools and pupil referral units (PRUs)6",8,4,12,null,8,4,12,null,196.7,152.30000000000001,184.9,null,442.5,266.5,386.7,null,37.5,"x",33.299999999999997,null,8,4,12,null,8,4,12,null,196.7,152.30000000000001,184.9,null,442.5,266.5,386.7,null,37.5,"x",33.299999999999997,null,5,5,10,null,5,4,9,null,190,222.8,208,null,256.5,426.3,334.9,null,"x",60,40]
[]
["Independent schools",17472,17241,34713,null,17001,16846,33847,null,240.3,246,243.2,null,862.6,886.5,874.5,null,95.3,96.6,95.9,null,18518,18103,36621,null,18399,18031,36430,null,238.8,244.7,241.7,null,880.2,903.1,891.6,null,96.4,97.1,96.7,null,422,269,691,null,277,180,457,null,230.3,236.5,232.8,null,676.6,715.3,691.8,null,62.3,62.5,62.4]
["of which;"]
["  Independent schools",17404,17212,34616,null,16943,16819,33762,null,240.4,246.1,243.3,null,863.7,887.1,875.4,null,95.4,96.6,96,null,18450,18074,36524,null,18341,18004,36345,null,238.9,244.7,241.8,null,881.3,903.7,892.4,null,96.5,97.2,96.8,null,393,263,656,null,259,176,435,null,231.4,237.1,233.8,null,686.9,721.2,700.8,null,64.400000000000006,63.5,64]
["  Independent special schools and non-maintained special schools7",68,29,97,null,58,27,85,null,199.4,196.9,198.6,null,536.4,526.5,533.29999999999995,null,63.2,62.1,62.9,null,68,29,97,null,58,27,85,null,199.4,196.1,198.3,null,536.9,525,533.1,null,63.2,62.1,62.9,null,29,6,35,null,18,4,22,null,209.7,204.1,208.7,null,524.9,454.1,511.8,null,34.5,"x",31.4]
[]
["All schools",87556,101578,189134,null,81328,95224,176552,null,215.7,220.8,218.5,null,791.1,810.3,801.5,null,91.3,93.7,92.6,null,89161,103176,192337,null,83902,98021,181923,null,215.7,220.8,218.4,null,798.4,817.2,808.6,null,91.6,93.9,92.8,null,22662,20249,42911,null,16001,13357,29358,null,220.3,231.5,225.5,null,646.4,698.1,669.9,null,64.3,59.9,62.2]
[]
["FE sector colleges",32859,44081,76940,null,30688,41582,72269,null,201.4,209.9,206.3,null,744.3,775.1,762,null,91.1,93.5,92.5,null,32971,44344,77315,null,31106,42354,73460,null,201.4,209.9,206.3,null,746.2,778.4,764.8,null,91.1,93.5,92.5,null,65934,63843,129777,null,63671,61484,125155,null,203.9,215.6,209.6,null,499.8,521.70000000000005,510.6,null,67.900000000000006,66.3,67.099999999999994]
["of which;"]
["  Sixth form colleges",23336,30245,53581,null,21719,28451,50170,null,202.5,211.8,207.8,null,776,815,798.1,null,91.4,94,92.9,null,23383,30347,53730,null,22016,28951,50968,null,202.5,211.9,207.9,null,777.3,817.4,800,null,91.4,94.1,92.9,null,9411,8471,17882,null,7692,6739,14430,null,215,226.6,220.5,null,579.9,626,601.4,null,65.599999999999994,67.2,66.400000000000006]
["  Other FE sector colleges8",9523,13836,23359,null,8969,13130,22099,null,198.4,205.1,202.4,null,667.6,688.5,680,null,90.5,92.2,91.5,null,9588,13997,23585,null,9089,13402,22492,null,198.3,205,202.3,null,671,694.2,684.8,null,90.6,92.4,91.7,null,56523,55372,111895,null,55980,54746,110725,null,202.2,214,208,null,488.8,508.9,498.7,null,68.3,66.099999999999994,67.2]
[]
["All schools and FE sector colleges",120415,145659,266074,null,112016,136806,248822,null,211.8,217.5,214.9,null,778.3,799.6,790,null,91.2,93.7,92.6,null,122132,147520,269652,null,115008,140375,255383,null,211.8,217.5,214.9,null,784.3,805.5,796,null,91.5,93.8,92.7,null,88596,84092,172688,null,79672,74841,154513,null,207.7,219,213.1,null,529.20000000000005,553.20000000000005,540.79999999999995,null,67,64.7,65.900000000000006]
[null,null,null,null,null,null,null,null,null,null,null,null,null,null,null,null,null,null,null,null,null,null,null,null,null,null,null,null,null,null,null,null,null,null,null,null,null,null,null,null,null,null,null,null,null,null,null,null,null,null,null,null,null,null,null,null,null,null,null,"Source: 2012/13 Key Stage 5 attainment data (provisional)"]

{"sheet":"Contents","index":1,"n_rows":28,"n_cols":3,"rows_kept":28,"cut":false,"hidden":false,"merged":[]}
[null,"A LEVEL AND OTHER LEVEL 3 RESULTS IN ENGLAND, ACADEMIC YEAR 2012 to 2013 (REVISED)"]
[]
[null,"National level tables"]
[]
[null,"Table Number","Title"]
[null,"1a","GCE A level and Level 3 results of students aged 16 to 18 by institution type and gender"]
[null,"1b","Time series of GCE A level and Level 3 results of students aged 16 to 18 by gender"]
[null,"1c","GCE A level and Level 3 results of state-funded school students aged 16 to 18 by admission basis and gender"]
[null,"1d","Level 3 results of students aged 16 to 18 by institution type, cohort and gender "]
[null,2,"GCE A level examination results of students aged 16 to 18 by subject and grade"]
[null,"2m","GCE A level examination results of male students aged 16 to 18 by subject and grade"]
[null,"2f","GCE A level examination results of female students aged 16 to 18 by subject and grade"]
[null,3,"GCE AS level examination results of students aged 16 to 18 by subject and grade"]
[null,"3m","GCE AS level examination results of male students aged 16 to 18 by subject and grade"]
[null,"3f","GCE AS level examination results of female students aged 16 to 18 by subject and grade"]
[null,4,"2012 GCE AS level examination results of current Year 13 students aged 16 to 18 by subject and grade"]
[null,"4m","2012 GCE AS level examination results of current Year 13 male students aged 16 to 18 by subject and grade"]
[null,"4f","2012 GCE AS level examination results of current Year 13 female students aged 16 to 18 by subject and grade"]
[null,5,"GCE Applied Single Award A level examination results of students aged 16 to 18 by gender, subject and grade"]
[null,6,"GCE Applied Single Award AS level examination results of students aged 16 to 18 by gender, subject and grade"]
[null,7,"GCE Applied Double Award A level examination results of students aged 16 to 18 by gender, subject and grade"]
[null,8,"GCE Applied Double Award AS level examination results of students aged 16 to 18 by gender, subject and grade"]
[null,9,"GCE A level examination results of students aged 16 to 18 by institution type, gender and grade"]
[null,10,"GCE A level examination results of state-funded school students aged 16 to 18 by admission basis, gender and grade"]
[null,"11a","GCE A level examination results of state-funded school students aged 16 to 18 by subject and grade"]
[null,"11b","GCE A level  examination results of independent school students aged 16 to 18 by subject and grade"]
[null,"11c","GCE A level examination results of all further education sector college students aged 16 to 18 by subject and grade"]
[null,"11d","GCE A level examination results of sixth form college students aged 16 to 18 by subject and grade"]

{"sheet":"Table 1a","index":2,"n_rows":50,"n_cols":36,"rows_kept":50,"cut":false,"hidden":false,"merged":[[6,5,6,7],[6,9,6,11],[4,1,4,15],[4,17,4,35],[5,1,6,3],[5,5,5,11],[5,13,6,15],[5,17,6,19],[5,21,6,23],[5,25,6,27],[5,29,6,31],[5,33,6,35]]}
["Table 1a:  GCE A level and Level 3 results1 of students2 aged 16 to 183 by institution type and gender"]
["Year: 2012/13 (Revised)"]
["Coverage: England"]
[]
[null,"All Level 3 qualifications",null,null,null,null,null,null,null,null,null,null,null,null,null,null,null,"A level"]
[null,"Students entered for at least one substantial Level 3 qualification4",null,null,null,"Average point score",null,null,null,null,null,null,null,"Percentage of students achieving at least 2 substantial Level 3 qualifications ",null,null,null,"Students entered for at least one A level or Applied single/double award A level5",null,null,null,"Percentage of students achieving 3 A*-A grades or better at A level or Applied single/double award A level 5,6",null,null,null,"Percentage of students achieving grades AAB or better at A level or Applied single/double award A level 5,6",null,null,null,"Percentage of students achieving grades AAB or better at A level, of which at least two are in facilitating subjects7",null,null,null,"Percentage of students achieving grades AAB or better at A level, all of which are in facilitating subjects7"]
["Institution type",null,null,null,null,"Per Student",null,null,null,"Per Entry"]
[null,"Males","Females","Total",null,"Males","Females","Total",null,"Males","Females","Total",null,"Males","Females","Total",null,"Males","Females","Total",null,"Males","Females","Total",null,"Males","Females","Total",null,"Males","Females","Total",null,"Males","Females","Total"]
[]
["State-funded mainstream schools8",80327,92408,172735,null,762.3,794.7,779.6,null,210.3,217,213.9,null,97.5,98.3,97.9,null,69333,83701,153034,null,11.2,10.199999999999999,10.7,null,17.7,18.100000000000001,17.899999999999999,null,14.9,12.6,13.6,null,10.6,7.1,8.6999999999999993]
[]
["All state-funded schools9",80339,92416,172755,null,762.3,794.6,779.6,null,210.3,217,213.9,null,97.5,98.3,97.9,null,69341,83705,153046,null,11.2,10.199999999999999,10.7,null,17.7,18.100000000000001,17.899999999999999,null,14.9,12.6,13.6,null,10.6,7.1,8.6999999999999993]
["of which:"]
["  Local authority maintained mainstream schools10",33497,38234,71731,null,732.7,764.3,749.6,null,206.6,213.3,210.2,null,97,98.1,97.6,null,28792,34626,63418,null,9.3000000000000007,8.1999999999999993,8.6999999999999993,null,15.2,15.1,15.1,null,12.7,10.4,11.4,null,9.1999999999999993,5.8,7.4]
["  Sponsored academies -mainstream",7066,7462,14528,null,674.7,710.8,693.3,null,202.1,207.8,205,null,95,96,95.5,null,4445,5412,9857,null,4.5,3.8,4.0999999999999996,null,8.1999999999999993,7.7,7.9,null,6.4,4.7,5.4,null,4.9000000000000004,2.8,3.7]
["  Converter academies- mainstream",39305,46314,85619,null,803,832.9,819.1,null,214.5,221.1,218.1,null,98.3,98.9,98.6,null,35783,43417,79200,null,13.5,12.7,13.1,null,21,21.8,21.4,null,17.7,15.3,16.399999999999999,null,12.5,8.6,10.4]
["  Mainstream free schools, university technical colleges (UTCs) and studio schools",197,35,232,null,720.9,677.7,714.4,null,204.1,199.8,203.5,null,94.9,94.3,94.8,null,147,30,177,null,8.1999999999999993,"x",7.9,null,13.6,10,13,null,12.2,"x",11.3,null,5.4,"x",5.0999999999999996]
["  State-funded special schools, hospital schools, pupil referral units (PRUs) and alternative provision (AP) free schools11",12,8,20,null,371.3,365.3,368.9,null,193.7,192.2,193.1,null,33.299999999999997,62.5,45,null,8,4,12,null,0,0,0,null,0,0,0,null,0,0,0,null,0,0,0]
[]
["Independent schools",18319,17824,36143,null,891.1,915.3,903,null,239.2,245.1,242.1,null,98,98.5,98.3,null,17132,16867,33999,null,29,31.9,30.4,null,41.4,46.7,44,null,35.5,37.5,36.5,null,23.7,22.8,23.3]
["of which:"]
["  Independent schools",18244,17795,36039,null,892.5,916,904.1,null,239.3,245.1,242.2,null,98.1,98.5,98.3,null,17065,16840,33905,null,29.1,32,30.5,null,41.5,46.7,44.1,null,35.6,37.6,36.6,null,23.8,22.9,23.3]
["  Independent special schools and non-maintained special schools12",75,29,104,null,538.79999999999995,532.79999999999995,537.20000000000005,null,201.3,198.9,200.6,null,81.3,79.3,80.8,null,67,27,94,null,"x",0,"x",null,"x","x",4.3,null,"x","x","x",null,"x",0,"x"]
[]
["All schools",98658,110240,208898,null,786.2,814.2,801,null,215.8,221.6,218.9,null,97.6,98.4,98,null,86473,100572,187045,null,14.7,13.9,14.3,null,22.4,22.9,22.7,null,19,16.8,17.8,null,13.2,9.6999999999999993,11.3]
[]
["FE sector colleges",87718,98781,186499,null,616.70000000000005,657.9,638.5,null,201.3,211.8,206.9,null,86,85.8,85.9,null,31716,42752,74468,null,8.3000000000000007,7.8,8,null,13.7,14.7,14.3,null,10.1,8.1999999999999993,9,null,6.5,4.3,5.2]
["of which:"]
["  Sixth form colleges",27973,34226,62199,null,762.2,810.3,788.7,null,204.9,214.4,210.2,null,97,98.2,97.7,null,22542,29427,51969,null,9.5,9.1999999999999993,9.3000000000000007,null,15.5,17,16.399999999999999,null,11.5,9.6,10.4,null,7.3,5,6]
["  Other FE sector colleges13",59745,64555,124300,null,548.6,577.1,563.4,null,199,209.9,204.7,null,80.8,79.2,80,null,9174,13325,22499,null,5.3,4.9000000000000004,5.0999999999999996,null,9.1999999999999993,9.8000000000000007,9.5,null,6.8,5.0999999999999996,5.8,null,4.5999999999999996,2.7,3.5]
[]
["All schools and FE sector colleges",186376,209021,395397,null,706.4,740.3,724.3,null,209.6,217.4,213.7,null,92.1,92.4,92.3,null,118189,143324,261513,null,13,12.1,12.5,null,20.100000000000001,20.5,20.3,null,16.600000000000001,14.2,15.3,null,11.4,8.1,9.6]
[]
[null,null,null,null,null,null,null,null,null,null,null,null,null,null,null,null,null,null,null,null,null,null,null,null,null,null,null,null,null,null,null,null,null,null,null,"Source: 2012/13 Key Stage 5 attainment data (revised)"]
["1. Cumulative results achieved in the 2011/12 and 2012/13 academic years."]
["2. Covers students at the end of advanced level study who were entered for at least one substantial Level 3 qualification in the 2012/13 academic year."]
["3. Covers students aged 16, 17 or 18 at the start of the 2012/13 academic year, i.e. 31 August 2012."]
["4. A substantial advanced level academic or vocational qualification is defined as a qualification that is at least the size of an A level (180 guided learning hours per year), such as a BTEC Subsidiary Diploma (Level 3). "]
["5. Covers GCE A level, Applied single award A level and Applied double award A level only."]
["6. An Applied GCE Double Award A level at grade A*A* counts as two grade A*s, AA counts as two grade As and an award at grade AB counts as one grade A."]
["7. Covers facilitating A level subjects: biology, chemistry, physics, mathematics, further mathematics, geography, history, English literature, modern and classical languages. Refer to the technical notes section of the SFR for an explanation of the methodology used to calculate the AAB indicators for facilitating subjects."]
["8. Academies (sponsor and converter mainstream); community, voluntary aided, voluntary controlled and foundation schools; city technology colleges (CTCs), free schools (mainstream, UTC, studio school, 16-19)."]
["9. All state-funded schools figures include CTCs. Separate figures for CTCs are not shown in the table."]
["10. Community, voluntary aided, voluntary controlled and foundation schools."]
["11. Community special, foundation special, community hospital and foundation hospital schools; PRUs; special academies; converter academy special schools; special free schools; and AP free schools"]
["12. Independent special schools, independent schools approved to take pupils with special educational needs (SEN) and non-maintained special schools."]
["13. Further education sector colleges; other government department funded colleges; and special colleges."]
[]
["x Percentages have been suppressed where underlying figures are less than 3."]
["Note: Where qualifications taken by a student are in the same subject area and similar in content, ‘discounting’ rules have been applied to avoid double counting qualifications. Refer to the Technical Notes section of the SFR."]

{"sheet":"Table 1b","index":3,"n_rows":36,"n_cols":24,"rows_kept":36,"cut":false,"hidden":false,"merged":[[1,3,1,4],[4,1,4,15],[4,17,4,23],[5,1,6,3],[5,5,5,11],[5,13,6,15],[5,17,6,19],[5,21,6,23],[6,5,6,7],[6,9,6,11]]}
["Table 1b: Time series of GCE A level and Level 3 results1 of students2 aged 16 to 183 by gender"]
["Years: 2005/06 to 2012/13"]
["Coverage: England"]
[]
[null,"All Level 3 qualifications",null,null,null,null,null,null,null,null,null,null,null,null,null,null,null,"A level"]
[null,"Students entered for at least one substantial Level 3 qualification4",null,null,null,"Average point score",null,null,null,null,null,null,null,"Percentage of students achieving at least 2 substantial Level 3 qualifications ",null,null,null,"Students entered for at least one A level or Applied single/double award A level5",null,null,null,"Percentage of students achieving 3 A*-A grades or better at A level or Applied single/double award A level 5,6"]
[null,null,null,null,null,"Per Student",null,null,null,"Per Entry"]
[null,"Males","Females","Total",null,"Males","Females","Total",null,"Males","Females","Total",null,"Males","Females","Total",null,"Males","Females","Total",null,"Males","Females","Total"]
[]
["2012/137",186376,209021,395397,null,706.4,740.3,724.3,null,209.6,217.4,213.7,null,92.1,92.4,92.3,null,118189,143324,261513,null,13,12.1,12.5]
[]
["2011/12",179495,204522,384017,null,717.2,747.4,733.3,null,208.7,216.4,212.8,null,93.8,93.4,93.6,null,119024,142979,262003,null,13.1,12.6,12.8]
[]
["2010/11",174893,197088,371981,null,730.8,759.5,746,null,212.8,219.3,216.2,null,93.9,94.2,94.1,null,118310.00000000068,140581.9999999982,258892,null,13.4,12.8,13.1]
[]
["2009/10",177917,201698,379615,null,728.2,759.6,744.9,null,210.8,217.6,214.4,null,93.9,95.6,94.8,null,122898,144447,267345,null,12.8,12.7,12.8]
[]
["2008/09",165207,187166,352373,null,720.4,756,739.3,null,208,214.9,211.7,null,94.1,96,95.1,null,119612,141606,261218,null,12.6,12.7,12.7]
[]
["2007/08 8",154852,176408,331260,null,719.5,758,740,null,205.4,212.9,209.4,null,94.2,96.3,95.3,null,117441,139169,256610,null,12.1,12.1,12.1]
[]
["2006/07",145467,171685,317152,null,713,746.5,731.2,null,203.2,211,207.5,null,94,96.1,95.2,null,113512,136035,249547,null,11.8,12,11.9]
[]
["2005/06",144229,167258,311487,null,700.9,739.3,721.5,null,201.5,210.2,206.2,null,94,96.1,95.1,null,118593,139692,258285,null,10.5,10.9,10.7]
[]
[null,null,null,null,null,null,null,null,null,null,null,null,null,null,null,null,null,null,null,null,null,null,null,"Source: 2012/13 Key Stage 5 attainment data (revised)"]
["1. Cumulative results achieved in the 2011/12 and 2012/13 academic years."]
["2. Covers students at the end of advanced level study who were entered for at least one substantial Level 3 qualification."]
["3. Covers students aged 16, 17 or 18 at the start of the academic year."]
["4. A substantial advanced level academic or vocational qualification is defined as a qualification that is at least the size of an A level (180 guided learning hours per year), such as a BTEC Subsidiary Diploma (Level 3). "]
["5. Covers GCE A level, Applied single award A level and Applied double award A level only."]
["6. An Applied GCE double award A level at grade A*A* counts as two grade A*s, AA counts as two grade As and an award at grade AB counts as one grade A."]
["7. 2012/13 figures are revised while other years' are final."]
["8.  The 2007/08 total for female students entered for at least one substantial level 3 qualification females was revised from 174,408 to 176,408.   The male and total values for 2007/08 remain the same.  The revision was made in June 2014."]
[]
["Note: Where qualifications taken by a student are in the same subject area and similar in content, ‘discounting’ rules have been applied to avoid double counting qualifications. Refer to the Technical Notes section of the SFR."]

{"sheet":"Table 1c","index":4,"n_rows":31,"n_cols":36,"rows_kept":31,"cut":false,"hidden":false,"merged":[[5,33,6,35],[6,0,7,0],[6,5,6,7],[6,9,6,11],[4,1,4,15],[4,17,4,31],[5,1,6,3],[5,5,5,11],[5,13,6,15],[5,17,6,19],[5,21,6,23],[5,25,6,27],[5,29,6,31]]}
["Table 1c:  GCE A level and Level 3 results1of state-funded school students2 aged 16 to 183 by admission basis and gender"]
["Year: 2012/13 (Revised)"]
["Coverage: England"]
[]
[null,"All Level 3 qualifications",null,null,null,null,null,null,null,null,null,null,null,null,null,null,null,"A level"]
[null,"Students entered for at least one substantial Level 3 qualification4",null,null,null,"Average point score",null,null,null,null,null,null,null,"Percentage of students achieving at least 2 substantial Level 3 qualifications ",null,null,null,"Students entered for at least one A level or Applied single/double award A level5",null,null,null,"Percentage of students achieving 3 A*-A grades or better at A level or Applied single/double award A level 5,6",null,null,null,"Percentage of students achieving grades AAB or better at A level or Applied single/double award A level 5,6",null,null,null,"Percentage of students achieving grades AAB or better at A level, of which at least two are in facilitating subjects7",null,null,null,"Percentage of students achieving grades AAB or better at A level, all of which are in facilitating subjects7"]
["Admission Policy",null,null,null,null,"Per Student",null,null,null,"Per Entry"]
[null,"Males","Females","Total",null,"Males","Females","Total",null,"Males","Females","Total",null,"Males","Females","Total",null,"Males","Females","Total",null,"Males","Females","Total",null,"Males","Females","Total",null,"Males","Females","Total",null,"Males","Females","Total"]
[]
["All state-funded schools, state-funded special",80339,92416,172755,null,762.3,794.6,779.6,null,210.3,217,213.9,null,97.5,98.3,97.9,null,69341,83705,153046,null,11.2,10.199999999999999,10.7,null,17.7,18.100000000000001,17.899999999999999,null,14.9,12.6,13.6,null,10.6,7.1,8.6999999999999993]
["schools, hospital schools and PRUs8"]
[]
["Of which:"]
[]
["      Comprehensive Schools",66299,76321,142620,null,732.8,768.3,751.8,null,206.6,214,210.6,null,97.2,98.2,97.7,null,56750,68784,125534,null,8.4,7.8,8.1,null,14.1,14.8,14.5,null,11.7,9.9,10.7,null,8.4,5.5,6.8]
[]
["      Selective Schools ",10716,12150,22866,null,981.4,990.2,986.1,null,232,235.4,233.8,null,100,99.9,99.9,null,10440,11832,22272,null,28,26.1,27,null,39.9,40.1,40,null,34.700000000000003,30.4,32.4,null,24.6,18.100000000000001,21.1]
[]
["      Modern Schools",2404,2760,5164,null,632.79999999999995,703.1,670.4,null,198.8,207.8,203.8,null,93.5,96.8,95.3,null,1498,2148,3646,null,1.4,2,1.7,null,3.8,4.8,4.4000000000000004,null,2.1,2,2,null,1.1000000000000001,0.9,1]
[]
[null,null,null,null,null,null,null,null,null,null,null,null,null,null,null,null,null,null,null,null,null,null,null,null,null,null,null,null,null,null,null,null,null,null,null,"Source: 2012/13 Key Stage 5 attainment data (revised)"]
["1. Cumulative results achieved in the 2011/12 and 2012/13 academic years."]
["2. Covers students at the end of advanced level study who were entered for at least one substantial Level 3 qualification in the 2012/13 academic year."]
["3. Covers students aged 16, 17 or 18 at the start of the 2012/13 academic year, i.e. 31 August 2012."]
["4. A substantial advanced level academic or vocational qualification is defined as a qualification that is at least the size of an A level (180 guided learning hours per year), such as a BTEC Subsidiary Diploma (Level 3). "]
["5. Covers GCE A level, Applied single award A level and Applied double award A level only."]
["6. An Applied GCE Double Award A level at grade A*A* counts as two grade A*s, AA counts as two grade As and an award at grade AB counts as one grade A."]
["7. Covers facilitating A level subjects: biology, chemistry, physics, mathematics, further mathematics, geography, history, English literature, modern and classical languages. Refer to the technical notes section of the SFR for an explanation of the methodology used to calculate the AAB indicators for facilitating subjects."]
["8. Sponsor and converter Academies; community, voluntary aided, voluntary controlled and foundation schools; CTCs; free Schools (mainstream, special, UTC, Studio School, 16-19); hospital and special schools; pupil referral units."]
[]
["Note: Where qualifications taken by a student are in the same subject area and similar in content, ‘discounting’ rules have been applied to avoid double counting qualifications. Refer to the Technical Notes section of the SFR."]

{"sheet":"Table 1d Supp","index":5,"n_rows":46,"n_cols":62,"rows_kept":46,"cut":false,"hidden":true,"merged":[[4,1,4,15],[4,21,4,35],[4,41,4,55],[5,1,6,3],[5,5,6,7],[5,9,5,15],[5,17,6,19],[5,21,6,23],[5,25,6,27],[5,29,5,35],[5,57,6,59],[6,0,7,0],[6,9,6,11],[6,13,6,15],[6,29,6,31],[6,33,6,35],[6,49,6,51],[6,53,6,55],[34,0,34,15],[5,37,6,39],[5,41,6,43],[5,45,6,47],[5,49,5,55]]}
["Table 1d: Average Point Score and percentage achievements of students aged 16 to 191 by institution type, cohort and gender "]
["Year: 2012/13 (Provisional)"]
["Coverage: England"]
[]
[null,"A level cohort2",null,null,null,null,null,null,null,null,null,null,null,null,null,null,null,null,null,null,null,"Academic cohort3",null,null,null,null,null,null,null,null,null,null,null,null,null,null,null,null,null,null,null,"Vocational cohort4"]
[null,"Number of students",null,null,null,"Number of Full-Time Equivalents",null,null,null,"Average Point Score ",null,null,null,null,null,null,null,"Percentage of students achieving at least 2 A level qualifications",null,null,null,"Number of students",null,null,null,"Number of Full-Time Equivalents",null,null,null,"Average Point Score ",null,null,null,null,null,null,null,"Percentage of students achieving at least 2 substantial level 3 academic qualifications",null,null,null,"Number of students",null,null,null,"Number of Full-Time Equivalents",null,null,null,"Average Point Score ",null,null,null,null,null,null,null,"Percentage of students achieving at least 2 substantial level 3 vocational qualifications"]
["Institution type",null,null,null,null,null,null,null,null,"Per Entry",null,null,null,"Per Full-Time Equivalent",null,null,null,null,null,null,null,null,null,null,null,null,null,null,null,"Per Entry",null,null,null,"Per Full-Time Equivalent",null,null,null,null,null,null,null,null,null,null,null,null,null,null,null,"Per Entry",null,null,null,"Per Full-Time Equivalent"]
[null,"Males","Females","Total",null,"Males","Females","Total",null,"Males","Females","Total",null,"Males","Females","Total",null,"Males","Females","Total",null,"Males","Females","Total",null,"Males","Females","Total",null,"Males","Females","Total",null,"Males","Females","Total",null,"Males","Females","Total",null,"Males","Females","Total",null,"Males","Females","Total",null,"Males","Females","Total",null,"Males","Females","Total",null,"Males","Females","Total",null,"row"]
[]
["State-funded mainstream schools7",69333,83701,153034,null,63605.8,77759.5,141365.29999999999,35,209.9,216,213.2,35,776.2,797.2,787.8,null,90.5,93.3,92,null,69898,84433,154331,null,64781.9,79363.8,144145.70000000001,35,209.7,215.8,213.1,35,779.5,801.2,791.4,null,90.6,93.3,92.1,null,22010,19813,41823,null,15545.1,13044.2,28589.3,35,220.1,231.6,225.4,35,651.70000000000005,703.5,675.3,null,65,60.5,62.9]
[]
["All state-funded schools",69341,83705,153046,null,63613.8,77763.199999999997,141377,42,209.9,216,213.2,42,776.2,797.2,787.7,null,90.5,93.3,92,null,69906,84437,154343,null,64789.9,79367.5,144157.4,42,209.7,215.8,213.1,42,779.4,801.2,791.4,null,90.6,93.3,92.1,null,22014,19818,41832,null,15549.1,13048.5,28597.599999999999,42,220.1,231.6,225.4,42,651.6,703.4,675.2,null,65,60.5,62.9]
[]
["  Local authority maintained mainstream schools8",28792,34626,63418,null,26326.400000000001,32095.200000000001,58421.5,36,205.6,211.7,208.9,36,745.2,766,756.6,null,89.7,92.7,91.3,null,28882,34730,63612,null,26637,32495.9,59132.800000000003,36,205.4,211.6,208.8,36,746.3,767.7,758.1,null,89.7,92.7,91.4,null,9756,8814,18570,null,6860,5738.1,12598.2,36,219,230.9,224.5,36,642.4,697.1,667.4,null,63.8,59,61.6]
["  Sponsored academies -mainstream",4445,5412,9857,null,3629.2,4504.8999999999996,8134.1,38,195.2,201.2,198.5,38,677.4,706.1,693.3,null,76.599999999999994,81.2,79.099999999999994,null,4530,5513,10043,null,3748,4657.3999999999996,8405.4,38,194.1,199.9,197.3,38,681.8,709.2,697,null,76.8,81.400000000000006,79.3,null,4198,3789,7987,null,3318,2804.6,6122.6,38,219.1,228.1,223.3,38,645.5,685.8,664,null,74.3,70.5,72.5]
["  Converter academies- mainstream",35783,43417,79200,null,33401.5,40986.6,74388.100000000006,39,214.6,220.7,217.9,39,811.1,831.5,822.3,null,93,95.4,94.3,null,36173,43944,80117,null,34145,42037.2,76182.3,39,214.5,220.6,217.9,39,815.8,837.1,827.5,null,93.1,95.5,94.4,null,7804,6943,14747,null,5160,4276.8,9436.7000000000007,39,221.8,234.2,227.5,39,664.7,718,688.8,null,60.8,55.6,58.4]
["  Free schools, university technical colleges (UTCs) and studio schools",147,30,177,null,120.9,26,146.9,40,202.7,204.7,203,40,765,712.7,755.8,null,79.599999999999994,83.3,80.2,null,147,30,177,null,123.9,26.3,150.19999999999999,40,202.6,204.4,202.9,40,764.6,711.1,755.2,null,79.599999999999994,83.3,80.2,null,94,12,106,null,73.099999999999994,8.6999999999999993,81.8,40,213.5,217.2,213.9,40,621.5,572.1,616.20000000000005,null,77.7,58.3,75.5]
["  State-funded special schools, hospital schools and pupil referral units (PRUs)9",8,4,12,null,8,3.7,11.7,41,196.7,152.30000000000001,184.9,41,442.5,266.5,386.7,null,37.5,"x",33.299999999999997,null,8,4,12,null,8,3.7,11.7,41,196.7,152.30000000000001,184.9,41,442.5,266.5,386.7,null,37.5,"x",33.299999999999997,null,4,5,9,null,4,4.3,8.3000000000000007,41,183,222.8,207.7,41,228.8,426.3,330.9,null,"x",60,44.4]
[]
["Independent schools",17132,16867,33999,null,16663.5,16480,33143.599999999999,43,240.9,246.6,243.7,43,874.5,898.6,886.5,null,96.4,97.8,97.1,null,18172,17729,35901,null,18053.900000000001,17660.900000000001,35714.800000000003,43,239.5,245.3,242.3,43,892.2,915.2,903.6,null,97.5,98.3,97.9,null,412,250,662,null,265.10000000000002,163.1,428.2,43,230.2,236.9,232.8,43,687.2,735.5,705.6,null,62.6,63.6,63]
[]
["  Independent schools",17065,16840,33905,null,16606.400000000001,16455.099999999999,33061.5,45,241,246.6,243.8,45,875.7,899.2,887.4,null,96.6,97.9,97.2,null,18105,17702,35807,null,17996.5,17635.900000000001,35632.400000000001,45,239.6,245.3,242.4,45,893.3,915.7,904.4,null,97.6,98.3,98,null,383,244,627,null,247.5,159.1,406.6,45,231.4,237.4,233.8,45,698.8,742.5,715.9,null,64.8,64.8,64.8]
["  Independent special schools and non-maintained special schools10",67,27,94,null,57.2,24.9,82.1,44,199.7,199,199.5,44,536.4,542.9,538.4,null,62.7,66.7,63.8,null,67,27,94,null,57.3,25,82.3,44,199.8,198.1,199.3,44,536.9,541.20000000000005,538.20000000000005,null,62.7,66.7,63.8,null,29,6,35,null,17.7,4,21.7,44,209.7,204.1,208.7,44,524.9,454.1,511.8,null,34.5,"x",31.4]
[]
["All schools",86473,100572,187045,null,80277.3,94243.199999999997,174520.6,47,216.2,221.3,218.9,47,796.6,815,806.5,null,91.6,94,92.9,null,88078,102166,190244,null,82843.8,97028.4,179872.2,47,216.2,221.2,218.9,47,804,821.9,813.7,null,92,94.2,93.2,null,22426,20068,42494,null,15814.2,13211.6,29025.8,47,220.3,231.7,225.5,47,652.20000000000005,703.8,675.7,null,65,60.5,62.9]
[]
["FE sector colleges",31716,42752,74468,null,29602.7,40294.800000000003,69897.5,48,202.6,210.9,207.4,48,754.6,784.1,771.6,null,91.7,93.8,92.9,null,31865,43059,74924,null,30052.7,41105.599999999999,71158.3,48,202.7,211,207.5,48,756,786.9,773.9,null,91.6,93.8,92.8,null,59832,59957,119789,null,57665.3,57675.4,115340.7,48,204.4,216,210.1,48,525,542,533.5,null,73.8,70.900000000000006,72.3]
[]
["  Sixth form colleges",22542,29427,51969,null,20976.400000000001,27668.6,48645.1,49,203.8,212.9,209,49,786.5,823.9,807.8,null,91.9,94.4,93.3,null,22596,29548,52144,null,21278.5,28185.1,49463.6,49,203.8,213.1,209.1,49,787.8,826,809.6,null,91.9,94.3,93.3,null,8328,7711,16039,null,6694.5,6040.9,12735.4,49,215.7,227.6,221.4,49,621.20000000000005,664.9,641.9,null,72.900000000000006,73.400000000000006,73.099999999999994]
["  Other FE sector colleges11",9174,13325,22499,null,8626.2000000000007,12626.2,21252.400000000001,50,199.6,206,203.4,50,677.1,696.7,688.8,null,91,92.6,91.9,null,9269,13511,22780,null,8774.2999999999993,12920.4,21694.7,50,199.4,205.8,203.2,50,679.1,701.6,692.5,null,90.8,92.5,91.8,null,51504,52246,103750,null,50970.7,51634.6,102605.3,50,202.7,214.4,208.5,50,512.4,527.6,520,null,73.900000000000006,70.5,72.2]
[]
["All schools and FE sector colleges",118189,143324,261513,null,109880,134538,244418,51,212.6,218.1,215.6,51,785.3,805.7,796.5,null,91.6,94,92.9,null,119943,145225,265168,null,112896.5,138134,251030.5,51,212.6,218.2,215.7,51,791.2,811.5,802.4,null,91.9,94.1,93.1,null,82258,80025,162283,null,73479.5,70887,144366.5,51,208.2,219.4,213.7,51,552.4,572.1,562.1,null,71.400000000000006,68.3,69.900000000000006]
[]
["1. Covers students at the end of advanced level study who were entered for at least one Level 3 qualification equal in size to an A level, Applied A level or Double Award A level in summer 2013."]
["3. Includes ungraded, no award (absent/declined) and pending."]
["3. A substantial advanced level academic or vocational qualification is defined as a qualification that is at least the size of an A level (180 guided learning hours per year), such as a BTEC Subsidiary Diploma (Level 3). To note, academic qualifications include A levels.  "]
["4. Covers GCE A level, Applied single award A level and Applied double award A level only."]
["5. An Applied GCE Double Award A level at grade A*A* counts as two grade A*s, AA counts as two grade As and an award at grade AB counts as one grade A."]
["6. Covers facilitating A level subjects: biology, chemistry, physics, mathematics, further mathematics, geography, history, English literature, modern and classical languages. Refer to the technical notes section of the SFR for an explanation of the methodology used to calculate the AAB indicator for facilitating subjects."]
["7. Academies (sponsor and converter mainstream); community, voluntary aided, voluntary controlled and foundation schools; city technology colleges (CTCs), free schools (mainstream, UTC, studio school, 16-19)."]
["8. Community, voluntary aided, voluntary controlled and foundation schools."]
["9. Community special, foundation special, community hospital and foundation hospital schools; PRUs; special academies; converter academy special schools."]
["10. Non-maintained special schools and independent schools approved to take pupils with special educational needs (SEN)."]
["11. Further education sector college (not sixth form college); other government department funded colleges; special colleges."]
[]
["Note: Where qualifications taken by a student are in the same subject area and similar in content, ‘discounting’ rules have been applied to avoid double counting qualifications. Refer to the Technical Notes section of the SFR."]

{"sheet":"Table 1d","index":6,"n_rows":52,"n_cols":20,"rows_kept":52,"cut":false,"hidden":false,"merged":[[4,1,4,15],[5,1,6,3],[5,5,6,7],[5,9,5,15],[5,17,6,19],[6,9,6,11],[6,13,6,15]]}
["Table 1d: Level 3 results1 of students2 aged 16 to 183 by institution type, cohort and gender "]
["Year: 2012/13 (Revised)",null,null,null,null,null,null,null,null,null,"1. A level cohort"]
["Coverage: England",null,null,null,null,null,null,null,null,null,"2. Academic cohort"]
[null,"1. A level cohort",null,{"$f":"IF(SelectCohort2=\"1. A level cohort\",1,IF(SelectCohort2=\"2. Academic cohort\",2,IF(SelectCohort2=\"3. Vocational cohort\",3)))","v":1},null,null,null,null,null,null,"3. Vocational cohort"]
[null,{"$f":"SelectCohort2","v":"1. A level cohort"}]
["                                                        Select Cohort:","Number of students",null,null,null,"Number of Full-Time Equivalents",null,null,null,"Average Point Score ",null,null,null,null,null,null,null,{"$f":"IF(SelectCohort2=\"1. A level cohort\",'Table 1d working'!R6:T7,IF(SelectCohort2=\"2. Academic cohort\",\"Percentage of students achieving at least 2 substantial level 3 academic qualifications\",\"Percentage of students achieving at least 2 substantial level 3 vocational qualifications\"))","v":"Percentage of students achieving at least 2 A level qualifications"}]
["Institution type",null,null,null,null,null,null,null,null,"Per Entry",null,null,null,"Per Full-Time Equivalent"]
[null,"Males","Females","Total",null,"Males","Females","Total",null,"Males","Females","Total",null,"Males","Females","Total",null,"Males","Females","Total"]
[]
["State-funded mainstream schools4",{"$f":"IF($D$4=1,'Table 1d Supp'!B10,IF($D$4=2,'Table 1d Supp'!V10,IF($D$4=3,'Table 1d Supp'!AP10)))","v":69333},{"$f":"IF($D$4=1,'Table 1d Supp'!C10,IF($D$4=2,'Table 1d Supp'!W10,IF($D$4=3,'Table 1d Supp'!AQ10)))","v":83701},{"$f":"IF($D$4=1,'Table 1d Supp'!D10,IF($D$4=2,'Table 1d Supp'!X10,IF($D$4=3,'Table 1d Supp'!AR10)))","v":153034},null,{"$f":"IF($D$4=1,'Table 1d Supp'!F10,IF($D$4=2,'Table 1d Supp'!Z10,IF($D$4=3,'Table 1d Supp'!AT10)))","v":63605.8},{"$f":"IF($D$4=1,'Table 1d Supp'!G10,IF($D$4=2,'Table 1d Supp'!AA10,IF($D$4=3,'Table 1d Supp'!AU10)))","v":77759.5},{"$f":"IF($D$4=1,'Table 1d Supp'!H10,IF($D$4=2,'Table 1d Supp'!AB10,IF($D$4=3,'Table 1d Supp'!AV10)))","v":141365.29999999999},null,{"$f":"IF($D$4=1,'Table 1d Supp'!J10,IF($D$4=2,'Table 1d Supp'!AD10,IF($D$4=3,'Table 1d Supp'!AX10)))","v":209.9},{"$f":"IF($D$4=1,'Table 1d Supp'!K10,IF($D$4=2,'Table 1d Supp'!AE10,IF($D$4=3,'Table 1d Supp'!AY10)))","v":216},{"$f":"IF($D$4=1,'Table 1d Supp'!L10,IF($D$4=2,'Table 1d Supp'!AF10,IF($D$4=3,'Table 1d Supp'!AZ10)))","v":213.2},null,{"$f":"IF($D$4=1,'Table 1d Supp'!N10,IF($D$4=2,'Table 1d Supp'!AH10,IF($D$4=3,'Table 1d Supp'!BB10)))","v":776.2},{"$f":"IF($D$4=1,'Table 1d Supp'!O10,IF($D$4=2,'Table 1d Supp'!AI10,IF($D$4=3,'Table 1d Supp'!BC10)))","v":797.2},{"$f":"IF($D$4=1,'Table 1d Supp'!P10,IF($D$4=2,'Table 1d Supp'!AJ10,IF($D$4=3,'Table 1d Supp'!BD10)))","v":787.8},null,{"$f":"IF($D$4=1,'Table 1d Supp'!R10,IF($D$4=2,'Table 1d Supp'!AL10,IF($D$4=3,'Table 1d Supp'!BF10)))","v":90.5},{"$f":"IF($D$4=1,'Table 1d Supp'!S10,IF($D$4=2,'Table 1d Supp'!AM10,IF($D$4=3,'Table 1d Supp'!BG10)))","v":93.3},{"$f":"IF($D$4=1,'Table 1d Supp'!T10,IF($D$4=2,'Table 1d Supp'!AN10,IF($D$4=3,'Table 1d Supp'!BH10)))","v":92}]
[]
["All state-funded schools5",{"$f":"IF($D$4=1,'Table 1d Supp'!B12,IF($D$4=2,'Table 1d Supp'!V12,IF($D$4=3,'Table 1d Supp'!AP12)))","v":69341},{"$f":"IF($D$4=1,'Table 1d Supp'!C12,IF($D$4=2,'Table 1d Supp'!W12,IF($D$4=3,'Table 1d Supp'!AQ12)))","v":83705},{"$f":"IF($D$4=1,'Table 1d Supp'!D12,IF($D$4=2,'Table 1d Supp'!X12,IF($D$4=3,'Table 1d Supp'!AR12)))","v":153046},null,{"$f":"IF($D$4=1,'Table 1d Supp'!F12,IF($D$4=2,'Table 1d Supp'!Z12,IF($D$4=3,'Table 1d Supp'!AT12)))","v":63613.8},{"$f":"IF($D$4=1,'Table 1d Supp'!G12,IF($D$4=2,'Table 1d Supp'!AA12,IF($D$4=3,'Table 1d Supp'!AU12)))","v":77763.199999999997},{"$f":"IF($D$4=1,'Table 1d Supp'!H12,IF($D$4=2,'Table 1d Supp'!AB12,IF($D$4=3,'Table 1d Supp'!AV12)))","v":141377},null,{"$f":"IF($D$4=1,'Table 1d Supp'!J12,IF($D$4=2,'Table 1d Supp'!AD12,IF($D$4=3,'Table 1d Supp'!AX12)))","v":209.9},{"$f":"IF($D$4=1,'Table 1d Supp'!K12,IF($D$4=2,'Table 1d Supp'!AE12,IF($D$4=3,'Table 1d Supp'!AY12)))","v":216},{"$f":"IF($D$4=1,'Table 1d Supp'!L12,IF($D$4=2,'Table 1d Supp'!AF12,IF($D$4=3,'Table 1d Supp'!AZ12)))","v":213.2},null,{"$f":"IF($D$4=1,'Table 1d Supp'!N12,IF($D$4=2,'Table 1d Supp'!AH12,IF($D$4=3,'Table 1d Supp'!BB12)))","v":776.2},{"$f":"IF($D$4=1,'Table 1d Supp'!O12,IF($D$4=2,'Table 1d Supp'!AI12,IF($D$4=3,'Table 1d Supp'!BC12)))","v":797.2},{"$f":"IF($D$4=1,'Table 1d Supp'!P12,IF($D$4=2,'Table 1d Supp'!AJ12,IF($D$4=3,'Table 1d Supp'!BD12)))","v":787.7},null,{"$f":"IF($D$4=1,'Table 1d Supp'!R12,IF($D$4=2,'Table 1d Supp'!AL12,IF($D$4=3,'Table 1d Supp'!BF12)))","v":90.5},{"$f":"IF($D$4=1,'Table 1d Supp'!S12,IF($D$4=2,'Table 1d Supp'!AM12,IF($D$4=3,'Table 1d Supp'!BG12)))","v":93.3},{"$f":"IF($D$4=1,'Table 1d Supp'!T12,IF($D$4=2,'Table 1d Supp'!AN12,IF($D$4=3,'Table 1d Supp'!BH12)))","v":92}]
["of which:"]
["  Local authority maintained mainstream schools6",{"$f":"IF($D$4=1,'Table 1d Supp'!B14,IF($D$4=2,'Table 1d Supp'!V14,IF($D$4=3,'Table 1d Supp'!AP14)))","v":28792},{"$f":"IF($D$4=1,'Table 1d Supp'!C14,IF($D$4=2,'Table 1d Supp'!W14,IF($D$4=3,'Table 1d Supp'!AQ14)))","v":34626},{"$f":"IF($D$4=1,'Table 1d Supp'!D14,IF($D$4=2,'Table 1d Supp'!X14,IF($D$4=3,'Table 1d Supp'!AR14)))","v":63418},null,{"$f":"IF($D$4=1,'Table 1d Supp'!F14,IF($D$4=2,'Table 1d Supp'!Z14,IF($D$4=3,'Table 1d Supp'!AT14)))","v":26326.400000000001},{"$f":"IF($D$4=1,'Table 1d Supp'!G14,IF($D$4=2,'Table 1d Supp'!AA14,IF($D$4=3,'Table 1d Supp'!AU14)))","v":32095.200000000001},{"$f":"IF($D$4=1,'Table 1d Supp'!H14,IF($D$4=2,'Table 1d Supp'!AB14,IF($D$4=3,'Table 1d Supp'!AV14)))","v":58421.5},null,{"$f":"IF($D$4=1,'Table 1d Supp'!J14,IF($D$4=2,'Table 1d Supp'!AD14,IF($D$4=3,'Table 1d Supp'!AX14)))","v":205.6},{"$f":"IF($D$4=1,'Table 1d Supp'!K14,IF($D$4=2,'Table 1d Supp'!AE14,IF($D$4=3,'Table 1d Supp'!AY14)))","v":211.7},{"$f":"IF($D$4=1,'Table 1d Supp'!L14,IF($D$4=2,'Table 1d Supp'!AF14,IF($D$4=3,'Table 1d Supp'!AZ14)))","v":208.9},null,{"$f":"IF($D$4=1,'Table 1d Supp'!N14,IF($D$4=2,'Table 1d Supp'!AH14,IF($D$4=3,'Table 1d Supp'!BB14)))","v":745.2},{"$f":"IF($D$4=1,'Table 1d Supp'!O14,IF($D$4=2,'Table 1d Supp'!AI14,IF($D$4=3,'Table 1d Supp'!BC14)))","v":766},{"$f":"IF($D$4=1,'Table 1d Supp'!P14,IF($D$4=2,'Table 1d Supp'!AJ14,IF($D$4=3,'Table 1d Supp'!BD14)))","v":756.6},null,{"$f":"IF($D$4=1,'Table 1d Supp'!R14,IF($D$4=2,'Table 1d Supp'!AL14,IF($D$4=3,'Table 1d Supp'!BF14)))","v":89.7},{"$f":"IF($D$4=1,'Table 1d Supp'!S14,IF($D$4=2,'Table 1d Supp'!AM14,IF($D$4=3,'Table 1d Supp'!BG14)))","v":92.7},{"$f":"IF($D$4=1,'Table 1d Supp'!T14,IF($D$4=2,'Table 1d Supp'!AN14,IF($D$4=3,'Table 1d Supp'!BH14)))","v":91.3}]
["  Sponsored academies",{"$f":"IF($D$4=1,'Table 1d Supp'!B15,IF($D$4=2,'Table 1d Supp'!V15,IF($D$4=3,'Table 1d Supp'!AP15)))","v":4445},{"$f":"IF($D$4=1,'Table 1d Supp'!C15,IF($D$4=2,'Table 1d Supp'!W15,IF($D$4=3,'Table 1d Supp'!AQ15)))","v":5412},{"$f":"IF($D$4=1,'Table 1d Supp'!D15,IF($D$4=2,'Table 1d Supp'!X15,IF($D$4=3,'Table 1d Supp'!AR15)))","v":9857},null,{"$f":"IF($D$4=1,'Table 1d Supp'!F15,IF($D$4=2,'Table 1d Supp'!Z15,IF($D$4=3,'Table 1d Supp'!AT15)))","v":3629.2},{"$f":"IF($D$4=1,'Table 1d Supp'!G15,IF($D$4=2,'Table 1d Supp'!AA15,IF($D$4=3,'Table 1d Supp'!AU15)))","v":4504.8999999999996},{"$f":"IF($D$4=1,'Table 1d Supp'!H15,IF($D$4=2,'Table 1d Supp'!AB15,IF($D$4=3,'Table 1d Supp'!AV15)))","v":8134.1},null,{"$f":"IF($D$4=1,'Table 1d Supp'!J15,IF($D$4=2,'Table 1d Supp'!AD15,IF($D$4=3,'Table 1d Supp'!AX15)))","v":195.2},{"$f":"IF($D$4=1,'Table 1d Supp'!K15,IF($D$4=2,'Table 1d Supp'!AE15,IF($D$4=3,'Table 1d Supp'!AY15)))","v":201.2},{"$f":"IF($D$4=1,'Table 1d Supp'!L15,IF($D$4=2,'Table 1d Supp'!AF15,IF($D$4=3,'Table 1d Supp'!AZ15)))","v":198.5},null,{"$f":"IF($D$4=1,'Table 1d Supp'!N15,IF($D$4=2,'Table 1d Supp'!AH15,IF($D$4=3,'Table 1d Supp'!BB15)))","v":677.4},{"$f":"IF($D$4=1,'Table 1d Supp'!O15,IF($D$4=2,'Table 1d Supp'!AI15,IF($D$4=3,'Table 1d Supp'!BC15)))","v":706.1},{"$f":"IF($D$4=1,'Table 1d Supp'!P15,IF($D$4=2,'Table 1d Supp'!AJ15,IF($D$4=3,'Table 1d Supp'!BD15)))","v":693.3},null,{"$f":"IF($D$4=1,'Table 1d Supp'!R15,IF($D$4=2,'Table 1d Supp'!AL15,IF($D$4=3,'Table 1d Supp'!BF15)))","v":76.599999999999994},{"$f":"IF($D$4=1,'Table 1d Supp'!S15,IF($D$4=2,'Table 1d Supp'!AM15,IF($D$4=3,'Table 1d Supp'!BG15)))","v":81.2},{"$f":"IF($D$4=1,'Table 1d Supp'!T15,IF($D$4=2,'Table 1d Supp'!AN15,IF($D$4=3,'Table 1d Supp'!BH15)))","v":79.099999999999994}]
["  Converter academies",{"$f":"IF($D$4=1,'Table 1d Supp'!B16,IF($D$4=2,'Table 1d Supp'!V16,IF($D$4=3,'Table 1d Supp'!AP16)))","v":35783},{"$f":"IF($D$4=1,'Table 1d Supp'!C16,IF($D$4=2,'Table 1d Supp'!W16,IF($D$4=3,'Table 1d Supp'!AQ16)))","v":43417},{"$f":"IF($D$4=1,'Table 1d Supp'!D16,IF($D$4=2,'Table 1d Supp'!X16,IF($D$4=3,'Table 1d Supp'!AR16)))","v":79200},null,{"$f":"IF($D$4=1,'Table 1d Supp'!F16,IF($D$4=2,'Table 1d Supp'!Z16,IF($D$4=3,'Table 1d Supp'!AT16)))","v":33401.5},{"$f":"IF($D$4=1,'Table 1d Supp'!G16,IF($D$4=2,'Table 1d Supp'!AA16,IF($D$4=3,'Table 1d Supp'!AU16)))","v":40986.6},{"$f":"IF($D$4=1,'Table 1d Supp'!H16,IF($D$4=2,'Table 1d Supp'!AB16,IF($D$4=3,'Table 1d Supp'!AV16)))","v":74388.100000000006},null,{"$f":"IF($D$4=1,'Table 1d Supp'!J16,IF($D$4=2,'Table 1d Supp'!AD16,IF($D$4=3,'Table 1d Supp'!AX16)))","v":214.6},{"$f":"IF($D$4=1,'Table 1d Supp'!K16,IF($D$4=2,'Table 1d Supp'!AE16,IF($D$4=3,'Table 1d Supp'!AY16)))","v":220.7},{"$f":"IF($D$4=1,'Table 1d Supp'!L16,IF($D$4=2,'Table 1d Supp'!AF16,IF($D$4=3,'Table 1d Supp'!AZ16)))","v":217.9},null,{"$f":"IF($D$4=1,'Table 1d Supp'!N16,IF($D$4=2,'Table 1d Supp'!AH16,IF($D$4=3,'Table 1d Supp'!BB16)))","v":811.1},{"$f":"IF($D$4=1,'Table 1d Supp'!O16,IF($D$4=2,'Table 1d Supp'!AI16,IF($D$4=3,'Table 1d Supp'!BC16)))","v":831.5},{"$f":"IF($D$4=1,'Table 1d Supp'!P16,IF($D$4=2,'Table 1d Supp'!AJ16,IF($D$4=3,'Table 1d Supp'!BD16)))","v":822.3},null,{"$f":"IF($D$4=1,'Table 1d Supp'!R16,IF($D$4=2,'Table 1d Supp'!AL16,IF($D$4=3,'Table 1d Supp'!BF16)))","v":93},{"$f":"IF($D$4=1,'Table 1d Supp'!S16,IF($D$4=2,'Table 1d Supp'!AM16,IF($D$4=3,'Table 1d Supp'!BG16)))","v":95.4},{"$f":"IF($D$4=1,'Table 1d Supp'!T16,IF($D$4=2,'Table 1d Supp'!AN16,IF($D$4=3,'Table 1d Supp'!BH16)))","v":94.3}]
["  Mainstream free schools, university technical colleges (UTCs) and studio schools",{"$f":"IF($D$4=1,'Table 1d Supp'!B17,IF($D$4=2,'Table 1d Supp'!V17,IF($D$4=3,'Table 1d Supp'!AP17)))","v":147},{"$f":"IF($D$4=1,'Table 1d Supp'!C17,IF($D$4=2,'Table 1d Supp'!W17,IF($D$4=3,'Table 1d Supp'!AQ17)))","v":30},{"$f":"IF($D$4=1,'Table 1d Supp'!D17,IF($D$4=2,'Table 1d Supp'!X17,IF($D$4=3,'Table 1d Supp'!AR17)))","v":177},null,{"$f":"IF($D$4=1,'Table 1d Supp'!F17,IF($D$4=2,'Table 1d Supp'!Z17,IF($D$4=3,'Table 1d Supp'!AT17)))","v":120.9},{"$f":"IF($D$4=1,'Table 1d Supp'!G17,IF($D$4=2,'Table 1d Supp'!AA17,IF($D$4=3,'Table 1d Supp'!AU17)))","v":26},{"$f":"IF($D$4=1,'Table 1d Supp'!H17,IF($D$4=2,'Table 1d Supp'!AB17,IF($D$4=3,'Table 1d Supp'!AV17)))","v":146.9},null,{"$f":"IF($D$4=1,'Table 1d Supp'!J17,IF($D$4=2,'Table 1d Supp'!AD17,IF($D$4=3,'Table 1d Supp'!AX17)))","v":202.7},{"$f":"IF($D$4=1,'Table 1d Supp'!K17,IF($D$4=2,'Table 1d Supp'!AE17,IF($D$4=3,'Table 1d Supp'!AY17)))","v":204.7},{"$f":"IF($D$4=1,'Table 1d Supp'!L17,IF($D$4=2,'Table 1d Supp'!AF17,IF($D$4=3,'Table 1d Supp'!AZ17)))","v":203},null,{"$f":"IF($D$4=1,'Table 1d Supp'!N17,IF($D$4=2,'Table 1d Supp'!AH17,IF($D$4=3,'Table 1d Supp'!BB17)))","v":765},{"$f":"IF($D$4=1,'Table 1d Supp'!O17,IF($D$4=2,'Table 1d Supp'!AI17,IF($D$4=3,'Table 1d Supp'!BC17)))","v":712.7},{"$f":"IF($D$4=1,'Table 1d Supp'!P17,IF($D$4=2,'Table 1d Supp'!AJ17,IF($D$4=3,'Table 1d Supp'!BD17)))","v":755.8},null,{"$f":"IF($D$4=1,'Table 1d Supp'!R17,IF($D$4=2,'Table 1d Supp'!AL17,IF($D$4=3,'Table 1d Supp'!BF17)))","v":79.599999999999994},{"$f":"IF($D$4=1,'Table 1d Supp'!S17,IF($D$4=2,'Table 1d Supp'!AM17,IF($D$4=3,'Table 1d Supp'!BG17)))","v":83.3},{"$f":"IF($D$4=1,'Table 1d Supp'!T17,IF($D$4=2,'Table 1d Supp'!AN17,IF($D$4=3,'Table 1d Supp'!BH17)))","v":80.2}]
["  State-funded special schools, hospital schools, pupil referral units (PRUs) and alternative provision (AP) free schools7",{"$f":"IF($D$4=1,'Table 1d Supp'!B18,IF($D$4=2,'Table 1d Supp'!V18,IF($D$4=3,'Table 1d Supp'!AP18)))","v":8},{"$f":"IF($D$4=1,'Table 1d Supp'!C18,IF($D$4=2,'Table 1d Supp'!W18,IF($D$4=3,'Table 1d Supp'!AQ18)))","v":4},{"$f":"IF($D$4=1,'Table 1d Supp'!D18,IF($D$4=2,'Table 1d Supp'!X18,IF($D$4=3,'Table 1d Supp'!AR18)))","v":12},null,{"$f":"IF($D$4=1,'Table 1d Supp'!F18,IF($D$4=2,'Table 1d Supp'!Z18,IF($D$4=3,'Table 1d Supp'!AT18)))","v":8},{"$f":"IF($D$4=1,'Table 1d Supp'!G18,IF($D$4=2,'Table 1d Supp'!AA18,IF($D$4=3,'Table 1d Supp'!AU18)))","v":3.7},{"$f":"IF($D$4=1,'Table 1d Supp'!H18,IF($D$4=2,'Table 1d Supp'!AB18,IF($D$4=3,'Table 1d Supp'!AV18)))","v":11.7},null,{"$f":"IF($D$4=1,'Table 1d Supp'!J18,IF($D$4=2,'Table 1d Supp'!AD18,IF($D$4=3,'Table 1d Supp'!AX18)))","v":196.7},{"$f":"IF($D$4=1,'Table 1d Supp'!K18,IF($D$4=2,'Table 1d Supp'!AE18,IF($D$4=3,'Table 1d Supp'!AY18)))","v":152.30000000000001},{"$f":"IF($D$4=1,'Table 1d Supp'!L18,IF($D$4=2,'Table 1d Supp'!AF18,IF($D$4=3,'Table 1d Supp'!AZ18)))","v":184.9},null,{"$f":"IF($D$4=1,'Table 1d Supp'!N18,IF($D$4=2,'Table 1d Supp'!AH18,IF($D$4=3,'Table 1d Supp'!BB18)))","v":442.5},{"$f":"IF($D$4=1,'Table 1d Supp'!O18,IF($D$4=2,'Table 1d Supp'!AI18,IF($D$4=3,'Table 1d Supp'!BC18)))","v":266.5},{"$f":"IF($D$4=1,'Table 1d Supp'!P18,IF($D$4=2,'Table 1d Supp'!AJ18,IF($D$4=3,'Table 1d Supp'!BD18)))","v":386.7},null,{"$f":"IF($D$4=1,'Table 1d Supp'!R18,IF($D$4=2,'Table 1d Supp'!AL18,IF($D$4=3,'Table 1d Supp'!BF18)))","v":37.5},{"$f":"IF($D$4=1,'Table 1d Supp'!S18,IF($D$4=2,'Table 1d Supp'!AM18,IF($D$4=3,'Table 1d Supp'!BG18)))","v":"x"},{"$f":"IF($D$4=1,'Table 1d Supp'!T18,IF($D$4=2,'Table 1d Supp'!AN18,IF($D$4=3,'Table 1d Supp'!BH18)))","v":33.299999999999997}]
[]
["Independent schools",{"$f":"IF($D$4=1,'Table 1d Supp'!B20,IF($D$4=2,'Table 1d Supp'!V20,IF($D$4=3,'Table 1d Supp'!AP20)))","v":17132},{"$f":"IF($D$4=1,'Table 1d Supp'!C20,IF($D$4=2,'Table 1d Supp'!W20,IF($D$4=3,'Table 1d Supp'!AQ20)))","v":16867},{"$f":"IF($D$4=1,'Table 1d Supp'!D20,IF($D$4=2,'Table 1d Supp'!X20,IF($D$4=3,'Table 1d Supp'!AR20)))","v":33999},null,{"$f":"IF($D$4=1,'Table 1d Supp'!F20,IF($D$4=2,'Table 1d Supp'!Z20,IF($D$4=3,'Table 1d Supp'!AT20)))","v":16663.5},{"$f":"IF($D$4=1,'Table 1d Supp'!G20,IF($D$4=2,'Table 1d Supp'!AA20,IF($D$4=3,'Table 1d Supp'!AU20)))","v":16480},{"$f":"IF($D$4=1,'Table 1d Supp'!H20,IF($D$4=2,'Table 1d Supp'!AB20,IF($D$4=3,'Table 1d Supp'!AV20)))","v":33143.599999999999},null,{"$f":"IF($D$4=1,'Table 1d Supp'!J20,IF($D$4=2,'Table 1d Supp'!AD20,IF($D$4=3,'Table 1d Supp'!AX20)))","v":240.9},{"$f":"IF($D$4=1,'Table 1d Supp'!K20,IF($D$4=2,'Table 1d Supp'!AE20,IF($D$4=3,'Table 1d Supp'!AY20)))","v":246.6},{"$f":"IF($D$4=1,'Table 1d Supp'!L20,IF($D$4=2,'Table 1d Supp'!AF20,IF($D$4=3,'Table 1d Supp'!AZ20)))","v":243.7},null,{"$f":"IF($D$4=1,'Table 1d Supp'!N20,IF($D$4=2,'Table 1d Supp'!AH20,IF($D$4=3,'Table 1d Supp'!BB20)))","v":874.5},{"$f":"IF($D$4=1,'Table 1d Supp'!O20,IF($D$4=2,'Table 1d Supp'!AI20,IF($D$4=3,'Table 1d Supp'!BC20)))","v":898.6},{"$f":"IF($D$4=1,'Table 1d Supp'!P20,IF($D$4=2,'Table 1d Supp'!AJ20,IF($D$4=3,'Table 1d Supp'!BD20)))","v":886.5},null,{"$f":"IF($D$4=1,'Table 1d Supp'!R20,IF($D$4=2,'Table 1d Supp'!AL20,IF($D$4=3,'Table 1d Supp'!BF20)))","v":96.4},{"$f":"IF($D$4=1,'Table 1d Supp'!S20,IF($D$4=2,'Table 1d Supp'!AM20,IF($D$4=3,'Table 1d Supp'!BG20)))","v":97.8},{"$f":"IF($D$4=1,'Table 1d Supp'!T20,IF($D$4=2,'Table 1d Supp'!AN20,IF($D$4=3,'Table 1d Supp'!BH20)))","v":97.1}]
["of which:"]
["  Independent schools",{"$f":"IF($D$4=1,'Table 1d Supp'!B22,IF($D$4=2,'Table 1d Supp'!V22,IF($D$4=3,'Table 1d Supp'!AP22)))","v":17065},{"$f":"IF($D$4=1,'Table 1d Supp'!C22,IF($D$4=2,'Table 1d Supp'!W22,IF($D$4=3,'Table 1d Supp'!AQ22)))","v":16840},{"$f":"IF($D$4=1,'Table 1d Supp'!D22,IF($D$4=2,'Table 1d Supp'!X22,IF($D$4=3,'Table 1d Supp'!AR22)))","v":33905},null,{"$f":"IF($D$4=1,'Table 1d Supp'!F22,IF($D$4=2,'Table 1d Supp'!Z22,IF($D$4=3,'Table 1d Supp'!AT22)))","v":16606.400000000001},{"$f":"IF($D$4=1,'Table 1d Supp'!G22,IF($D$4=2,'Table 1d Supp'!AA22,IF($D$4=3,'Table 1d Supp'!AU22)))","v":16455.099999999999},{"$f":"IF($D$4=1,'Table 1d Supp'!H22,IF($D$4=2,'Table 1d Supp'!AB22,IF($D$4=3,'Table 1d Supp'!AV22)))","v":33061.5},null,{"$f":"IF($D$4=1,'Table 1d Supp'!J22,IF($D$4=2,'Table 1d Supp'!AD22,IF($D$4=3,'Table 1d Supp'!AX22)))","v":241},{"$f":"IF($D$4=1,'Table 1d Supp'!K22,IF($D$4=2,'Table 1d Supp'!AE22,IF($D$4=3,'Table 1d Supp'!AY22)))","v":246.6},{"$f":"IF($D$4=1,'Table 1d Supp'!L22,IF($D$4=2,'Table 1d Supp'!AF22,IF($D$4=3,'Table 1d Supp'!AZ22)))","v":243.8},null,{"$f":"IF($D$4=1,'Table 1d Supp'!N22,IF($D$4=2,'Table 1d Supp'!AH22,IF($D$4=3,'Table 1d Supp'!BB22)))","v":875.7},{"$f":"IF($D$4=1,'Table 1d Supp'!O22,IF($D$4=2,'Table 1d Supp'!AI22,IF($D$4=3,'Table 1d Supp'!BC22)))","v":899.2},{"$f":"IF($D$4=1,'Table 1d Supp'!P22,IF($D$4=2,'Table 1d Supp'!AJ22,IF($D$4=3,'Table 1d Supp'!BD22)))","v":887.4},null,{"$f":"IF($D$4=1,'Table 1d Supp'!R22,IF($D$4=2,'Table 1d Supp'!AL22,IF($D$4=3,'Table 1d Supp'!BF22)))","v":96.6},{"$f":"IF($D$4=1,'Table 1d Supp'!S22,IF($D$4=2,'Table 1d Supp'!AM22,IF($D$4=3,'Table 1d Supp'!BG22)))","v":97.9},{"$f":"IF($D$4=1,'Table 1d Supp'!T22,IF($D$4=2,'Table 1d Supp'!AN22,IF($D$4=3,'Table 1d Supp'!BH22)))","v":97.2}]
["  Independent special schools and non-maintained special schools8",{"$f":"IF($D$4=1,'Table 1d Supp'!B23,IF($D$4=2,'Table 1d Supp'!V23,IF($D$4=3,'Table 1d Supp'!AP23)))","v":67},{"$f":"IF($D$4=1,'Table 1d Supp'!C23,IF($D$4=2,'Table 1d Supp'!W23,IF($D$4=3,'Table 1d Supp'!AQ23)))","v":27},{"$f":"IF($D$4=1,'Table 1d Supp'!D23,IF($D$4=2,'Table 1d Supp'!X23,IF($D$4=3,'Table 1d Supp'!AR23)))","v":94},null,{"$f":"IF($D$4=1,'Table 1d Supp'!F23,IF($D$4=2,'Table 1d Supp'!Z23,IF($D$4=3,'Table 1d Supp'!AT23)))","v":57.2},{"$f":"IF($D$4=1,'Table 1d Supp'!G23,IF($D$4=2,'Table 1d Supp'!AA23,IF($D$4=3,'Table 1d Supp'!AU23)))","v":24.9},{"$f":"IF($D$4=1,'Table 1d Supp'!H23,IF($D$4=2,'Table 1d Supp'!AB23,IF($D$4=3,'Table 1d Supp'!AV23)))","v":82.1},null,{"$f":"IF($D$4=1,'Table 1d Supp'!J23,IF($D$4=2,'Table 1d Supp'!AD23,IF($D$4=3,'Table 1d Supp'!AX23)))","v":199.7},{"$f":"IF($D$4=1,'Table 1d Supp'!K23,IF($D$4=2,'Table 1d Supp'!AE23,IF($D$4=3,'Table 1d Supp'!AY23)))","v":199},{"$f":"IF($D$4=1,'Table 1d Supp'!L23,IF($D$4=2,'Table 1d Supp'!AF23,IF($D$4=3,'Table 1d Supp'!AZ23)))","v":199.5},null,{"$f":"IF($D$4=1,'Table 1d Supp'!N23,IF($D$4=2,'Table 1d Supp'!AH23,IF($D$4=3,'Table 1d Supp'!BB23)))","v":536.4},{"$f":"IF($D$4=1,'Table 1d Supp'!O23,IF($D$4=2,'Table 1d Supp'!AI23,IF($D$4=3,'Table 1d Supp'!BC23)))","v":542.9},{"$f":"IF($D$4=1,'Table 1d Supp'!P23,IF($D$4=2,'Table 1d Supp'!AJ23,IF($D$4=3,'Table 1d Supp'!BD23)))","v":538.4},null,{"$f":"IF($D$4=1,'Table 1d Supp'!R23,IF($D$4=2,'Table 1d Supp'!AL23,IF($D$4=3,'Table 1d Supp'!BF23)))","v":62.7},{"$f":"IF($D$4=1,'Table 1d Supp'!S23,IF($D$4=2,'Table 1d Supp'!AM23,IF($D$4=3,'Table 1d Supp'!BG23)))","v":66.7},{"$f":"IF($D$4=1,'Table 1d Supp'!T23,IF($D$4=2,'Table 1d Supp'!AN23,IF($D$4=3,'Table 1d Supp'!BH23)))","v":63.8}]
[]
["All schools",{"$f":"IF($D$4=1,'Table 1d Supp'!B25,IF($D$4=2,'Table 1d Supp'!V25,IF($D$4=3,'Table 1d Supp'!AP25)))","v":86473},{"$f":"IF($D$4=1,'Table 1d Supp'!C25,IF($D$4=2,'Table 1d Supp'!W25,IF($D$4=3,'Table 1d Supp'!AQ25)))","v":100572},{"$f":"IF($D$4=1,'Table 1d Supp'!D25,IF($D$4=2,'Table 1d Supp'!X25,IF($D$4=3,'Table 1d Supp'!AR25)))","v":187045},null,{"$f":"IF($D$4=1,'Table 1d Supp'!F25,IF($D$4=2,'Table 1d Supp'!Z25,IF($D$4=3,'Table 1d Supp'!AT25)))","v":80277.3},{"$f":"IF($D$4=1,'Table 1d Supp'!G25,IF($D$4=2,'Table 1d Supp'!AA25,IF($D$4=3,'Table 1d Supp'!AU25)))","v":94243.199999999997},{"$f":"IF($D$4=1,'Table 1d Supp'!H25,IF($D$4=2,'Table 1d Supp'!AB25,IF($D$4=3,'Table 1d Supp'!AV25)))","v":174520.6},null,{"$f":"IF($D$4=1,'Table 1d Supp'!J25,IF($D$4=2,'Table 1d Supp'!AD25,IF($D$4=3,'Table 1d Supp'!AX25)))","v":216.2},{"$f":"IF($D$4=1,'Table 1d Supp'!K25,IF($D$4=2,'Table 1d Supp'!AE25,IF($D$4=3,'Table 1d Supp'!AY25)))","v":221.3},{"$f":"IF($D$4=1,'Table 1d Supp'!L25,IF($D$4=2,'Table 1d Supp'!AF25,IF($D$4=3,'Table 1d Supp'!AZ25)))","v":218.9},null,{"$f":"IF($D$4=1,'Table 1d Supp'!N25,IF($D$4=2,'Table 1d Supp'!AH25,IF($D$4=3,'Table 1d Supp'!BB25)))","v":796.6},{"$f":"IF($D$4=1,'Table 1d Supp'!O25,IF($D$4=2,'Table 1d Supp'!AI25,IF($D$4=3,'Table 1d Supp'!BC25)))","v":815},{"$f":"IF($D$4=1,'Table 1d Supp'!P25,IF($D$4=2,'Table 1d Supp'!AJ25,IF($D$4=3,'Table 1d Supp'!BD25)))","v":806.5},null,{"$f":"IF($D$4=1,'Table 1d Supp'!R25,IF($D$4=2,'Table 1d Supp'!AL25,IF($D$4=3,'Table 1d Supp'!BF25)))","v":91.6},{"$f":"IF($D$4=1,'Table 1d Supp'!S25,IF($D$4=2,'Table 1d Supp'!AM25,IF($D$4=3,'Table 1d Supp'!BG25)))","v":94},{"$f":"IF($D$4=1,'Table 1d Supp'!T25,IF($D$4=2,'Table 1d Supp'!AN25,IF($D$4=3,'Table 1d Supp'!BH25)))","v":92.9}]
[]
["FE sector colleges",{"$f":"IF($D$4=1,'Table 1d Supp'!B27,IF($D$4=2,'Table 1d Supp'!V27,IF($D$4=3,'Table 1d Supp'!AP27)))","v":31716},{"$f":"IF($D$4=1,'Table 1d Supp'!C27,IF($D$4=2,'Table 1d Supp'!W27,IF($D$4=3,'Table 1d Supp'!AQ27)))","v":42752},{"$f":"IF($D$4=1,'Table 1d Supp'!D27,IF($D$4=2,'Table 1d Supp'!X27,IF($D$4=3,'Table 1d Supp'!AR27)))","v":74468},null,{"$f":"IF($D$4=1,'Table 1d Supp'!F27,IF($D$4=2,'Table 1d Supp'!Z27,IF($D$4=3,'Table 1d Supp'!AT27)))","v":29602.7},{"$f":"IF($D$4=1,'Table 1d Supp'!G27,IF($D$4=2,'Table 1d Supp'!AA27,IF($D$4=3,'Table 1d Supp'!AU27)))","v":40294.800000000003},{"$f":"IF($D$4=1,'Table 1d Supp'!H27,IF($D$4=2,'Table 1d Supp'!AB27,IF($D$4=3,'Table 1d Supp'!AV27)))","v":69897.5},null,{"$f":"IF($D$4=1,'Table 1d Supp'!J27,IF($D$4=2,'Table 1d Supp'!AD27,IF($D$4=3,'Table 1d Supp'!AX27)))","v":202.6},{"$f":"IF($D$4=1,'Table 1d Supp'!K27,IF($D$4=2,'Table 1d Supp'!AE27,IF($D$4=3,'Table 1d Supp'!AY27)))","v":210.9},{"$f":"IF($D$4=1,'Table 1d Supp'!L27,IF($D$4=2,'Table 1d Supp'!AF27,IF($D$4=3,'Table 1d Supp'!AZ27)))","v":207.4},null,{"$f":"IF($D$4=1,'Table 1d Supp'!N27,IF($D$4=2,'Table 1d Supp'!AH27,IF($D$4=3,'Table 1d Supp'!BB27)))","v":754.6},{"$f":"IF($D$4=1,'Table 1d Supp'!O27,IF($D$4=2,'Table 1d Supp'!AI27,IF($D$4=3,'Table 1d Supp'!BC27)))","v":784.1},{"$f":"IF($D$4=1,'Table 1d Supp'!P27,IF($D$4=2,'Table 1d Supp'!AJ27,IF($D$4=3,'Table 1d Supp'!BD27)))","v":771.6},null,{"$f":"IF($D$4=1,'Table 1d Supp'!R27,IF($D$4=2,'Table 1d Supp'!AL27,IF($D$4=3,'Table 1d Supp'!BF27)))","v":91.7},{"$f":"IF($D$4=1,'Table 1d Supp'!S27,IF($D$4=2,'Table 1d Supp'!AM27,IF($D$4=3,'Table 1d Supp'!BG27)))","v":93.8},{"$f":"IF($D$4=1,'Table 1d Supp'!T27,IF($D$4=2,'Table 1d Supp'!AN27,IF($D$4=3,'Table 1d Supp'!BH27)))","v":92.9}]
["of which:"]
["  Sixth form colleges",{"$f":"IF($D$4=1,'Table 1d Supp'!B29,IF($D$4=2,'Table 1d Supp'!V29,IF($D$4=3,'Table 1d Supp'!AP29)))","v":22542},{"$f":"IF($D$4=1,'Table 1d Supp'!C29,IF($D$4=2,'Table 1d Supp'!W29,IF($D$4=3,'Table 1d Supp'!AQ29)))","v":29427},{"$f":"IF($D$4=1,'Table 1d Supp'!D29,IF($D$4=2,'Table 1d Supp'!X29,IF($D$4=3,'Table 1d Supp'!AR29)))","v":51969},null,{"$f":"IF($D$4=1,'Table 1d Supp'!F29,IF($D$4=2,'Table 1d Supp'!Z29,IF($D$4=3,'Table 1d Supp'!AT29)))","v":20976.400000000001},{"$f":"IF($D$4=1,'Table 1d Supp'!G29,IF($D$4=2,'Table 1d Supp'!AA29,IF($D$4=3,'Table 1d Supp'!AU29)))","v":27668.6},{"$f":"IF($D$4=1,'Table 1d Supp'!H29,IF($D$4=2,'Table 1d Supp'!AB29,IF($D$4=3,'Table 1d Supp'!AV29)))","v":48645.1},null,{"$f":"IF($D$4=1,'Table 1d Supp'!J29,IF($D$4=2,'Table 1d Supp'!AD29,IF($D$4=3,'Table 1d Supp'!AX29)))","v":203.8},{"$f":"IF($D$4=1,'Table 1d Supp'!K29,IF($D$4=2,'Table 1d Supp'!AE29,IF($D$4=3,'Table 1d Supp'!AY29)))","v":212.9},{"$f":"IF($D$4=1,'Table 1d Supp'!L29,IF($D$4=2,'Table 1d Supp'!AF29,IF($D$4=3,'Table 1d Supp'!AZ29)))","v":209},null,{"$f":"IF($D$4=1,'Table 1d Supp'!N29,IF($D$4=2,'Table 1d Supp'!AH29,IF($D$4=3,'Table 1d Supp'!BB29)))","v":786.5},{"$f":"IF($D$4=1,'Table 1d Supp'!O29,IF($D$4=2,'Table 1d Supp'!AI29,IF($D$4=3,'Table 1d Supp'!BC29)))","v":823.9},{"$f":"IF($D$4=1,'Table 1d Supp'!P29,IF($D$4=2,'Table 1d Supp'!AJ29,IF($D$4=3,'Table 1d Supp'!BD29)))","v":807.8},null,{"$f":"IF($D$4=1,'Table 1d Supp'!R29,IF($D$4=2,'Table 1d Supp'!AL29,IF($D$4=3,'Table 1d Supp'!BF29)))","v":91.9},{"$f":"IF($D$4=1,'Table 1d Supp'!S29,IF($D$4=2,'Table 1d Supp'!AM29,IF($D$4=3,'Table 1d Supp'!BG29)))","v":94.4},{"$f":"IF($D$4=1,'Table 1d Supp'!T29,IF($D$4=2,'Table 1d Supp'!AN29,IF($D$4=3,'Table 1d Supp'!BH29)))","v":93.3}]
["  Other FE sector colleges9",{"$f":"IF($D$4=1,'Table 1d Supp'!B30,IF($D$4=2,'Table 1d Supp'!V30,IF($D$4=3,'Table 1d Supp'!AP30)))","v":9174},{"$f":"IF($D$4=1,'Table 1d Supp'!C30,IF($D$4=2,'Table 1d Supp'!W30,IF($D$4=3,'Table 1d Supp'!AQ30)))","v":13325},{"$f":"IF($D$4=1,'Table 1d Supp'!D30,IF($D$4=2,'Table 1d Supp'!X30,IF($D$4=3,'Table 1d Supp'!AR30)))","v":22499},null,{"$f":"IF($D$4=1,'Table 1d Supp'!F30,IF($D$4=2,'Table 1d Supp'!Z30,IF($D$4=3,'Table 1d Supp'!AT30)))","v":8626.2000000000007},{"$f":"IF($D$4=1,'Table 1d Supp'!G30,IF($D$4=2,'Table 1d Supp'!AA30,IF($D$4=3,'Table 1d Supp'!AU30)))","v":12626.2},{"$f":"IF($D$4=1,'Table 1d Supp'!H30,IF($D$4=2,'Table 1d Supp'!AB30,IF($D$4=3,'Table 1d Supp'!AV30)))","v":21252.400000000001},null,{"$f":"IF($D$4=1,'Table 1d Supp'!J30,IF($D$4=2,'Table 1d Supp'!AD30,IF($D$4=3,'Table 1d Supp'!AX30)))","v":199.6},{"$f":"IF($D$4=1,'Table 1d Supp'!K30,IF($D$4=2,'Table 1d Supp'!AE30,IF($D$4=3,'Table 1d Supp'!AY30)))","v":206},{"$f":"IF($D$4=1,'Table 1d Supp'!L30,IF($D$4=2,'Table 1d Supp'!AF30,IF($D$4=3,'Table 1d Supp'!AZ30)))","v":203.4},null,{"$f":"IF($D$4=1,'Table 1d Supp'!N30,IF($D$4=2,'Table 1d Supp'!AH30,IF($D$4=3,'Table 1d Supp'!BB30)))","v":677.1},{"$f":"IF($D$4=1,'Table 1d Supp'!O30,IF($D$4=2,'Table 1d Supp'!AI30,IF($D$4=3,'Table 1d Supp'!BC30)))","v":696.7},{"$f":"IF($D$4=1,'Table 1d Supp'!P30,IF($D$4=2,'Table 1d Supp'!AJ30,IF($D$4=3,'Table 1d Supp'!BD30)))","v":688.8},null,{"$f":"IF($D$4=1,'Table 1d Supp'!R30,IF($D$4=2,'Table 1d Supp'!AL30,IF($D$4=3,'Table 1d Supp'!BF30)))","v":91},{"$f":"IF($D$4=1,'Table 1d Supp'!S30,IF($D$4=2,'Table 1d Supp'!AM30,IF($D$4=3,'Table 1d Supp'!BG30)))","v":92.6},{"$f":"IF($D$4=1,'Table 1d Supp'!T30,IF($D$4=2,'Table 1d Supp'!AN30,IF($D$4=3,'Table 1d Supp'!BH30)))","v":91.9}]
[]
["All schools and FE sector colleges",{"$f":"IF($D$4=1,'Table 1d Supp'!B32,IF($D$4=2,'Table 1d Supp'!V32,IF($D$4=3,'Table 1d Supp'!AP32)))","v":118189},{"$f":"IF($D$4=1,'Table 1d Supp'!C32,IF($D$4=2,'Table 1d Supp'!W32,IF($D$4=3,'Table 1d Supp'!AQ32)))","v":143324},{"$f":"IF($D$4=1,'Table 1d Supp'!D32,IF($D$4=2,'Table 1d Supp'!X32,IF($D$4=3,'Table 1d Supp'!AR32)))","v":261513},null,{"$f":"IF($D$4=1,'Table 1d Supp'!F32,IF($D$4=2,'Table 1d Supp'!Z32,IF($D$4=3,'Table 1d Supp'!AT32)))","v":109880},{"$f":"IF($D$4=1,'Table 1d Supp'!G32,IF($D$4=2,'Table 1d Supp'!AA32,IF($D$4=3,'Table 1d Supp'!AU32)))","v":134538},{"$f":"IF($D$4=1,'Table 1d Supp'!H32,IF($D$4=2,'Table 1d Supp'!AB32,IF($D$4=3,'Table 1d Supp'!AV32)))","v":244418},null,{"$f":"IF($D$4=1,'Table 1d Supp'!J32,IF($D$4=2,'Table 1d Supp'!AD32,IF($D$4=3,'Table 1d Supp'!AX32)))","v":212.6},{"$f":"IF($D$4=1,'Table 1d Supp'!K32,IF($D$4=2,'Table 1d Supp'!AE32,IF($D$4=3,'Table 1d Supp'!AY32)))","v":218.1},{"$f":"IF($D$4=1,'Table 1d Supp'!L32,IF($D$4=2,'Table 1d Supp'!AF32,IF($D$4=3,'Table 1d Supp'!AZ32)))","v":215.6},null,{"$f":"IF($D$4=1,'Table 1d Supp'!N32,IF($D$4=2,'Table 1d Supp'!AH32,IF($D$4=3,'Table 1d Supp'!BB32)))","v":785.3},{"$f":"IF($D$4=1,'Table 1d Supp'!O32,IF($D$4=2,'Table 1d Supp'!AI32,IF($D$4=3,'Table 1d Supp'!BC32)))","v":805.7},{"$f":"IF($D$4=1,'Table 1d Supp'!P32,IF($D$4=2,'Table 1d Supp'!AJ32,IF($D$4=3,'Table 1d Supp'!BD32)))","v":796.5},null,{"$f":"IF($D$4=1,'Table 1d Supp'!R32,IF($D$4=2,'Table 1d Supp'!AL32,IF($D$4=3,'Table 1d Supp'!BF32)))","v":91.6},{"$f":"IF($D$4=1,'Table 1d Supp'!S32,IF($D$4=2,'Table 1d Supp'!AM32,IF($D$4=3,'Table 1d Supp'!BG32)))","v":94},{"$f":"IF($D$4=1,'Table 1d Supp'!T32,IF($D$4=2,'Table 1d Supp'!AN32,IF($D$4=3,'Table 1d Supp'!BH32)))","v":92.9}]
[null,null,null,null,null,null,null,null,null,null,null,null,null,null,null,null,null,null,null,"Source: 2012/13 Key Stage 5 attainment data (revised)"]
["1. Cumulative results achieved in the 2011/12 and 2012/13 academic years."]
["2. Covers students at the end of advanced level study who were entered for at least one substantial Level 3 qualification in the 2012/13 academic year."]
["3. Covers students aged 16, 17 or 18 at the start of the 2012/13 academic year, i.e. 31 August 2012."]
["4. Academies (sponsor and converter mainstream); community, voluntary aided, voluntary controlled and foundation schools; city technology colleges (CTCs), free schools (mainstream, UTC, studio school, 16-19)."]
["5. All state-funded schools figures include CTCs. Separate figures for CTCs are not shown in the table."]
["6. Community, voluntary aided, voluntary controlled and foundation schools."]
["7. Community special, foundation special, community hospital and foundation hospital schools; PRUs; special academies; converter academy special schools; special free schools; and AP free schools."]
["8. Independent special schools, independent schools approved to take pupils with special educational needs (SEN) and non-maintained special schools."]
["9. Further education sector colleges; other government department funded colleges; and special colleges."]
[]
["x Percentages have been suppressed where underlying figures are less than 3."]
["Notes: Where qualifications taken by a student are in the same subject area and similar in content, ‘discounting’ rules have been applied to avoid double counting qualifications. Refer to the Technical Notes section of the SFR."]
["Refer to the Technical Notes section of the SFR for more information on Full-Time Equivalent and cohorts."]
["‘Substantial’ advanced level academic qualifications are defined as qualifications that are at least the size of an A level (180 guided learning hours per year), for example a Pre-U principal certificate. "]
["If an academic qualification is similar in size to 2 A levels it will be counted as 2 substantial qualifications."]
["‘Substantial’ advanced level vocational qualifications are defined as qualifications that are at least the size of an A level (180 guided learning hours per year), for example a BTEC subsidiary Diploma (Level 3)."]
["If a vocational qualification is similar in size to 2 A levels it will be counted as 2 substantial qualifications."]
[]
["See the SFR technical notes for more information on the cohorts and new indicators"]

{"sheet":"Table 2","index":7,"n_rows":74,"n_cols":14,"rows_kept":74,"cut":false,"hidden":false,"merged":[[4,1,4,9],[5,1,5,9],[5,10,6,10]]}
["Table 2: GCE A level examination results1 of students aged 16 to 182 by subject and grade"]
["Year: 2012/13 (Revised)"]
["Coverage: England"]
[]
[null,"Males and Females"]
["Subject","Percentage achieving grade",null,null,null,null,null,null,null,null,"Number of entries"]
[null,"A*","A","B","C","D","E","Other3","A*-A ","A*-E "]
[]
["Biological Sciences",8.3000000000000007,20.6,24.4,21.1,15.4,8.6,1.6,28.8,98.4,57235]
["Chemistry",8.4,25.6,27.3,18.8,12.1,6.4,1.4,34,98.6,47321]
["Physics",9.9,21.9,23.5,19.399999999999999,14.2,9,2.1,31.9,97.9,31908]
["Other Science",6.9,17.600000000000001,25.1,23.3,16.399999999999999,8.3000000000000007,2.2999999999999998,24.5,97.7,4181,null,null,176408]
[null,null,null,null,null,null,null,null,null,null,null,null,null,154852]
["Mathematics",17.100000000000001,26.5,22.2,16.2,10.8,5.8,1.3,43.7,98.7,80567]
["Further Mathematics",28.1,29.7,21.7,11.4,5.7,2.8,0.6,57.8,99.4,12881]
[]
["Design and Technology",3.8,13.8,25.6,27.3,19.5,8.5,1.6,17.600000000000001,98.4,12468]
["Computer Studies",3.6,13.4,21.3,24.7,20.7,13.4,2.9,17,97.1,3399]
["ICT4",1.7,8.5,22.5,30.5,22.9,12.1,1.8,10.199999999999999,98.2,7696]
[]
["Home Economics",1.8,14.5,20.8,28.1,21.8,8.8000000000000007,4.2,16.3,95.8,331]
[]
["Accounting and Finance",1.7,13,23.2,25.8,20.8,11.5,4.0999999999999996,14.7,95.9,3118]
["Business Studies",3.2,12.6,28.5,30.3,17.899999999999999,6.5,1.1000000000000001,15.8,98.9,27038]
["Economics",7.7,26.7,29.2,20.5,10.8,4.3,0.7,34.4,99.3,23117]
["Geography",6.1,23.4,29.4,24.3,12.4,3.9,0.5,29.5,99.5,29719]
["Government and Politics",7.4,23.3,28.8,22.6,12,5,0.9,30.7,99.1,13791]
["History",6.9,19.5,29.9,26.4,13,3.7,0.5,26.4,99.5,46420]
["Law",4.0999999999999996,14.1,25.2,25.9,18.8,9.3000000000000007,2.7,18.2,97.3,11744]
["Psychology",4.0999999999999996,13.4,26.4,26.9,18.899999999999999,8.4,1.9,17.600000000000001,98.1,53345]
["Sociology",4.3,14,28.1,28.8,17,6.4,1.4,18.3,98.6,27953]
["Other social studies",5.5,15.8,28.4,24.5,16.2,7.1,2.5,21.3,97.5,4138]
[]
["Art and Design",12.2,16.100000000000001,29.2,25.6,12.5,3.6,0.9,28.3,99.1,41388]
["Drama",4,12,31.3,31.6,16.7,3.8,0.5,16,99.5,12540]
["English",6.3,14.7,28,30.6,16.3,3.6,0.4,21,99.6,83425]
["Media/Film/Television Studies",1.2,9.4,31.3,36.700000000000003,17.100000000000001,3.5,0.7,10.7,99.3,20800]
["Other Communication Studies",1.7,9.9,32.299999999999997,37.4,15.2,2.7,0.7,11.7,99.3,8505]
[]
["French",6.6,33.4,29.8,17.8,8.9,2.9,0.6,40,99.4,9878]
["German",7.3,33,26.6,18.5,10.1,4,0.4,40.299999999999997,99.6,3774]
["Spanish",7.4,29.9,30,19.3,9.4,3.4,0.6,37.299999999999997,99.4,6516]
["Other modern languages",13.6,37.200000000000003,29.9,11.6,4.0999999999999996,2.1,1.6,50.8,98.4,7084]
["of which:"]
["  Chinese",4.8,40.4,41,9.6,1.9,1.5,0.8,45.2,99.2,2665]
["  Italian",12,37.200000000000003,31.4,13,4.3,1,1,49.3,99,682]
["  Polish",25,33.1,16.100000000000001,13.8,6.3,4.2,1.6,58.1,98.4,623]
["  Russian",40.4,49.7,7.7,0.9,0.5,"x",0.7,90,99.3,912]
[]
["Classical Studies",11.1,26.5,28.7,19.7,9.6999999999999993,3.7,0.7,37.5,99.3,6080]
["of which:"]
["  Latin",28.2,42.1,21.5,5.9,1.4,0.8,"x",70.3,99.8,1249]
["  Greek",32,52.7,11.6,2.9,"x",0,0,84.6,100,241]
["  Classical Civilisation",5.6,21.5,31.4,24,11.8,5,0.8,27.1,99.2,3620]
[]
["Religious Studies",5.6,20.8,28.9,24.7,14,5.0999999999999996,0.9,26.4,99.1,19171]
[]
["Music",3.9,14.3,23.8,27.5,21,8.1,1.3,18.2,98.7,7655]
[]
["Physical Education",3.9,12.4,24.7,26.5,20.7,10.4,1.5,16.3,98.5,15013]
[]
["General Studies",4.5,8.3000000000000007,18.600000000000001,25,23.8,15.4,4.4000000000000004,12.8,95.6,33452]
[]
["All subjects",7.9,18.899999999999999,26.5,24.3,14.9,6.2,1.3,26.7,98.7,773651]
[]
[null,null,null,null,null,null,null,null,null,null,"Source: 2012/13 Key Stage 5 attainment data (revised)"]
["1. Covers A level results for the 2012/13 academic year."]
["2. Covers students aged 16, 17 or 18 at the start of the 2012/13 academic year, i.e. 31 August 2012."]
["3. Includes ungraded, no award (absent/declined) and pending."]
["4. Information, Communication and Technology"]
[]
["x Percentages have been suppressed where underlying figures are less than 3."]
["Note: where qualifications taken by a student are in the same subject area and similar in content ‘discounting’ rules have been applied to avoid double counting qualifications."]
["Refer to the Technical Notes section of the SFR."]

{"sheet":"Table 2m","index":8,"n_rows":74,"n_cols":11,"rows_kept":74,"cut":false,"hidden":false,"merged":[[4,1,4,9],[5,1,5,9],[5,10,6,10]]}
["Table 2m: GCE A level examination results1 of male students aged 16 to 182 by subject and grade"]
["Year: 2012/13 (Revised)"]
["Coverage: England"]
[]
[null,"Males"]
["Subject","Percentage achieving grade",null,null,null,null,null,null,null,null,"Number of entries"]
[null,"A*","A","B","C","D","E","Other3","A*-A ","A*-E "]
[]
["Biological Sciences",7.5,19.2,23.5,21.5,16.600000000000001,9.8000000000000007,1.9,26.6,98.1,24083]
["Chemistry",9.1999999999999993,25.4,26.2,18.399999999999999,12.2,7,1.7,34.6,98.3,24554]
["Physics",9.5,21.2,23.4,19.7,14.5,9.4,2.2000000000000002,30.8,97.8,25312]
["Other Science",7.2,17.600000000000001,24,23.4,17.100000000000001,8.3000000000000007,2.4,24.8,97.6,2990]
[]
["Mathematics",18.600000000000001,25.5,21.2,16.2,11,6,1.4,44.2,98.6,48945]
["Further Mathematics",28,29.3,21.8,11.4,5.8,3.1,0.7,57.2,99.3,9190]
[]
["Design and Technology",3.2,12.2,23.2,27.5,22,10,1.9,15.3,98.1,7073]
["Computer Studies",3.5,13.1,21.4,25,21,13.2,2.9,16.600000000000001,97.1,3189]
["ICT4",1.4,6.9,20.3,30.2,25.2,13.8,2.2000000000000002,8.3000000000000007,97.8,4892]
[]
["Home Economics",0,0,17.399999999999999,28.3,32.6,17.399999999999999,"x",0,95.7,46]
[]
["Accounting and Finance",1.5,11.9,22.9,26.7,21.2,11.7,4.0999999999999996,13.3,95.9,2045]
["Business Studies",2.7,11.5,28.2,30.9,18.7,6.7,1.2,14.2,98.8,15956]
["Economics",7.2,25.2,29.1,21.4,11.6,4.7,0.7,32.5,99.3,15713]
["Geography",4.7,20.100000000000001,28.5,26.7,14.5,4.8,0.7,24.8,99.3,15151]
["Government and Politics",6.5,21.4,29,23.8,13.2,5.2,0.8,27.9,99.2,7933]
["History",6.2,18.100000000000001,28.8,27.9,14.3,4.2,0.5,24.3,99.5,22349]
["Law",3.2,12,23.3,26.3,20.8,11.1,3.2,15.3,96.8,4508]
["Psychology",2,7.9,22.1,28.5,24.2,12.3,2.9,10,97.1,13638]
["Sociology",3.6,10.1,25.6,30.7,20.2,8,1.7,13.7,98.3,6805]
["Other social studies",5.5,14.6,28,24.1,17.399999999999999,7.4,2.9,20.100000000000001,97.1,1875]
[]
["Art and Design",11.2,12.4,25.5,27.4,16.3,5.8,1.4,23.6,98.6,10443]
["Drama",2.2000000000000002,9.1999999999999993,27,33.4,21.6,5.9,0.7,11.4,99.3,3937]
["English",6.4,14,26,30.1,18.399999999999999,4.5,0.6,20.399999999999999,99.4,23435]
["Media/Film/Television Studies",0.9,6.3,25.3,39.1,22.3,5.0999999999999996,0.9,7.3,99.1,8804]
["Other Communication Studies",1.6,7.2,29.6,39.1,18.2,3.5,0.9,8.8000000000000007,99.1,3747]
[]
["French",7.3,35.9,28.8,16.2,8.4,2.7,0.8,43.1,99.2,3106]
["German",7.6,35.799999999999997,24.3,17.3,10.6,4,0.3,43.4,99.7,1499]
["Spanish",7.5,31.6,28,20.8,8.8000000000000007,2.8,0.5,39.200000000000003,99.5,2140]
["Other modern languages",12,34.5,32,13.2,4.2,2.2000000000000002,1.8,46.6,98.2,2970]
["of which:"]
["  Chinese",3.2,33.9,44.2,13.2,2.7,1.6,1.1000000000000001,37.1,98.9,1233]
["  Italian",16,37.700000000000003,32.9,8.6999999999999993,3.5,0,1.3,53.7,98.7,231]
["  Polish",16,31.3,21.5,18.8,5.9,4.7,2,47.3,98,256]
["  Russian",37.299999999999997,52.4,8,0.7,0.7,"x",0.7,89.6,99.3,424]
[]
["Classical Studies",9.4,23.8,28.2,21.6,11.3,4.7,0.9,33.299999999999997,99.1,2691]
["of which:"]
["  Latin",28,42.1,21.6,5.8,1.5,0.9,0,70.099999999999994,100,532]
["  Greek",26.6,55.5,13.3,3.9,"x",0,0,82,100,128]
["  Classical Civilisation",3.5,17.399999999999999,29.8,26.9,14.3,7.2,1,20.9,99,1425]
[]
["Religious Studies",5.7,19.5,27.1,25.8,15.2,5.6,1.1000000000000001,25.2,98.9,6186]
[]
["Music",3.9,12.2,22.8,27.9,23,8.8000000000000007,1.5,16.100000000000001,98.5,4722]
[]
["Physical Education",2.5,9.5,21,27.7,24.1,13.2,1.9,12,98.1,8681]
[]
["General Studies",4.2,7.9,16.899999999999999,24.8,24.5,16.399999999999999,5.4,12.1,94.6,15084]
[]
["All subjects",8.1999999999999993,18.2,24.7,23.9,16,7.4,1.6,26.5,98.4,353692]
[]
[null,null,null,null,null,null,null,null,null,null,"Source: 2012/13 Key Stage 5 attainment data (revised)"]
["1. Covers A level results for the 2012/13 academic year."]
["2. Covers students aged 16, 17 or 18 at the start of the 2012/13 academic year, i.e. 31 August 2012."]
["3. Includes ungraded, no award (absent/declined) and pending."]
["4. Information, Communication and Technology"]
[]
["x Percentages have been suppressed where underlying figures are less than 3."]
["Note: where qualifications taken by a student are in the same subject area and similar in content ‘discounting’ rules have been applied to avoid double counting qualifications."]
["Refer to the Technical Notes section of the SFR."]

{"sheet":"Table 2f","index":9,"n_rows":74,"n_cols":11,"rows_kept":74,"cut":false,"hidden":false,"merged":[[4,1,4,9],[5,1,5,9],[5,10,6,10]]}
["Table 2f: GCE A level examination results1 of female students aged 16 to 182 by subject and grade"]
["Year: 2012/13 (Revised)"]
["Coverage: England"]
[]
[null,"Females"]
["Subject","Percentage achieving grade",null,null,null,null,null,null,null,null,"Number of entries"]
[null,"A*","A","B","C","D","E","Other3","A*-A ","A*-E "]
[]
["Biological Sciences",8.9,21.6,25,20.9,14.6,7.7,1.4,30.5,98.6,33152]
["Chemistry",7.6,25.8,28.4,19.3,11.9,5.8,1.1000000000000001,33.4,98.9,22767]
["Physics",11.4,24.7,23.9,18.2,12.9,7.3,1.5,36.200000000000003,98.5,6596]
["Other Science",6.2,17.7,27.8,23.1,14.6,8.3000000000000007,2.2999999999999998,23.9,97.7,1191]
[]
["Mathematics",14.9,28.1,23.7,16.100000000000001,10.6,5.6,1.1000000000000001,43,98.9,31622]
["Further Mathematics",28.3,30.9,21.3,11.4,5.5,2,0.5,59.2,99.5,3691]
[]
["Design and Technology",4.5,16,28.6,27,16.399999999999999,6.4,1.1000000000000001,20.5,98.9,5395]
["Computer Studies",5.2,19,20.5,21,15.7,16.2,2.4,24.3,97.6,210]
["ICT4",2.2000000000000002,11.3,26.5,31,18.8,9.1,1.1000000000000001,13.5,98.9,2804]
[]
["Home Economics",2.1,16.8,21.4,28.1,20,7.4,4.2,18.899999999999999,95.8,285]
[]
["Accounting and Finance",2.1,15,23.6,24,19.899999999999999,11.2,4.0999999999999996,17.100000000000001,95.9,1073]
["Business Studies",3.9,14.1,28.8,29.3,16.8,6.1,1,18,99,11082]
["Economics",8.6,29.8,29.3,18.7,9.1999999999999993,3.7,0.7,38.4,99.3,7404]
["Geography",7.5,26.8,30.4,21.7,10.199999999999999,3,0.3,34.299999999999997,99.7,14568]
["Government and Politics",8.5,25.9,28.6,21,10.4,4.5999999999999996,0.9,34.5,99.1,5858]
["History",7.5,20.8,31,25,11.9,3.3,0.5,28.3,99.5,24071]
["Law",4.7,15.3,26.4,25.6,17.5,8.1999999999999993,2.2999999999999998,20,97.7,7236]
["Psychology",4.8,15.3,27.9,26.3,17,7,1.5,20.2,98.5,39707]
["Sociology",4.5,15.3,28.9,28.2,15.9,5.8,1.3,19.8,98.7,21148]
["Other social studies",5.6,16.8,28.7,24.8,15.2,6.8,2.1,22.4,97.9,2263]
[]
["Art and Design",12.5,17.3,30.5,24.9,11.2,2.8,0.7,29.9,99.3,30945]
["Drama",4.8,13.4,33.200000000000003,30.8,14.5,2.9,0.4,18.2,99.6,8603]
["English",6.2,15,28.8,30.8,15.5,3.3,0.3,21.2,99.7,59990]
["Media/Film/Television Studies",1.5,11.7,35.6,35,13.3,2.2999999999999998,0.5,13.1,99.5,11996]
["Other Communication Studies",1.9,12.1,34.5,36.1,12.9,2.1,0.5,14,99.5,4758]
[]
["French",6.3,32.299999999999997,30.2,18.600000000000001,9.1,3,0.5,38.6,99.5,6772]
["German",7.1,31.1,28.1,19.3,9.8000000000000007,4,0.5,38.200000000000003,99.5,2275]
["Spanish",7.3,29.1,31,18.5,9.6999999999999993,3.7,0.7,36.4,99.3,4376]
["Other modern languages",14.7,39.200000000000003,28.4,10.4,3.9,2,1.4,53.8,98.6,4114]
["of which:"]
["  Chinese",6.1,46,38.299999999999997,6.6,1.3,1.3,0.4,52.2,99.6,1432]
["  Italian",10,37,30.6,15.3,4.7,1.6,0.9,47,99.1,451]
["  Polish",31.3,34.299999999999997,12.3,10.4,6.5,3.8,1.4,65.7,98.6,367]
["  Russian",43,47.3,7.4,1,"x","x",0.6,90.4,99.4,488]
[]
["Classical Studies",12.3,28.6,29.1,18.100000000000001,8.4,2.9,0.6,40.9,99.4,3389]
["of which:"]
["  Latin",28.3,42.1,21.3,6,1.3,0.7,"x",70.400000000000006,99.7,717]
["  Greek",38.1,49.6,9.6999999999999993,"x","x",0,0,87.6,100,113]
["  Classical Civilisation",6.9,24.2,32.4,22.1,10.199999999999999,3.6,0.6,31.1,99.4,2195]
[]
["Religious Studies",5.6,21.4,29.7,24.2,13.5,4.8,0.8,27,99.2,12985]
[]
["Music",3.9,17.8,25.5,26.9,17.899999999999999,7,1,21.7,99,2933]
[]
["Physical Education",5.8,16.399999999999999,29.7,24.7,16,6.5,0.9,22.2,99.1,6332]
[]
["General Studies",4.8,8.6,20,25.2,23.1,14.5,3.7,13.5,96.3,18368]
[]
["All subjects",7.6,19.399999999999999,28.1,24.6,13.9,5.3,1,27,99,419959]
[]
[null,null,null,null,null,null,null,null,null,null,"Source: 2012/13 Key Stage 5 attainment data (revised)"]
["1. Covers A level results for the 2012/13 academic year."]
["2. Covers students aged 16, 17 or 18 at the start of the 2012/13 academic year, i.e. 31 August 2012."]
["3. Includes ungraded, no award (absent/declined) and pending."]
["4. Information, Communication and Technology"]
[]
["x Percentages have been suppressed where underlying figures are less than 3."]
["Note: where qualifications taken by a student are in the same subject area and similar in content ‘discounting’ rules have been applied to avoid double counting qualifications."]
["Refer to the Technical Notes section of the SFR."]

{"sheet":"Table 3","index":10,"n_rows":73,"n_cols":9,"rows_kept":73,"cut":false,"hidden":false,"merged":[[2,0,2,2],[4,1,4,7],[5,1,5,7],[5,8,6,8],[72,0,73,8]]}
["Table 3: GCE AS level examination results1 of students aged 16 to 182 by subject and grade"]
["Year: 2012/13 (Revised)"]
["Coverage: England"]
[]
[null,"Males and Females"]
["Subject","Percentage achieving grade",null,null,null,null,null,null,"Number of entries"]
[null,"A","B","C","D","E","Other3","A-E "]
[]
["Biological Sciences",16.8,17.3,18.100000000000001,16.3,13.9,17.600000000000001,82.4,85920]
["Chemistry",18.2,19,18,15.3,12.7,16.899999999999999,83.1,71809]
["Physics",20.6,17.399999999999999,16.8,15,12.8,17.5,82.5,52244]
["Other Science",16.899999999999999,16.600000000000001,18.899999999999999,17.100000000000001,14.5,16,84,7252]
[]
["Mathematics",25.6,16.100000000000001,15.5,13.6,11.2,18.100000000000001,81.900000000000006,109061]
["Further Mathematics",41.1,18,14.2,10.6,7.3,8.9,91.1,14753]
[]
["Design and Technology",10.1,15.8,21.1,22.8,17.100000000000001,13.1,86.9,18825]
["Computer Studies",9.6999999999999993,13.4,18.600000000000001,19.600000000000001,16.8,21.9,78.099999999999994,7847]
["ICT4",6.4,13.2,19.7,22.6,19,19.2,80.8,12927]
[]
["Home Economics",13.6,11.8,18.899999999999999,22.2,15.9,17.5,82.5,508]
[]
["Accounting and Finance",6.8,12.5,16.3,17.399999999999999,16.5,30.5,69.5,5994]
["Business Studies",8.6999999999999993,16.600000000000001,22.7,21.2,16.8,14,86,39807]
["Economics",19.8,19.399999999999999,19,15.9,12,13.8,86.2,32262]
["Geography",22.9,19.2,19.7,16.3,10.9,10.9,89.1,41209]
["Government and Politics",20,19.600000000000001,19.8,16.899999999999999,11.4,12.3,87.7,16923]
["History",18.2,23.7,25.2,17.7,9.1999999999999993,6.1,93.9,60463]
["Law",11.8,15.5,18.600000000000001,17.100000000000001,14.7,22.3,77.7,18774]
["Psychology",11.2,16.8,19.600000000000001,17.899999999999999,14,20.5,79.5,87804]
["Sociology",12.8,17.8,21.9,17.899999999999999,13.2,16.399999999999999,83.6,46443]
["Other social studies",9.4,14.9,19.8,18.8,15.6,21.6,78.400000000000006,9804]
[]
["Art and Design",20.5,24.5,24.5,16.3,8.6999999999999993,5.5,94.5,59457]
["Drama",14.5,29.3,30.5,18.399999999999999,5.6,1.7,98.3,15459]
["English",14.7,22.1,28.4,21.7,9.6,3.4,96.6,105693]
["Media/Film/Television Studies",9.4,24,31.1,21.3,9.1999999999999993,5,95,29780]
["Other Communication Studies",9,29,35.700000000000003,17.3,5.7,3.4,96.6,12936]
[]
["French",27.2,19.7,19.100000000000001,15.4,10.199999999999999,8.4,91.6,13523]
["German",25.8,21.4,19.600000000000001,16.399999999999999,10.3,6.6,93.4,5598]
["Spanish",23.3,20.6,20,16.399999999999999,11,8.8000000000000007,91.2,9430]
["Other modern languages",51,20.9,11.4,6.8,4.5999999999999996,5.2,94.8,4710]
["of which:"]
["  Chinese",69.8,21.2,4.4000000000000004,2.1,1,1.4,98.6,1183]
["  Italian",34,28.4,16.5,7.3,6.9,7,93,800]
["  Polish",79.8,11.8,3.7,1.3,0.7,2.6,97.4,456]
["  Russian",81.400000000000006,7.2,5.8,2.2000000000000002,2,1.3,98.7,447]
[]
["Classical Studies",32.4,23,19.2,13.3,7,5.2,94.8,7569]
["of which:"]
["  Latin",67.2,17.399999999999999,7.2,4.5999999999999996,1.8,1.8,98.2,1443]
["  Greek",86.6,7.9,3,"x",0,2,98,202]
["  Classical Civilisation",23.1,25.2,21.8,15.7,8.4,5.8,94.2,4620]
[]
["Religious Studies",20,22.2,22.5,16.5,10.4,8.4,91.6,27448]
[]
["Music",16,21.3,24.3,20.100000000000001,12.2,6.1,93.9,10612]
[]
["Physical Education",10.199999999999999,14.3,18.5,21,22.8,13.3,86.7,21300]
[]
["General Studies",10.3,13.9,18.5,19.899999999999999,17.7,19.8,80.2,64179]
[]
["All subjects",17,18.899999999999999,21,17.5,12.3,13.3,86.7,1128323]
[]
[null,null,null,null,null,null,null,null,"Source: 2012/13 Key Stage 5 attainment data (revised)"]
["1. Covers AS level results for the 2012/13 academic year."]
["2. Covers students aged 16, 17 or 18 at the start of the 2012/13 academic year, i.e. 31 August 2012."]
["3. Includes ungraded, no award (absent/declined) and pending."]
["4. Information, Communication and Technology"]
[]
["x Percentages have been suppressed where underlying figures are less than 3."]
["Note: where qualifications taken by a student are in the same subject area and similar in content ‘discounting’ rules have been applied to avoid double counting qualifications. Refer to the Technical Notes section of the SFR."]

{"sheet":"Table 3m","index":11,"n_rows":73,"n_cols":9,"rows_kept":73,"cut":false,"hidden":false,"merged":[[4,1,4,7],[5,1,5,7],[5,8,6,8],[72,0,73,8]]}
["Table 3m: GCE AS level examination results1 of male students aged 16 to 182 by subject and grade"]
["Year: 2012/13 (Revised)"]
["Coverage: England"]
[]
[null,"Males"]
["Subject","Percentage achieving grade",null,null,null,null,null,null,"Number of entries"]
[null,"A","B","C","D","E","Other3","A-E "]
[]
["Biological Sciences",14.9,16.100000000000001,18,16.600000000000001,15,19.399999999999999,80.599999999999994,36813]
["Chemistry",18.600000000000001,18.7,17.399999999999999,15.4,12.9,17.100000000000001,82.9,37353]
["Physics",19.8,17,16.5,15.3,13.1,18.3,81.7,39995]
["Other Science",16.899999999999999,16.3,18.5,17.7,14.7,15.9,84.1,4946]
[]
["Mathematics",25.4,15.1,15.1,13.5,11.3,19.600000000000001,80.400000000000006,64932]
["Further Mathematics",39.5,17.600000000000001,14.3,11,7.9,9.6999999999999993,90.3,10002]
[]
["Design and Technology",7.9,13.4,20.3,23.5,18.7,16.2,83.8,11316]
["Computer Studies",9.5,13.3,18.7,19.8,17,21.6,78.400000000000006,7196]
["ICT4",5.0999999999999996,11.8,18.899999999999999,23.3,20,20.9,79.099999999999994,8694]
[]
["Home Economics","x",3.8,9,26.9,24.4,33.299999999999997,66.7,78]
[]
["Accounting and Finance",6.4,11.6,16.5,17.7,16.5,31.3,68.7,3962]
["Business Studies",7.8,16.2,22.6,21.8,17.2,14.4,85.6,23012]
["Economics",19.3,19,19.2,16.100000000000001,12.2,14.2,85.8,22103]
["Geography",18.3,18.3,20.8,18.2,12.1,12.4,87.6,21011]
["Government and Politics",18.3,19.600000000000001,20.5,17.8,11.7,12.2,87.8,9446]
["History",17.3,23,25.7,18.3,9.5,6.1,93.9,27957]
["Law",8.5,13.1,17.7,18.600000000000001,16.600000000000001,25.5,74.5,7406]
["Psychology",5.9,11.9,17.5,19.399999999999999,17,28.3,71.7,26413]
["Sociology",7.4,13.4,21.3,19.5,16.399999999999999,21.9,78.099999999999994,12741]
["Other social studies",8.6999999999999993,13,18.399999999999999,18.899999999999999,16.100000000000001,25,75,4149]
[]
["Art and Design",14.7,20.399999999999999,24.3,19.600000000000001,12.2,8.8000000000000007,91.2,15808]
["Drama",13.1,25.7,30.3,20.9,7.8,2.2000000000000002,97.8,4890]
["English",12.9,19.899999999999999,27.7,23.1,11.5,4.8,95.2,30837]
["Media/Film/Television Studies",6.1,19.600000000000001,30.9,25.2,11.7,6.5,93.5,13301]
["Other Communication Studies",6.2,26.8,36.299999999999997,19.899999999999999,6.6,4.2,95.8,5770]
[]
["French",30,20,18.7,13.8,9,8.4,91.6,4036]
["German",27.7,22.3,17.899999999999999,15.8,10.4,5.9,94.1,2126]
["Spanish",26.6,21.1,20,15.6,9.6,7.1,92.9,3021]
["Other modern languages",49.3,22.9,11.5,6.4,4.5999999999999996,5.2,94.8,1962]
["of which:"]
["  Chinese",67.099999999999994,25,3.9,2,0.7,1.2,98.8,563]
["  Italian",35.5,30.4,16.7,6.5,4.8,6.1,93.9,293]
["  Polish",71.599999999999994,15.9,7.4,"x","x",2.8,97.2,176]
["  Russian",76,9.5,7.8,2.8,2.8,"x",98.9,179]
[]
["Classical Studies",31.1,22.2,19.2,13.5,8.3000000000000007,5.7,94.3,3276]
["of which:"]
["  Latin",70.2,16.3,6.4,3.7,2.2000000000000002,1.2,98.8,644]
["  Greek",88.7,6.1,3.5,0,0,"x",98.3,115]
["  Classical Civilisation",18.600000000000001,24.8,22.1,16.600000000000001,10.5,7.4,92.6,1767]
[]
["Religious Studies",18.100000000000001,19.899999999999999,21.8,18.3,11.9,10.1,89.9,8690]
[]
["Music",14.3,20.399999999999999,24.5,20.7,13.2,6.9,93.1,6560]
[]
["Physical Education",7.1,11.6,16.399999999999999,21.8,27.1,16.2,83.8,12748]
[]
["General Studies",8.5,12.8,17.600000000000001,20.3,18.3,22.5,77.5,29288]
[]
["All subjects",15.8,17,19.8,18,13.7,15.7,84.3,521838]
[]
[null,null,null,null,null,null,null,null,"Source: 2012/13 Key Stage 5 attainment data (revised)"]
["1. Covers AS level results for the 2012/13 academic year."]
["2. Covers students aged 16, 17 or 18 at the start of the 2012/13 academic year, i.e. 31 August 2012."]
["3. Includes ungraded, no award (absent/declined) and pending."]
["4. Information, Communication and Technology"]
[]
["x Percentages have been suppressed where underlying figures are less than 3."]
["Note: where qualifications taken by a student are in the same subject area and similar in content ‘discounting’ rules have been applied to avoid double counting qualifications. Refer to the Technical Notes section of the SFR."]

{"sheet":"Table 3f","index":12,"n_rows":73,"n_cols":9,"rows_kept":73,"cut":false,"hidden":false,"merged":[[4,1,4,7],[5,1,5,7],[5,8,6,8],[72,0,73,8]]}
["Table 3f: GCE AS level examination results1 of female students aged 16 to 182 by subject and grade"]
["Year: 2012/13 (Revised)"]
["Coverage: England"]
[]
[null,"Females"]
["Subject","Percentage achieving grade",null,null,null,null,null,null,"Number of entries"]
[null,"A","B","C","D","E","Other3","A-E "]
[]
["Biological Sciences",18.3,18.2,18.100000000000001,16,13.1,16.3,83.7,49107]
["Chemistry",17.7,19.3,18.7,15.2,12.5,16.7,83.3,34456]
["Physics",23.2,18.7,17.600000000000001,14.2,11.5,14.8,85.2,12249]
["Other Science",16.899999999999999,17.2,19.899999999999999,15.7,14.1,16.3,83.7,2306]
[]
["Mathematics",25.9,17.399999999999999,16.100000000000001,13.8,10.9,15.9,84.1,44129]
["Further Mathematics",44.4,18.600000000000001,14.1,9.6999999999999993,6.1,7,93,4751]
[]
["Design and Technology",13.3,19.399999999999999,22.4,21.7,14.6,8.5,91.5,7509]
["Computer Studies",12,14.3,16.600000000000001,18.100000000000001,14.1,24.9,75.099999999999994,651]
["ICT4",9,15.9,21.4,21,17,15.7,84.3,4233]
[]
["Home Economics",15.6,13.3,20.7,21.4,14.4,14.7,85.3,430]
[]
["Accounting and Finance",7.6,14.4,16,16.7,16.3,28.9,71.099999999999994,2032]
["Business Studies",10,17.100000000000001,22.8,20.3,16.3,13.5,86.5,16795]
["Economics",21,20.399999999999999,18.7,15.3,11.7,12.8,87.2,10159]
["Geography",27.8,20.100000000000001,18.600000000000001,14.4,9.6999999999999993,9.4,90.6,20198]
["Government and Politics",22.2,19.7,19,15.7,11,12.4,87.6,7477]
["History",18.899999999999999,24.3,24.7,17.100000000000001,8.9,6,94,32506]
["Law",14,17.100000000000001,19.100000000000001,16.100000000000001,13.5,20.2,79.8,11368]
["Psychology",13.5,18.899999999999999,20.5,17.2,12.8,17.2,82.8,61391]
["Sociology",14.8,19.5,22.1,17.2,12,14.3,85.7,33702]
["Other social studies",9.9,16.3,20.7,18.7,15.2,19.100000000000001,80.900000000000006,5655]
[]
["Art and Design",22.6,26,24.6,15.1,7.4,4.2,95.8,43649]
["Drama",15.1,31,30.7,17.2,4.5999999999999996,1.5,98.5,10569]
["English",15.4,23,28.8,21.1,8.9,2.9,97.1,74856]
["Media/Film/Television Studies",12.1,27.5,31.2,18.2,7.2,3.8,96.2,16479]
["Other Communication Studies",11.2,30.7,35.200000000000003,15.2,4.9000000000000004,2.8,97.2,7166]
[]
["French",26,19.600000000000001,19.3,16.100000000000001,10.7,8.4,91.6,9487]
["German",24.6,20.8,20.7,16.8,10.199999999999999,6.9,93.1,3472]
["Spanish",21.8,20.3,19.899999999999999,16.8,11.6,9.6,90.4,6409]
["Other modern languages",52.2,19.5,11.4,7.2,4.5,5.2,94.8,2748]
["of which:"]
["  Chinese",72.3,17.7,4.8,2.2999999999999998,1.3,1.6,98.4,620]
["  Italian",33.1,27.2,16.399999999999999,7.7,8.1,7.5,92.5,507]
["  Polish",85,9.3000000000000007,1.4,1.4,"x",2.5,97.5,280]
["  Russian",85.1,5.6,4.5,1.9,1.5,1.5,98.5,268]
[]
["Classical Studies",33.4,23.6,19.100000000000001,13.1,6,4.7,95.3,4293]
["of which:"]
["  Latin",64.8,18.3,7.9,5.3,1.5,2.2999999999999998,97.7,799]
["  Greek",83.9,10.3,"x","x",0,"x",97.7,87]
["  Classical Civilisation",25.8,25.5,21.6,15.1,7.1,4.9000000000000004,95.1,2853]
[]
["Religious Studies",20.9,23.3,22.9,15.6,9.6999999999999993,7.6,92.4,18758]
[]
["Music",18.7,22.8,23.8,19.2,10.6,4.9000000000000004,95.1,4052]
[]
["Physical Education",14.8,18.399999999999999,21.6,19.899999999999999,16.399999999999999,9,91,8552]
[]
["General Studies",11.7,14.8,19.2,19.600000000000001,17.100000000000001,17.5,82.5,34891]
[]
["All subjects",18.100000000000001,20.6,21.9,17,11.2,11.2,88.8,606485]
[]
[null,null,null,null,null,null,null,null,"Source: 2012/13 Key Stage 5 attainment data (revised)"]
["1. Covers AS level results for the 2012/13 academic year."]
["2. Covers students aged 16, 17 or 18 at the start of the 2012/13 academic year, i.e. 31 August 2012."]
["3. Includes ungraded, no award (absent/declined) and pending."]
["4. Information, Communication and Technology"]
[]
["x Percentages have been suppressed where underlying figures are less than 3."]
["Note: where qualifications taken by a student are in the same subject area and similar in content ‘discounting’ rules have been applied to avoid double counting qualifications. Refer to the Technical Notes section of the SFR."]

{"sheet":"Table 4","index":13,"n_rows":73,"n_cols":9,"rows_kept":73,"cut":false,"hidden":false,"merged":[[4,1,4,7],[5,1,5,7],[5,8,6,8],[72,0,72,8]]}
["Table 4: 2012 GCE AS level examination results1 of current Year 13 students aged 16 to 182 by subject and grade"]
["Year: 2012/13 (Revised)"]
["Coverage: England"]
[]
[null,"Males and Females"]
["Subject","Percentage achieving grade",null,null,null,null,null,null,"Number of entries"]
[null,"A","B","C","D","E","Other3","A-E "]
[]
["Biological Sciences",21.5,30.4,26.4,16.100000000000001,3.8,1.8,98.2,16754]
["Chemistry",27.3,32.6,23.8,11.6,3.3,1.4,98.6,14604]
["Physics",25.7,31.3,25.3,13.4,2.9,1.4,98.6,8450]
["Other Science",19.2,27.4,25.8,21.2,4.3,2.1,97.9,770]
[]
["Mathematics",56.7,21.9,13,5.4,1,2,98,44594]
["Further Mathematics",70.3,18.100000000000001,7.5,2.7,0.6,0.9,99.1,8788]
[]
["Design and Technology",14.7,25.2,29,21.5,7.6,1.9,98.1,3296]
["Computer Studies",11,19.8,32,25.1,10.1,2.1,97.9,666]
["ICT4",7.5,21.3,34.200000000000003,26.1,8.5,2.5,97.5,1946]
[]
["Home Economics",9.3000000000000007,29.3,40,12,9.3000000000000007,0,100,75]
[]
["Accounting and Finance",17,28,29.1,17.5,4.0999999999999996,4.2,95.8,942]
["Business Studies",15.8,28.3,29.6,18,5.8,2.5,97.5,8944]
["Economics",30.1,30.1,23.8,12,3.1,0.9,99.1,7022]
["Geography",23.1,27.5,26.5,15.5,5.5,1.8,98.2,7274]
["Government and Politics",25.7,31.7,25.6,12.9,3.1,1,99,3147]
["History",23.2,31.3,28.1,13.5,3.1,0.8,99.2,11025]
["Law",9.6999999999999993,24.4,31.3,22.3,6.9,5.5,94.5,2609]
["Psychology",11.9,26.3,29.8,21.3,7.1,3.5,96.5,12424]
["Sociology",15.2,26.4,30.3,18,5.7,4.4000000000000004,95.6,5702]
["Other social studies",15.5,25.1,28.7,17.600000000000001,6.1,7,93,1152]
[]
["Art and Design",29.3,26.9,25,12.3,3.6,2.8,97.2,2318]
["Drama",18.399999999999999,35.9,29.2,13.6,2.6,0.4,99.6,1110]
["English",18.899999999999999,27.5,30.1,18.100000000000001,3.6,1.8,98.2,14826]
["Media/Film/Television Studies",8.4,25.7,37.799999999999997,21.1,5.3,1.8,98.2,2908]
["Other Communication Studies",12.9,29.9,39.6,14.5,2.4,0.8,99.2,988]
[]
["French",40,28.5,18.7,8.9,2.6,1.2,98.8,2844]
["German",40.5,26.6,17.8,11.6,2.9,0.6,99.4,1211]
["Spanish",39.700000000000003,28.6,19.8,8.6,1.9,1.4,98.6,1961]
["Other modern languages",66.8,19.399999999999999,7.6,3.1,1.2,1.8,98.2,1990]
["of which:"]
["  Chinese",77.3,19.3,2.6,0.4,"x","x",99.7,776]
["  Italian",47.4,29.2,14.4,4.8,2.4,1.9,98.1,209]
["  Polish",88.1,7.9,"x",0,0,2.4,97.6,126]
["  Russian",93.1,3.9,1.5,"x",0,"x",99,203]
[]
["Classical Studies",41.9,28.3,18.8,8.3000000000000007,1.5,1.2,98.8,1120]
["of which:"]
["  Latin",73.400000000000006,20.5,3.5,2.6,0,0,100,229]
["  Greek",90,"x","x","x",0,0,100,40]
["  Classical Civilisation",32,30.9,23.7,9.6999999999999993,2.1,1.7,98.3,713]
[]
["Religious Studies",28.2,30.2,25.7,11.9,2.7,1.3,98.7,4238]
[]
["Music",18.5,28.8,32.799999999999997,15,3.7,1.2,98.8,1096]
[]
["Physical Education",11.6,22.1,27.6,26.2,11.4,1.2,98.8,3542]
[]
["General Studies",16.399999999999999,22.8,27.7,20.2,6.9,6,94,13417]
[]
["All subjects",30.8,26.4,23.4,13.4,3.7,2.2000000000000002,97.8,213753]
[]
[null,null,null,null,null,null,null,null,"Source: 2012/13 Key Stage 5 attainment data (revised)"]
["1. These examinations were taken by students when they were in Year 12 and are discounted by 2013 A level results in Table 2."]
["2. Covers students aged 16, 17 or 18 at the start of the 2012/13 academic year, i.e. 31 August 2012."]
["3. Includes ungraded, no award (absent/declined) and pending."]
["4. Information, Communication and Technology."]
[]
["x Percentages have been suppressed where underlying figures are less than 3."]
["Note: The figures in this table should not be added to those in Table 3 to deduce the number of students who participated in, for example, AS Mathematics as they relate to different cohorts. Instead the corresponding SFR from last year should be used to calculate an estimate of the size of the 2012 cohort."]

{"sheet":"Table 4m","index":14,"n_rows":73,"n_cols":9,"rows_kept":73,"cut":false,"hidden":false,"merged":[[4,1,4,7],[5,1,5,7],[5,8,6,8],[72,0,72,8]]}
["Table 4m: 2012 GCE AS level examination results1 of current Year 13 male students aged 16 to 182 by subject and grade"]
["Year: 2012/13 (Revised)"]
["Coverage: England"]
[]
[null,"Males"]
["Subject","Percentage achieving grade",null,null,null,null,null,null,"Number of entries"]
[null,"A","B","C","D","E","Other3","A-E "]
[]
["Biological Sciences",19.5,29.9,26.9,17.399999999999999,4.5,1.8,98.2,6950]
["Chemistry",26.7,32.9,23.4,11.9,3.6,1.6,98.4,7050]
["Physics",24.7,31.3,25.9,13.8,3,1.3,98.7,6755]
["Other Science",18.2,28.7,25.3,21.4,4.5,1.9,98.1,533]
[]
["Mathematics",57.7,21,12.6,5.4,1.1000000000000001,2.2000000000000002,97.8,28066]
["Further Mathematics",70.5,18,7.5,2.7,0.5,0.9,99.1,6438]
[]
["Design and Technology",13.3,23.1,29.9,22.6,8.9,2.2000000000000002,97.8,1746]
["Computer Studies",11,20,32.1,25,9.6999999999999993,2.2000000000000002,97.8,639]
["ICT4",6.5,19.7,34.799999999999997,27,9,2.9,97.1,1277]
[]
["Home Economics",0,27.3,36.4,27.3,"x",0,100,11]
[]
["Accounting and Finance",16,28.4,29.5,18.3,4.3,3.5,96.5,624]
["Business Studies",15.6,27.8,30.3,18,5.8,2.5,97.5,5254]
["Economics",28.6,30.2,24.4,12.6,3.3,0.8,99.2,4845]
["Geography",21.4,26,27.8,16.7,6.2,1.8,98.2,3894]
["Government and Politics",23.6,32.5,25.9,13.7,3.6,0.7,99.3,1798]
["History",22.8,31,28.5,13.9,3.1,0.7,99.3,5129]
["Law",7.5,23.1,30.9,24.5,8,6,94,1039]
["Psychology",8.1999999999999993,23.2,30.8,24.7,8.5,4.5999999999999996,95.4,3543]
["Sociology",12,25.2,32.200000000000003,20.3,6.4,3.8,96.2,1501]
["Other social studies",13.6,23.3,29.7,18.7,7.2,7.5,92.5,545]
[]
["Art and Design",29,20.6,29.7,13.3,5.0999999999999996,2.4,97.6,593]
["Drama",15.5,34.4,28,17.8,3.5,0.9,99.1,343]
["English",19.100000000000001,27.4,28.8,18.8,4.0999999999999996,1.8,98.2,4229]
["Media/Film/Television Studies",5.5,21.5,38.1,25.4,7.7,1.7,98.3,1309]
["Other Communication Studies",9.6999999999999993,29.4,41.7,16.3,1.9,1,99,412]
[]
["French",42.8,26.4,17.8,9.1999999999999993,1.9,1.9,98.1,841]
["German",42.2,24.5,18.100000000000001,11.2,3.4,0.6,99.4,474]
["Spanish",43.4,28.9,17.7,7.7,1,1.3,98.7,620]
["Other modern languages",65.8,21.1,7.9,2.9,1,1.3,98.7,834]
["of which:"]
["  Chinese",74.099999999999994,22.8,2.5,"x",0,0,100,355]
["  Italian",56.5,30.6,11.3,0,"x",0,100,62]
["  Polish",88,10,"x",0,0,0,100,50]
["  Russian",92.3,5.5,"x",0,0,"x",98.9,91]
[]
["Classical Studies",37,29.3,20.9,8.9,1.9,2.1,97.9,484]
["of which:"]
["  Latin",70.400000000000006,21.4,6.1,"x",0,0,100,98]
["  Greek",84.2,"x","x","x",0,0,100,19]
["  Classical Civilisation",26.8,31.2,25.4,10.9,2.5,3.3,96.7,276]
[]
["Religious Studies",28,28.7,27.3,12.3,1.7,2,98,1387]
[]
["Music",17.399999999999999,26.6,34.200000000000003,16,4.9000000000000004,0.9,99.1,638]
[]
["Physical Education",9.6,20.399999999999999,27.5,28,13.3,1.2,98.8,2194]
[]
["General Studies",16.600000000000001,22.8,27.3,19.8,6.7,6.7,93.3,6156]
[]
["All subjects",33.200000000000003,25.3,22.4,13.1,3.8,2.2000000000000002,97.8,108151]
[]
[null,null,null,null,null,null,null,null,"Source: 2012/13 Key Stage 5 attainment data (revised)"]
["1. These examinations were taken by students when they were in Year 12 and are discounted by 2013 A level results in Table 2m."]
["2. Covers students aged 16, 17 or 18 at the start of the 2012/13 academic year, i.e. 31 August 2012."]
["3. Includes ungraded, no award (absent/declined) and pending."]
["4. Information, Communication and Technology."]
[]
["x Percentages have been suppressed where underlying figures are less than 3."]
["Note: The figures in this table should not be added to those in Table 3m to deduce the number of students who participated in, for example, AS Mathematics as they relate to different cohorts. Instead the corresponding SFR from last year should be used to calculate an estimate of the size of the 2012 cohort."]

{"sheet":"Table 4f","index":15,"n_rows":73,"n_cols":9,"rows_kept":73,"cut":false,"hidden":false,"merged":[[4,1,4,7],[5,1,5,7],[5,8,6,8],[72,0,72,8]]}
["Table 4f: 2012 GCE AS level examination results1 of current Year 13 female students aged 16 to 182 by subject and grade"]
["Year: 2012/13 (Revised)"]
["Coverage: England"]
[]
[null,"Females"]
["Subject","Percentage achieving grade",null,null,null,null,null,null,"Number of entries"]
[null,"A","B","C","D","E","Other3","A-E "]
[]
["Biological Sciences",23,30.7,26,15.1,3.3,1.8,98.2,9804]
["Chemistry",27.9,32.4,24.1,11.4,3,1.2,98.8,7554]
["Physics",29.7,31.2,23.1,11.9,2.4,1.7,98.3,1695]
["Other Science",21.5,24.5,27,20.7,3.8,2.5,97.5,237]
[]
["Mathematics",54.9,23.3,13.6,5.4,1,1.8,98.2,16528]
["Further Mathematics",69.7,18.3,7.7,2.6,0.9,0.9,99.1,2350]
[]
["Design and Technology",16.3,27.5,27.9,20.3,6.2,1.7,98.3,1550]
["Computer Studies",11.1,14.8,29.6,25.9,18.5,0,100,27]
["ICT4",9.3000000000000007,24.4,32.9,24.2,7.5,1.8,98.2,669]
[]
["Home Economics",10.9,29.7,40.6,9.4,9.4,0,100,64]
[]
["Accounting and Finance",18.899999999999999,27.4,28.3,16,3.8,5.7,94.3,318]
["Business Studies",16.100000000000001,29,28.5,18.100000000000001,5.9,2.4,97.6,3690]
["Economics",33.299999999999997,29.8,22.4,10.8,2.7,1,99,2177]
["Geography",25.1,29.2,25,14.2,4.7,1.8,98.2,3380]
["Government and Politics",28.5,30.6,25.2,11.8,2.4,1.5,98.5,1349]
["History",23.5,31.6,27.7,13.2,3.1,0.9,99.1,5896]
["Law",11.1,25.2,31.5,20.8,6.1,5.2,94.8,1570]
["Psychology",13.4,27.5,29.5,20,6.6,3.1,96.9,8881]
["Sociology",16.3,26.8,29.6,17.2,5.5,4.5999999999999996,95.4,4201]
["Other social studies",17.100000000000001,26.7,27.8,16.600000000000001,5.0999999999999996,6.6,93.4,607]
[]
["Art and Design",29.4,29.1,23.4,12,3.1,2.9,97.1,1725]
["Drama",19.7,36.5,29.7,11.7,2.2000000000000002,"x",99.9,767]
["English",18.8,27.6,30.6,17.8,3.3,1.8,98.2,10597]
["Media/Film/Television Studies",10.7,29,37.5,17.600000000000001,3.4,1.8,98.2,1599]
["Other Communication Studies",15.1,30.2,38,13.2,2.8,0.7,99.3,576]
[]
["French",38.799999999999997,29.4,19.100000000000001,8.8000000000000007,2.9,0.9,99.1,2003]
["German",39.299999999999997,28,17.600000000000001,11.9,2.6,0.5,99.5,737]
["Spanish",38,28.5,20.8,9,2.2999999999999998,1.4,98.6,1341]
["Other modern languages",67.599999999999994,18.3,7.4,3.3,1.4,2.1,97.9,1156]
["of which:"]
["  Chinese",80,16.399999999999999,2.6,"x","x","x",99.5,421]
["  Italian",43.5,28.6,15.6,6.8,2.7,2.7,97.3,147]
["  Polish",88.2,6.6,"x",0,0,3.9,96.1,76]
["  Russian",93.8,2.7,"x","x",0,"x",99.1,112]
[]
["Classical Studies",45.6,27.5,17.3,7.9,1.3,0.5,99.5,636]
["of which:"]
["  Latin",75.599999999999994,19.8,"x",3.1,0,0,100,131]
["  Greek",95.2,0,"x",0,0,0,100,21]
["  Classical Civilisation",35.200000000000003,30.7,22.7,8.9,1.8,0.7,99.3,437]
[]
["Religious Studies",28.3,31,24.9,11.7,3.1,1,99,2851]
[]
["Music",20.100000000000001,31.9,30.8,13.5,2.2000000000000002,1.5,98.5,458]
[]
["Physical Education",14.8,24.9,27.6,23.3,8.3000000000000007,1.1000000000000001,98.9,1348]
[]
["General Studies",16.2,22.9,28,20.5,7.1,5.3,94.7,7261]
[]
["All subjects",28.3,27.5,24.5,13.8,3.7,2.2000000000000002,97.8,105602]
[]
[null,null,null,null,null,null,null,null,"Source: 2012/13 Key Stage 5 attainment data (revised)"]
["1. These examinations were taken by students when they were in Year 12 and are discounted by 2013 A level results in Table 2f."]
["2. Covers students aged 16, 17 or 18 at the start of the 2012/13 academic year, i.e. 31 August 2012."]
["3. Includes ungraded, no award (absent/declined) and pending."]
["4. Information, Communication and Technology."]
[]
["x Percentages have been suppressed where underlying figures are less than 3."]
["Note: The figures in this table should not be added to those in Table 3f to deduce the number of students who participated in, for example, AS Mathematics as they relate to different cohorts. Instead the corresponding SFR from last year should be used to calculate an estimate of the size of the 2012 cohort."]

{"sheet":"Table 5","index":16,"n_rows":54,"n_cols":11,"rows_kept":54,"cut":false,"hidden":false,"merged":[[4,0,5,0],[4,1,4,9],[4,10,5,10],[53,0,54,10]]}
["Table 5: GCE Applied Single Award A level examination results1 of students aged 16 to 182 by gender, subject and grade"]
["Year: 2012/13 (Revised)"]
["Coverage: England"]
[]
["Gender/Subject","Percentage achieving grade",null,null,null,null,null,null,null,null,"Number of entries"]
[null,"A*","A","B","C","D","E","Other3","A*-A","A*-E"]
[]
["Males and Females"]
["Applied Art & Design",7.9,16.3,24.2,27.9,15.5,6.5,1.7,24.2,98.3,355]
["Applied Business",4.0999999999999996,11.3,28.1,30.6,17.899999999999999,6.7,1.2,15.5,98.8,5471]
["Applied Engineering",3,10.3,31.6,24.8,20.100000000000001,9,1.3,13.2,98.7,234]
["Applied ICT4",1.8,6.1,21.8,30,24.9,12.2,3.1,8,96.9,6695]
["Applied Science",0.2,2.1,14.5,32.5,32.4,16.5,1.9,2.2999999999999998,98.1,2483]
["Health & Social Care",1.2,8,25.5,31.5,23.3,9,1.6,9.1999999999999993,98.4,5143]
["Leisure And Recreation",1.2,8,25.2,34.4,22.3,8.4,0.6,9.1999999999999993,99.4,489]
["Media",1.5,12,30.1,26.8,18.600000000000001,10.199999999999999,0.8,13.5,99.2,392]
["Performing Arts",5.9,14.2,31.8,29.2,14.6,3.7,0.7,20.100000000000001,99.3,1076]
["Travel & Tourism",1.4,9,28,35.1,19.2,6.1,1.1000000000000001,10.4,98.9,1580]
["All subjects",2.2999999999999998,8.1999999999999993,24.5,31,22.5,9.6999999999999993,1.9,10.5,98.1,23918]
[]
["Males"]
["Applied Art & Design",8.5,10.4,22.6,25.5,19.8,10.4,2.8,18.899999999999999,97.2,106]
["Applied Business",2.2999999999999998,8.4,24.4,32.6,21.8,8.6999999999999993,1.8,10.7,98.2,2737]
["Applied Engineering",3.1,10.199999999999999,30.7,24.9,20.399999999999999,9.3000000000000007,1.3,13.3,98.7,225]
["Applied ICT4",1.3,5.2,18.600000000000001,29.2,26.9,14.7,4.0999999999999996,6.5,95.9,4105]
["Applied Science","x",0.9,8.1,31.5,35.799999999999997,21.1,2.4,1.1000000000000001,97.6,1045]
["Health & Social Care","x",2.5,16.2,28.3,32.299999999999997,16.2,4,3,96,198]
["Leisure And Recreation",1.1000000000000001,4,19,34.700000000000003,28.5,11.7,1.1000000000000001,5.0999999999999996,98.9,274]
["Media","x",7.5,19.5,27.6,29.9,13.8,"x",8.6,99.4,174]
["Performing Arts",5,8.6999999999999993,29.1,32.1,18.100000000000001,6.4,"x",13.7,99.3,299]
["Travel & Tourism",1,4.0999999999999996,22.5,36.6,24.2,9.9,1.7,5.0999999999999996,98.3,413]
["All subjects",1.7,5.8,19.899999999999999,30.8,26,13,2.8,7.5,97.2,9576]
[]
["Females"]
["Applied Art & Design",7.6,18.899999999999999,24.9,28.9,13.7,4.8,1.2,26.5,98.8,249]
["Applied Business",6,14.2,31.8,28.7,14,4.5999999999999996,0.7,20.2,99.3,2734]
["Applied Engineering",0,"x",55.6,"x","x",0,0,"x",100,9]
["Applied ICT4",2.6,7.7,26.9,31.2,21.6,8.3000000000000007,1.6,10.3,98.4,2590]
["Applied Science","x",3,19.100000000000001,33.200000000000003,29.9,13.1,1.6,3.1,98.4,1438]
["Health & Social Care",1.3,8.1999999999999993,25.8,31.6,22.9,8.6999999999999993,1.5,9.4,98.5,4945]
["Leisure And Recreation",1.4,13,33,34,14.4,4.2,0,14.4,100,215]
["Media",1.8,15.6,38.5,26.1,9.6,7.3,"x",17.399999999999999,99.1,218]
["Performing Arts",6.2,16.3,32.799999999999997,28.1,13.3,2.7,0.6,22.5,99.4,777]
["Travel & Tourism",1.5,10.7,29.9,34.6,17.5,4.8,0.9,12.3,99.1,1167]
["All subjects",2.7,9.6999999999999993,27.5,31.1,20.2,7.5,1.2,12.4,98.8,14342]
[]
[null,null,null,null,null,null,null,null,null,null,"Source: 2012/13 Key Stage 5 attainment data (revised)"]
["1. Covers Applied Single Award A level results for the  2012/13 academic year."]
["2. Covers students aged 16, 17 or 18 at the start of the 2012/13 academic year, i.e. 31 August 2012."]
["3. Includes ungraded, no award (absent/declined) and pending."]
["4. Information, Communication and Technology."]
[]
["x Percentages have been suppressed where underlying figures are less than 3."]
["Note: where qualifications taken by a student are in the same subject area and similar in content ‘discounting’ rules have been applied to avoid double counting qualifications. Refer to the Technical Notes section of the SFR."]

{"sheet":"Table 6","index":17,"n_rows":54,"n_cols":9,"rows_kept":54,"cut":false,"hidden":false,"merged":[[4,0,5,0],[4,1,4,7],[4,8,5,8],[53,0,54,8]]}
["Table 6: GCE Applied Single Award AS level examination results1 of students aged 16 to 182 by gender, subject and grade"]
["Year: 2012/13 (Revised)"]
["Coverage: England"]
[]
["Gender/Subject","Percentage achieving grade",null,null,null,null,null,null,"Number of entries"]
[null,"A","B","C","D","E","Other3","A-E"]
[]
["Males and Females"]
["Applied Art & Design",18.399999999999999,26.3,23.6,18.899999999999999,8.5,4.4000000000000004,95.6,365]
["Applied Business",8.8000000000000007,21.3,27.7,22.6,12.5,7.1,92.9,8114]
["Applied Engineering",6.8,15.5,27.6,21.6,13.9,14.6,85.4,453]
["Applied ICT4",3.2,11.8,23.5,25.8,19.7,16,84,9302]
["Applied Science",1.4,9.1,23.7,28.6,21.6,15.6,84.4,4773]
["Health & Social Care",6.7,18.5,26.9,24.3,14.6,9,91,8407]
["Leisure & Recreation",2.4,17,30.6,27.5,14.9,7.5,92.5,657]
["Media",11.6,23.8,27.7,20.399999999999999,10.4,6,94,499]
["Performing Arts",17,30.6,26.9,14.2,6.4,4.9000000000000004,95.1,1509]
["Travel & Tourism",7.6,22.6,28,23.2,11.4,7.1,92.9,2396]
["All subjects",6.2,17,25.9,24.3,15.7,10.9,89.1,36475]
[]
["Males"]
["Applied Art & Design",9.6999999999999993,18.3,28,22.6,15.1,6.5,93.5,93]
["Applied Business",6,17.2,27.7,25.3,14.5,9.3000000000000007,90.7,4276]
["Applied Engineering",7.1,15.2,27.4,21.7,13.1,15.5,84.5,420]
["Applied ICT4",2.7,10.1,21.7,25.4,21.5,18.600000000000001,81.400000000000006,6067]
["Applied Science",1.3,6,20.100000000000001,28.5,24.7,19.5,80.5,2238]
["Health & Social Care",2,8.5,17.5,26.5,26.2,19.3,80.7,446]
["Leisure & Recreation",1.8,11.1,30,28.4,19.100000000000001,9.6,90.4,387]
["Media",6.9,16.3,28.6,25.7,13.9,8.6,91.4,245]
["Performing Arts",12.7,24.4,27.2,16.3,10.7,8.6999999999999993,91.3,393]
["Travel & Tourism",3.6,17.3,24.9,26.9,15.8,11.4,88.6,770]
["All subjects",3.9,12.5,23.8,25.7,19.2,15,85,15335]
[]
["Females"]
["Applied Art & Design",21.3,29,22.1,17.600000000000001,6.3,3.7,96.3,272]
["Applied Business",11.8,25.9,27.7,19.600000000000001,10.199999999999999,4.8,95.2,3838]
["Applied Engineering","x",18.2,30.3,21.2,24.2,"x",97,33]
["Applied ICT4",4,14.9,27,26.6,16.2,11.3,88.7,3235]
["Applied Science",1.6,11.8,26.9,28.7,18.899999999999999,12.1,87.9,2535]
["Health & Social Care",6.9,19.100000000000001,27.5,24.2,13.9,8.4,91.6,7961]
["Leisure & Recreation",3.3,25.6,31.5,26.3,8.9,4.4000000000000004,95.6,270]
["Media",16.100000000000001,31.1,26.8,15.4,7.1,3.5,96.5,254]
["Performing Arts",18.5,32.700000000000003,26.8,13.4,4.9000000000000004,3.6,96.4,1116]
["Travel & Tourism",9.5,25.2,29.5,21.5,9.3000000000000007,5,95,1626]
["All subjects",7.8,20.399999999999999,27.5,23.3,13.1,7.9,92.1,21140]
[]
[null,null,null,null,null,null,null,null,"Source: 2012/13 Key Stage 5 attainment data (revised)"]
["1. Covers Applied Single Award AS level results for the 2012/13 academic year."]
["2. Covers students aged 16, 17 or 18 at the start of the 2012/13 academic year, i.e. 31 August 2012."]
["3. Includes ungraded, no award (absent/declined) and pending."]
["4. Information, Communication and Technology."]
[]
["x Percentages have been suppressed where underlying figures are less than 3."]
["Note: where qualifications taken by a student are in the same subject area and similar in content, ‘discounting’ rules have been applied to avoid double counting qualifications. Refer to the Technical Notes section of the SFR."]

{"sheet":"Table 7","index":18,"n_rows":42,"n_cols":16,"rows_kept":42,"cut":false,"hidden":false,"merged":[[4,0,5,0],[4,1,4,14],[4,15,5,15]]}
["Table 7: GCE Applied Double Award A level examination results1 of students aged 16 to 182 by gender, subject and grade"]
["Year: 2012/13 (Revised)"]
["Coverage: England"]
[]
["Gender/Subject","Percentage achieving grade",null,null,null,null,null,null,null,null,null,null,null,null,null,"Number of entries"]
[null,"A*A*","A*A","AA","AB","BB","BC","CC","CD","DD","DE","EE","Other3","A*A*-AA","A*A*-EE"]
[]
["Males and Females"]
["Applied Art & Design",8.9,7.1,8.3000000000000007,13.9,12.5,14.8,8.6,11.6,9.1999999999999993,3,1.8,"x",24.3,99.7,337]
["Applied Business",1.1000000000000001,5.2,2.5,10.9,15.7,16.7,18.100000000000001,12.4,10.1,5,1.8,0.6,8.8000000000000007,99.4,1066]
["Applied ICT4","x",1.4,1.2,5.6,12.3,11.8,16.899999999999999,15.3,16,10.9,5.6,2.6,3,97.4,431]
["Applied Science",0,0,0,2.1,2.7,11.2,14.5,21.5,18.100000000000001,15.4,10.3,4.2,0,95.8,331]
["Health & Social Care",0.1,3.4,1.5,8.1999999999999993,12.9,17.399999999999999,16.100000000000001,15.1,12.5,7.4,4.3,1.1000000000000001,5,98.9,2031]
["Travel & Tourism","x","x",3.2,14,10.8,22.6,17.2,15.1,5.4,8.6,0,0,6.5,100,93]
["All subjects",1.1000000000000001,3.6,2.2000000000000002,8.6999999999999993,12.7,16.100000000000001,16,14.6,12.3,7.4,4,1.3,6.9,98.7,4289]
[]
["Males"]
["Applied Art & Design",5.2,4.0999999999999996,5.2,10.3,16.5,11.3,7.2,15.5,16.5,5.2,3.1,0,14.4,100,97]
["Applied Business",0.6,2.9,2.6,8.5,16.2,16.100000000000001,19.100000000000001,13.8,10.9,6.9,1.8,0.5,6.1,99.5,622]
["Applied ICT4","x",1.4,0.8,5.0999999999999996,11.6,11.9,17.8,14.6,16.8,11.1,5.9,2.4,2.7,97.6,370]
["Applied Science",0,0,0,2.5,"x",10.8,15.9,22.3,17.2,12.1,13.4,5.0999999999999996,0,94.9,157]
["Health & Social Care",0,"x","x",5.6,5.6,9.3000000000000007,"x",22.2,16.7,20.399999999999999,11.1,"x","x",98.1,54]
["Travel & Tourism",0,"x","x",0,"x",36.799999999999997,31.6,"x",0,"x",0,0,"x",100,19]
["All subjects",0.8,2.2000000000000002,2,6.7,12.5,13.9,17.100000000000001,15.4,13.8,9.1999999999999993,4.8,1.6,5,98.4,1319]
[]
["Females"]
["Applied Art & Design",10.4,8.3000000000000007,9.6,15.4,10.8,16.3,9.1999999999999993,10,6.3,2.1,1.3,"x",28.3,99.6,240]
["Applied Business",1.8,8.3000000000000007,2.5,14.2,14.9,17.600000000000001,16.7,10.4,9,2.2999999999999998,1.8,0.7,12.6,99.3,444]
["Applied ICT4",0,"x","x",8.1999999999999993,16.399999999999999,11.5,11.5,19.7,11.5,9.8000000000000007,"x","x",4.9000000000000004,96.7,61]
["Applied Science",0,0,0,1.7,4.5999999999999996,11.5,13.2,20.7,19,18.399999999999999,7.5,3.4,0,96.6,174]
["Health & Social Care",0.2,3.4,1.5,8.3000000000000007,13.1,17.600000000000001,16.399999999999999,14.9,12.4,7,4.0999999999999996,1.1000000000000001,5.0999999999999996,98.9,1977]
["Travel & Tourism","x","x","x",17.600000000000001,12.2,18.899999999999999,13.5,17.600000000000001,6.8,8.1,0,0,5.4,100,74]
["All subjects",1.2,4.3,2.2999999999999998,9.6,12.7,17,15.5,14.3,11.6,6.7,3.6,1.1000000000000001,7.8,98.9,2970]
[]
[null,null,null,null,null,null,null,null,null,null,null,null,null,null,null,"Source: 2012/13 Key Stage 5 attainment data (revised)"]
["1. Covers Applied Double Award A level results for the 2012/13 academic year."]
["2. Covers students aged 16, 17 or 18 at the start of the 2012/13 academic year, i.e. 31 August 2012."]
["3. Includes ungraded, no award (absent/declined) and pending."]
["4. Information, Communication and Technology."]
[]
["x Percentages have been suppressed where underlying figures are less than 3."]
["Note: where qualifications taken by a student are in the same subject area and similar in content ‘discounting’ rules have been applied to avoid double counting qualifications. Refer to the Technical Notes section of the SFR."]

{"sheet":"Table 8","index":19,"n_rows":43,"n_cols":13,"rows_kept":43,"cut":false,"hidden":false,"merged":[[4,0,5,0],[4,1,4,11],[4,12,5,12]]}
["Table 8: GCE Applied Double Award AS level examination results1 of students aged 16 to 182 by gender, subject and grade"]
["Year: 2012/13 (Revised)"]
["Coverage: England"]
[]
["Gender/Subject","Percentage achieving grade",null,null,null,null,null,null,null,null,null,null,"Number of entries"]
[null,"AA","AB","BB","BC","CC","CD","DD","DE","EE","Other3","AA-EE"]
[]
["Males and Females"]
["Applied Art & Design",21.2,12.2,13.9,14.2,13.9,8,5.2,4.2,4.2,3.1,96.9,288]
["Applied Business",7.3,9,10,11.4,13.9,14.2,11.2,10.3,5.7,7,93,1093]
["Applied ICT4",2.9,5.3,8,11.6,12.4,13.3,12.4,12.7,9.8000000000000007,11.6,88.4,450]
["Applied Science",0.7,1,3.6,6,11.1,12.3,15.2,16.2,12.8,21,79,414]
["Health & Social Care",4.2,5.7,10.5,13,14.9,14.7,12.7,10,6.3,8.1,91.9,2630]
["Travel & Tourism",6.7,6.7,18,18,18,10.1,6.7,9,3.4,3.4,96.6,89]
["All subjects",5.5,6.4,9.9,12.1,14.1,13.8,12,10.5,6.8,8.9,91.1,4964]
[]
["Males"]
["Applied Art & Design",8.3000000000000007,6.9,16.7,13.9,12.5,9.6999999999999993,9.6999999999999993,8.3000000000000007,6.9,6.9,93.1,72]
["Applied Business",4.8,8,7.8,10.9,12.5,14.5,14.2,12.1,6.5,8.6,91.4,688]
["Applied ICT4",3.1,5.2,7,10.9,13.4,13.4,12.4,12.7,9.6,12.4,87.6,387]
["Applied Science","x","x",2.8,5.6,9.4,8.5,15,18.8,12.7,25.8,74.2,213]
["Health & Social Care","x",3.1,"x",3.1,7.1,14.3,22.4,13.3,10.199999999999999,23.5,76.5,98]
["Travel & Tourism",0,"x","x",17.600000000000001,29.4,0,"x","x","x","x",94.1,17]
["All subjects",3.7,5.8,7,9.8000000000000007,12.1,12.9,14.1,13,8.5,12.9,87.1,1475]
[]
["Females"]
["Applied Art & Design",25.5,13.9,13,14.4,14.4,7.4,3.7,2.8,3.2,1.9,98.1,216]
["Applied Business",11.6,10.6,13.6,12.3,16.3,13.6,5.9,7.4,4.2,4.4000000000000004,95.6,405]
["Applied ICT4","x",6.3,14.3,15.9,6.3,12.7,12.7,12.7,11.1,6.3,93.7,63]
["Applied Science","x",1.5,4.5,6.5,12.9,16.399999999999999,15.4,13.4,12.9,15.9,84.1,201]
["Health & Social Care",4.3,5.8,10.8,13.3,15.2,14.7,12.3,9.9,6.2,7.5,92.5,2532]
["Travel & Tourism",8.3000000000000007,5.6,19.399999999999999,18.100000000000001,15.3,12.5,6.9,9.6999999999999993,"x","x",97.2,72]
["All subjects",6.3,6.6,11.1,13,15,14.1,11.1,9.4,6.1,7.2,92.8,3489]
[]
[null,null,null,null,null,null,null,null,null,null,null,null,"Source: 2012/13 Key Stage 5 attainment data (revised)"]
["1. Covers Applied Double Award AS level results for the 2012/13 academic year."]
["2. Covers students aged 16, 17 or 18 at the start of the 2012/13 academic year, i.e. 31 August 2012."]
["3. Includes ungraded, no award (absent/declined) and pending."]
["4. Information, Communication and Technology."]
[]
["x Percentages have been suppressed where underlying figures are less than 3."]
["Note: where qualifications taken by a student are in the same subject area and similar in content ‘discounting’ rules have been applied to avoid double counting qualifications."]
["Refer to the Technical Notes section of the SFR."]

{"sheet":"Table 9","index":20,"n_rows":45,"n_cols":33,"rows_kept":45,"cut":false,"hidden":false,"merged":[[35,0,35,15],[4,1,4,10],[4,12,4,21],[4,23,4,32],[5,0,6,0],[5,1,5,9],[5,10,6,10],[5,12,5,20],[5,21,6,21],[5,23,5,31],[5,32,6,32]]}
["Table 9: GCE A level examination results1 of students aged 16 to 182 by institution type, gender and grade"]
["Year: 2012/13 (Revised)"]
["Coverage: England"]
[]
[null,"Males and Females",null,null,null,null,null,null,null,null,null,null,"Males",null,null,null,null,null,null,null,null,null,null,"Females"]
["Institution type","Percentage achieving grade",null,null,null,null,null,null,null,null,"Number of entries",null,"Percentage achieving grade",null,null,null,null,null,null,null,null,"Number of entries",null,"Percentage achieving grade",null,null,null,null,null,null,null,null,"Number of entries"]
[null,"A*","A","B","C","D","E","Other3","A*-A","A*-E",null,null,"A*","A","B","C","D","E","Other3","A*-A","A*-E",null,null,"A*","A","B","C","D","E","Other3","A*-A","A*-E"]
[]
["State-funded mainstream schools4",6.8,17.600000000000001,26.8,25.4,15.7,6.4,1.2,24.4,98.8,440579,null,7.2,16.899999999999999,24.7,25,17,7.6,1.6,24.1,98.4,201783,null,6.5,18.100000000000001,28.6,25.8,14.6,5.5,1,24.6,99,238796]
[]
["All state-funded schools 5",6.8,17.600000000000001,26.8,25.4,15.7,6.4,1.2,24.4,98.8,440601,null,7.2,16.899999999999999,24.7,25,17,7.6,1.6,24.1,98.4,201800,null,6.5,18.100000000000001,28.6,25.8,14.6,5.5,1,24.6,99,238801]
["of which:"]
["  Local authority maintained mainstream schools6",5.9,15.6,25.9,26.7,17.2,7.3,1.4,21.4,98.6,178718,null,6.2,15.1,23.9,26,18.5,8.5,1.8,21.3,98.2,82133,null,5.5,16,27.6,27.3,16.2,6.3,1.1000000000000001,21.5,98.9,96585]
["  Sponsored academies",3.7,11.4,23.3,27.9,21.3,9.6999999999999993,2.7,15.1,97.3,23364,null,4.2,11.2,21.1,26.4,22.6,11.3,3.1,15.4,96.9,10355,null,3.3,11.5,25.1,29.2,20.2,8.3000000000000007,2.2999999999999998,14.9,97.7,13009]
["  Converter academies",7.9,19.7,27.8,24.2,14,5.5,1,27.5,99,237148,null,8.1999999999999993,18.8,25.7,24.2,15.3,6.5,1.2,27,98.8,108498,null,7.6,20.399999999999999,29.6,24.2,12.9,4.5,0.8,28,99.2,128650]
["  Mainstream free schools, university technical colleges (UTCs) and studio schools",4.7,15.3,24.2,26.4,19.100000000000001,8.9,1.6,20,98.4,451,null,5.3,15.7,22.9,26.3,18.600000000000001,9.3000000000000007,1.9,21,98.1,376,null,"x",13.3,30.7,26.7,21.3,6.7,0,14.7,100,75]
["  State-funded special schools, hospital schools, pupil referral units (PRUs) and alternative provision (AP) free schools7",0,"x",22.7,18.2,18.2,31.8,"x","x",95.5,22,null,0,"x",29.4,17.600000000000001,23.5,17.600000000000001,"x","x",94.1,17,null,0,0,0,"x",0,80,0,0,100,5]
[]
["Independent schools",17.399999999999999,32.6,26.2,14.3,6.4,2.4,0.7,50,99.3,111262,null,17,30.6,25.9,15.4,7.3,3,0.8,47.6,99.2,56422,null,17.8,34.5,26.6,13.2,5.4,1.8,0.5,52.4,99.5,54840]
["of which:"]
["  Independent schools",17.399999999999999,32.6,26.2,14.3,6.3,2.4,0.7,50,99.3,111048,null,17,30.7,25.9,15.4,7.2,3,0.8,47.7,99.2,56280,null,17.899999999999999,34.6,26.6,13.2,5.4,1.8,0.5,52.4,99.5,54768]
["  Independent special schools and non-maintained special schools8","x",13.6,30.4,27.6,16.399999999999999,9.3000000000000007,1.9,14.5,98.1,214,null,"x",13.4,26.1,26.8,17.600000000000001,12,2.8,14.8,97.2,142,null,0,13.9,38.9,29.2,13.9,4.2,0,13.9,100,72]
[]
["All schools",9,20.6,26.7,23.2,13.8,5.6,1.1000000000000001,29.5,98.9,551863,null,9.3000000000000007,19.899999999999999,25,22.9,14.9,6.6,1.4,29.2,98.6,258222,null,8.6,21.2,28.2,23.4,12.9,4.8,0.9,29.8,99.1,293641]
[]
["FE sector colleges",5.2,14.6,26.1,27,17.5,7.8,1.7,19.8,98.3,221788,null,5.3,13.8,23.8,26.6,19,9.4,2.2000000000000002,19.100000000000001,97.8,95470,null,5.0999999999999996,15.3,27.9,27.4,16.399999999999999,6.5,1.4,20.3,98.6,126318]
["of which:"]
["  Sixth form colleges",5.7,15.9,26.5,26,16.600000000000001,7.6,1.6,21.6,98.4,156907,null,5.7,14.9,24,25.9,18.2,9.1999999999999993,2.1,20.6,97.9,68852,null,5.6,16.8,28.5,26.1,15.4,6.3,1.2,22.4,98.8,88055]
["  Other FE sector colleges9",3.9,11.5,25.2,29.4,19.7,8.1999999999999993,2,15.4,98,64881,null,4.2,10.9,23.2,28.3,21.1,9.8000000000000007,2.4,15.2,97.6,26618,null,3.7,11.8,26.6,30.2,18.7,7.1,1.7,15.6,98.3,38263]
[]
["All schools and FE sector colleges",7.9,18.899999999999999,26.5,24.3,14.9,6.2,1.3,26.7,98.7,773651,null,8.1999999999999993,18.2,24.7,23.9,16,7.4,1.6,26.5,98.4,353692,null,7.6,19.399999999999999,28.1,24.6,13.9,5.3,1,27,99,419959]
[]
[null,null,null,null,null,null,null,null,null,null,null,null,null,null,null,null,null,null,null,null,null,null,null,null,null,null,null,null,null,null,null,null,"Source: 2012/13 Key Stage 5 attainment data (revised)"]
["1. Covers A level results for the 2012/13 academic year."]
["2. Covers students aged 16, 17 or 18 at the start of the 2012/13 academic year, i.e. 31 August 2012."]
["3. Includes ungraded, no award (absent/declined) and pending."]
["4. Academies (sponsor and converter mainstream); community, voluntary aided, voluntary controlled and foundation schools; city technology colleges (CTCs), free schools (mainstream, UTC, studio school, 16-19)."]
["5. All state-funded schools figures include city technology colleges CTCs. Separate figures for CTCs are not shown in the table."]
["6. Community, voluntary aided, voluntary controlled and foundation schools."]
["7. Community special, foundation special, community hospital and foundation hospital schools; PRUs; special academies; converter academy special schools; special free schools; and AP free schools"]
["8. Independent special schools, independent schools approved to take pupils with special educational needs (SEN) and non-maintained special schools."]
["9. Further education sector colleges; other government department funded colleges; and special colleges."]
[]
["x Percentages have been suppressed where underlying figures are less than 3."]
["Note: Where qualifications taken by a student are in the same subject area and similar in content, ‘discounting’ rules have been applied to avoid double counting qualifications. Refer to the Technical Notes section of the SFR."]

{"sheet":"Table 10","index":21,"n_rows":53,"n_cols":11,"rows_kept":53,"cut":false,"hidden":false,"merged":[[52,0,52,10],[4,0,5,0],[4,1,4,9],[4,10,5,10],[49,0,49,4],[50,0,50,10]]}
["Table 10: GCE A level examination results1 of state-funded school students aged 16 to 182 by admission basis, gender and grade"]
["Year: 2012/13 (Revised)"]
["Coverage: England"]
[]
["Admission Policy / Gender","Percentage achieving grade",null,null,null,null,null,null,null,null,"Number of entries"]
[null,"A*","A","B","C","D","E","Other3","A*-A","A*-E"]
[]
["Males and Females"]
[]
["    All state-funded schools, state-funded special",6.8,17.600000000000001,26.8,25.4,15.7,6.4,1.2,24.4,98.8,440601]
["    schools, hospital schools and PRUs4"]
[]
["    Of which;"]
[]
["       Comprehensive Schools",5.6,15.5,26.5,26.9,17.100000000000001,7.1,1.4,21.1,98.6,348126]
[]
["       Selective Schools ",12.7,27.9,28.8,18.3,8.5,3.1,0.6,40.6,99.4,80106]
[]
["       Modern Schools",2.5,8.1,22.6,31.1,23,10.5,2.2000000000000002,10.6,97.8,8138]
[]
["Males"]
[]
["    All state-funded schools, state-funded special",7.2,16.899999999999999,24.7,25,17,7.6,1.6,24.1,98.4,201800]
["    schools, hospital schools and PRUs4"]
[]
["    Of which;"]
[]
["       Comprehensive Schools",5.8,14.7,24.2,26.5,18.600000000000001,8.4,1.7,20.5,98.3,158415]
[]
["       Selective Schools ",13.4,27,27.3,18.5,9.4,3.6,0.8,40.5,99.2,38444]
[]
["       Modern Schools",2.2000000000000002,7,19.100000000000001,29.9,26.2,12.9,2.7,9.1999999999999993,97.3,3196]
[]
["Females"]
[]
["    All state-funded schools, state-funded special",6.5,18.100000000000001,28.6,25.8,14.6,5.5,1,24.6,99,238801]
["    schools, hospital schools and PRUs4"]
[]
["    Of which;"]
[]
["       Comprehensive Schools",5.4,16.100000000000001,28.4,27.2,15.9,5.9,1.1000000000000001,21.6,98.9,189711]
[]
["       Selective Schools ",11.9,28.8,30.2,18.2,7.7,2.7,0.4,40.700000000000003,99.6,41662]
[]
["       Modern Schools",2.7,8.8000000000000007,24.8,31.9,20.9,9,1.9,11.6,98.1,4942]
[]
[null,null,null,null,null,null,null,null,null,null,"Source: 2012/13 Key Stage 5 attainment data (revised)"]
["1. Covers A level results for the 2012/13 academic year."]
["2. Covers students aged 16, 17 or 18 at the start of the 2012/13 academic year, i.e. 31 August 2012."]
["3. Includes ungraded, no award (absent/declined) and pending."]
["4. Sponsor and converter Academies; community, voluntary aided, voluntary controlled and foundation schools; CTCs; free Schools (mainstream, special, UTC, Studio School, 16-19); hospital and special schools; pupil referral units."]
[]
["Note: Where qualifications taken by a student are in the same subject area and similar in content, ‘discounting’ rules have been applied to avoid double counting qualifications. Refer to the Technical Notes section of the SFR."]

{"sheet":"Table 11a","index":22,"n_rows":75,"n_cols":11,"rows_kept":75,"cut":false,"hidden":false,"merged":[[74,0,75,9],[4,1,4,9],[5,1,5,9],[5,10,6,10],[67,0,68,9],[69,0,69,5],[70,0,70,4]]}
["Table 11a: GCE A level examination results1 of state-funded school2 students aged 16 to 183 by subject and grade"]
["Year: 2012/13 (Revised)"]
["Coverage: England"]
[]
[null,"Males and Females"]
["Subject","Percentage achieving grade",null,null,null,null,null,null,null,null,"Number of entries"]
[null,"A*","A","B","C","D","E","Other3","A*-A ","A*-E "]
[]
["Biological Sciences",7,19,24.6,22.3,16.5,9.1,1.5,26,98.5,34486]
["Chemistry",7.3,24.1,27.8,19.7,12.9,6.8,1.3,31.4,98.7,27525]
["Physics",8.5,20.399999999999999,23.6,20.5,15.2,9.6999999999999993,2.1,28.9,97.9,18850]
["Other Science",7.4,18.5,25.4,23,16,7.5,2.2999999999999998,25.9,97.7,1319]
[]
["Mathematics",15.4,26.1,23,17,11.3,6,1.3,41.5,98.7,45532]
["Further Mathematics",24.4,30,23.8,11.8,6.4,3.1,0.6,54.3,99.4,6774]
[]
["Design and Technology",2.9,11.6,24.7,28.3,21.4,9.4,1.7,14.5,98.3,9569]
["Computer Studies",4.5999999999999996,14.2,21.1,25.6,20,12.2,2.2999999999999998,18.8,97.7,1445]
["ICT4",1.9,9,23.5,29.4,23.4,11.1,1.6,11,98.4,4431]
[]
["Home Economics","x",13.5,15.7,31.5,24.7,10.1,3.4,14.6,96.6,178]
[]
["Accounting and Finance",0.8,10.199999999999999,20.2,25.4,23.2,15.3,4.9000000000000004,11,95.1,737]
["Business Studies",3.4,12.7,29.1,30.3,17.7,6.1,0.7,16.100000000000001,99.3,14525]
["Economics",5.9,23.5,30.9,22.9,11.8,4.3,0.6,29.4,99.4,11182]
["Geography",5.2,21.1,29.8,25.6,13.5,4.3,0.5,26.3,99.5,18430]
["Government and Politics",6.4,21.8,28.9,24.3,13,4.9000000000000004,0.7,28.2,99.3,7018]
["History",5.5,17.399999999999999,30.8,28.3,13.6,3.9,0.4,23,99.6,28225]
["Law",3.1,12.8,25.1,27.8,20,9.1,2.2000000000000002,15.8,97.8,4148]
["Psychology",3.9,12.8,26.4,27.5,19.399999999999999,8.1999999999999993,1.8,16.7,98.2,32410]
["Sociology",4.3,14.3,27.6,28.7,17.399999999999999,6.5,1.3,18.600000000000001,98.7,16190]
["Other social studies",6.3,15,27.6,25.4,16,7.1,2.6,21.3,97.4,1344]
[]
["Art and Design",11.6,14.5,28.6,26.5,13.6,4.3,0.9,26.1,99.1,21213]
["Drama",2.9,10.1,31.4,33.4,17.7,4,0.5,13,99.5,7863]
["English",5.4,14.2,28.2,31.6,16.600000000000001,3.7,0.3,19.600000000000001,99.7,49754]
["Media/Film/Television Studies",1.3,9.6999999999999993,31.1,36.299999999999997,17.100000000000001,3.8,0.7,11,99.3,12758]
["Other Communication Studies",2,9.9,30.1,38.9,15.5,3,0.6,11.9,99.4,3332]
[]
["French",4.8,29.5,31.1,20.2,10.4,3.5,0.6,34.299999999999997,99.4,5210]
["German",4.7,27.6,29.3,20.9,12.2,4.8,0.5,32.299999999999997,99.5,2169]
["Spanish",5.0999999999999996,25.4,31.7,22.3,11.2,3.8,0.6,30.4,99.4,3179]
["Other modern languages",11.4,31.7,29,15.6,6.7,3.2,2.2999999999999998,43.1,97.7,2673]
["of which:"]
["  Chinese",3.4,32.299999999999997,45,12.4,4,1.9,1.1000000000000001,35.700000000000003,98.9,378]
["  Italian",9.9,33.799999999999997,34.5,14.8,4.9000000000000004,1.1000000000000001,1.1000000000000001,43.7,98.9,284]
["  Polish",23.7,33.4,14.7,14.7,7.4,4.5999999999999996,1.4,57.1,98.6,434]
["  Russian",27.8,55.6,14.4,"x",0,"x","x",83.3,99.4,180]
[]
["Classical Studies",7.9,25.4,30.6,21.3,10.5,3.5,0.8,33.299999999999997,99.2,1950]
["of which:"]
["  Latin",17.399999999999999,41.5,25.8,11,2.7,1.3,"x",58.9,99.7,299]
["  Greek",17.2,48.3,17.2,13.8,"x",0,0,65.5,100,29]
["  Classical Civilisation",6.5,22.8,30.7,23.6,11.6,4.3,0.5,29.3,99.5,1292]
[]
["Religious Studies",4.3,17.899999999999999,29,26.4,15.8,5.7,0.9,22.1,99.1,12733]
[]
["Music",2.2999999999999998,11.1,23.3,29.4,23.4,8.9,1.5,13.4,98.5,4313]
[]
["Physical Education",3.3,11.5,24.2,26.8,21.5,11,1.6,14.8,98.4,9058]
[]
["General Studies",4.9000000000000004,8.8000000000000007,19.3,25.8,23,13.5,4.7,13.7,95.3,20078]
[]
["All subjects",6.8,17.600000000000001,26.8,25.4,15.7,6.4,1.2,24.4,98.8,440601]
[]
[null,null,null,null,null,null,null,null,null,null,"Source: 2012/13 Key Stage 5 attainment data (revised)"]
["1. Covers A level results for the 2012/13 academic year."]
["2. Sponsor and converter Academies; community, voluntary aided, voluntary controlled and foundation schools; CTCs; free Schools (mainstream, special, UTC, Studio School, 16-19); hospital and special schools; pupil referral units."]
[]
["3. Covers students aged 16, 17 or 18 at the start of the 2012/13 academic year, i.e. 31 August 2012."]
["4. Includes ungraded, no award (absent/declined) and pending."]
["5. Information, Communication and Technology."]
[]
["x Percentages have been suppressed where underlying figures are less than 3."]
["Note: where qualifications taken by a student are in the same subject area and similar in content ‘discounting’ rules have been applied to avoid double counting qualifications. Refer to the Technical Notes section of the SFR."]

{"sheet":"Table 11b","index":23,"n_rows":74,"n_cols":11,"rows_kept":74,"cut":false,"hidden":false,"merged":[[4,1,4,9],[5,1,5,9],[5,10,6,10],[73,0,74,9]]}
["Table 11b: GCE A level  examination results1 of independent school2 students aged 16 to 183 by subject and grade"]
["Year: 2012/13 (Revised)"]
["Coverage: England"]
[]
[null,"Males and Females"]
["Subject","Percentage achieving grade",null,null,null,null,null,null,null,null,"Number of entries"]
[null,"A*","A","B","C","D","E","Other3","A*-A ","A*-E "]
[]
["Biological Sciences",17.100000000000001,32.1,23.9,14.4,7.9,3.7,0.9,49.2,99.1,8837]
["Chemistry",15.2,37.1,26.8,12,6,2.2999999999999998,0.6,52.2,99.4,8617]
["Physics",17,30.9,24.3,14.7,8.1,4,1.1000000000000001,47.9,98.9,6334]
["Other Science",15.7,28.7,25.9,17.399999999999999,7.8,2.7,1.7,44.4,98.3,293]
[]
["Mathematics",29.3,34,18.899999999999999,9.8000000000000007,5.0999999999999996,2.2999999999999998,0.8,63.3,99.2,15591]
["Further Mathematics",40.6,29.5,16.600000000000001,8,3.1,1.5,0.7,70.099999999999994,99.3,3662]
[]
["Design and Technology",9,27.2,30,20.8,9.4,3,0.7,36.200000000000003,99.3,1685]
["Computer Studies",9.6,24.6,24.1,19.3,14.4,6.4,1.6,34.200000000000003,98.4,187]
["ICT4",3.4,13.4,25.2,28.9,17.399999999999999,9.4,2.2000000000000002,16.899999999999999,97.8,551]
[]
["Home Economics",3.4,18.8,28.2,19.7,18.8,5.0999999999999996,6,22.2,94,117]
[]
["Accounting and Finance",6.9,19.3,20.100000000000001,18.5,19.3,6.6,9.3000000000000007,26.3,90.7,259]
["Business Studies",4.7,18.5,31.9,26.3,12.4,4.8,1.4,23.3,98.6,3717]
["Economics",13.1,37.799999999999997,27,13.4,6.1,2.2000000000000002,0.5,50.9,99.5,6874]
["Geography",11.4,36.6,28.9,15.6,5.6,1.6,0.3,48.1,99.7,5583]
["Government and Politics",12.8,34,30.6,14.4,5.9,1.8,0.5,46.8,99.5,2870]
["History",16,35.5,30,13.6,4,0.8,0.1,51.5,99.9,7128]
["Law",6.9,18.100000000000001,23.3,19,14.7,8.6,9.5,25,90.5,116]
["Psychology",9.6,23.5,29.7,20.5,10.6,4.9000000000000004,1.1000000000000001,33.200000000000003,98.9,3513]
["Sociology",8.5,19,30.3,23.3,11.3,4.9000000000000004,2.8,27.4,97.2,390]
["Other social studies",12.3,32.4,32.1,12,7.6,2.6,1,44.6,99,383]
[]
["Art and Design",24.7,26.8,27.8,14.4,4.5,1.6,0.3,51.5,99.7,5442]
["Drama",10.3,27,37.200000000000003,18.899999999999999,5.4,0.9,0.2,37.299999999999997,99.8,1800]
["English",19.100000000000001,28.6,29.4,16.7,5.2,0.9,0.2,47.7,99.8,7790]
["Media/Film/Television Studies",2.7,20.5,32.6,28.4,12.7,2.9,"x",23.2,99.8,482]
["Other Communication Studies",4.5,17,41,24.5,11,1.5,"x",21.5,99.5,200]
[]
["French",11.4,45.3,27.3,11.5,3.2,1,0.3,56.7,99.7,2750]
["German",13.1,49.5,20.399999999999999,11.2,4.8,1,0,62.6,100,877]
["Spanish",13.2,42.2,27.9,12,4,0.7,"x",55.4,99.9,1859]
["Other modern languages",16.100000000000001,42.9,30.1,7.3,1.5,1.2,0.9,59,99.1,3294]
["of which:"]
["  Chinese",5.5,42.2,40.1,8.8000000000000007,1.2,1.4,0.7,47.7,99.3,2015]
["  Italian",18.2,48.8,26.3,5.7,"x",0,0,67,100,209]
["  Polish",56.7,26.7,10,"x",0,0,0,83.3,100,30]
["  Russian",45.4,47.3,5.2,0.8,0.5,"x",0.8,92.7,99.2,656]
[]
["Classical Studies",19.3,37.799999999999997,26.2,11.9,3.6,1.1000000000000001,0.2,57.1,99.8,2331]
["of which:"]
["  Latin",32.200000000000003,42.5,19.600000000000001,4.2,0.9,0.5,0,74.7,100,918]
["  Greek",34.1,53.1,10.9,1.4,"x",0,0,87.2,100,211]
["  Classical Civilisation",6.4,30.8,34.1,20.100000000000001,6.6,1.9,0.3,37.1,99.7,1007]
[]
["Religious Studies",13.3,36.299999999999997,28,14.9,5.5,1.9,0.2,49.6,99.8,3431]
[]
["Music",11.5,30.9,27.3,19.100000000000001,9,1.8,0.4,42.4,99.6,1278]
[]
["Physical Education",6.2,17.7,26.6,23.2,16.2,8.6999999999999993,1.3,23.9,98.7,1693]
[]
["General Studies",9,18.5,24.7,21.4,16,7.9,2.6,27.5,97.4,1328]
[]
["All subjects",17.399999999999999,32.6,26.2,14.3,6.4,2.4,0.7,50,99.3,111262]
[]
[null,null,null,null,null,null,null,null,null,null,"Source: 2012/13 Key Stage 5 attainment data (revised)"]
["1. Covers A level results for the 2012/13 academic year."]
["2. Covers independent special schools, independent schools approved to take pupils with special educational needs (SEN) and non-maintained special schools."]
["3. Covers students aged 16, 17 or 18 at the start of the 2012/13 academic year, i.e. 31 August 2012."]
["4. Includes ungraded, no award (absent/declined) and pending."]
["5. Information, Communication and Technology."]
[]
["x Percentages have been suppressed where underlying figures are less than 3."]
["Note: where qualifications taken by a student are in the same subject area and similar in content ‘discounting’ rules have been applied to avoid double counting qualifications. Refer to the Technical Notes section of the SFR."]

{"sheet":"Table 11c","index":24,"n_rows":74,"n_cols":11,"rows_kept":74,"cut":false,"hidden":false,"merged":[[4,1,4,9],[5,1,5,9],[5,10,6,10],[73,0,74,9]]}
["Table 11c: GCE A level examination results1 of all further education sector college2 students aged 16 to 183 by subject and grade"]
["Year: 2012/13 (Revised)"]
["Coverage: England"]
[]
[null,"Males and Females"]
["Subject","Percentage achieving grade",null,null,null,null,null,null,null,null,"Number of entries"]
[null,"A*","A","B","C","D","E","Other3","A*-A ","A*-E "]
[]
["Biological Sciences",5.9,17,24.2,22.6,17.600000000000001,10.4,2.2999999999999998,22.9,97.7,13912]
["Chemistry",6,20.399999999999999,26.2,21.7,14.7,8.6,2.2999999999999998,26.4,97.7,11179]
["Physics",7.3,17.899999999999999,22.4,20.7,17,11.7,3,25.2,97,6724]
["Other Science",5.7,15.9,24.9,24.2,17.5,9.4,2.5,21.6,97.5,2569]
[]
["Mathematics",11.4,21.7,22.9,19.3,14.5,8.4,1.8,33.200000000000003,98.2,19444]
["Further Mathematics",19.7,29.4,23.5,15.4,7.5,3.8,0.7,49,99.3,2445]
[]
["Design and Technology",3,12.9,25.9,28.4,19.100000000000001,8.6999999999999993,1.9,16,98.1,1214]
["Computer Studies",2.1,11.7,21.2,24.6,21.8,15.1,3.5,13.8,96.5,1767]
["ICT4",0.9,6.6,20.3,32.700000000000003,23,14.3,2.1,7.6,97.9,2714]
[]
["Home Economics",0,"x",22.2,38.9,16.7,13.9,"x","x",97.2,36]
[]
["Accounting and Finance",1.4,13.1,24.6,26.9,20.100000000000001,10.8,3.2,14.5,96.8,2122]
["Business Studies",2.1,9.9,26,31.9,20.6,7.8,1.7,12,98.3,8796]
["Economics",4.2,18.7,28.5,24.9,15.1,7.3,1.3,22.9,98.7,5061]
["Geography",3.7,17.899999999999999,28.8,28.3,15.3,5.2,0.8,21.6,99.2,5706]
["Government and Politics",5,18.399999999999999,27.5,25.5,14.8,7.4,1.5,23.4,98.5,3903]
["History",4.4000000000000004,14.6,27.6,29.9,17.399999999999999,5.0999999999999996,0.9,19,99.1,11067]
["Law",4.7,14.7,25.3,24.9,18.2,9.4,2.8,19.399999999999999,97.2,7480]
["Psychology",3.4,12.6,25.8,27,19.5,9.3000000000000007,2.2999999999999998,16.100000000000001,97.7,17422]
["Sociology",4,13.5,28.8,29.3,16.7,6.3,1.5,17.5,98.5,11373]
["Other social studies",4.0999999999999996,13.6,28.2,25.9,17.7,7.8,2.7,17.7,97.3,2411]
[]
["Art and Design",8.5,14.4,30.7,28.3,13.8,3.4,1,22.9,99,14733]
["Drama",2.9,8,27.1,34.799999999999997,21.3,5.0999999999999996,0.7,10.9,99.3,2877]
["English",4.0999999999999996,11.6,27.3,33,19,4.4000000000000004,0.6,15.7,99.4,25881]
["Media/Film/Television Studies",1,8.1999999999999993,31.6,38.1,17.5,3.1,0.6,9.1999999999999993,99.4,7560]
["Other Communication Studies",1.5,9.6999999999999993,33.5,36.9,15.2,2.6,0.7,11.2,99.3,4973]
[]
["French",4.5999999999999996,26.9,29.8,20.7,12.9,4,1.1000000000000001,31.5,98.9,1918]
["German",8.1,29,26.1,20.5,10.4,5.2,0.7,37.1,99.3,728]
["Spanish",5.0999999999999996,24.3,29.1,21.9,12.4,6,1.2,29.4,98.8,1478]
["Other modern languages",11.1,33.700000000000003,31.4,14.5,5.2,2.1,2,44.8,98,1117]
["of which:"]
["  Chinese",1.5,38.6,41.9,12.1,4,1.5,"x",40.1,99.6,272]
["  Italian",8.5,29.6,32.299999999999997,18.5,6.9,2.1,2.1,38.1,97.9,189]
["  Polish",22.6,33.299999999999997,20.8,12.6,4.4000000000000004,3.8,2.5,56,97.5,159]
["  Russian",26.3,56.6,13.2,"x","x",0,0,82.9,100,76]
[]
["Classical Studies",3.8,13,29.9,27.9,16.8,7.3,1.3,16.7,98.7,1799]
["of which:"]
["  Latin",12.5,37.5,34.4,"x","x","x","x",50,96.9,32]
["  Greek",0,"x",0,0,0,0,0,"x","x","x"]
["  Classical Civilisation",4,13.3,30.1,27.3,16,7.9,1.4,17.3,98.6,1321]
[]
["Religious Studies",2.6,15.3,29.1,28.6,16.5,6.2,1.7,17.899999999999999,98.3,3007]
[]
["Music",2.6,10.7,22.8,28.8,23.4,10.199999999999999,1.5,13.3,98.5,2064]
[]
["Physical Education",4.2,12.2,24.8,27.1,20.6,9.6,1.4,16.5,98.6,4262]
[]
["General Studies",3.5,6.3,16.7,24.1,25.9,19.3,4.2,9.8000000000000007,95.8,12046]
[]
["All subjects",5.2,14.6,26.1,27,17.5,7.8,1.7,19.8,98.3,221788]
[]
[null,null,null,null,null,null,null,null,null,null,"Source: 2012/13 Key Stage 5 attainment data (revised)"]
["1. Covers A level results for the 2012/13 academic year."]
["2. Covers Sixth Form colleges, Further Education sector college; other government department funded colleges; and special colleges."]
["3. Covers students aged 16, 17 or 18 at the start of the 2012/13 academic year, i.e. 31 August 2012."]
["4. Includes ungraded, no award (absent/declined) and pending."]
["5. Information, Communication and Technology."]
[]
["x Percentages have been suppressed where underlying figures are less than 3."]
["Note: where qualifications taken by a student are in the same subject area and similar in content ‘discounting’ rules have been applied to avoid double counting qualifications. Refer to the Technical Notes section of the SFR."]

{"sheet":"Table 11d","index":25,"n_rows":74,"n_cols":11,"rows_kept":74,"cut":false,"hidden":false,"merged":[[4,1,4,9],[5,1,5,9],[5,10,6,10],[73,0,74,9]]}
["Table 11d: GCE A level examination results1 of sixth form college2 students aged 16 to 183 by subject and grade"]
["Year: 2012/13 (Revised)"]
["Coverage: England"]
[]
[null,"Males and Females"]
["Subject","Percentage achieving grade",null,null,null,null,null,null,null,null,"Number of entries"]
[null,"A*","A","B","C","D","E","Other3","A*-A ","A*-E "]
[]
["Biological Sciences",6.4,18.7,25.1,21.6,16.399999999999999,9.6,2.2999999999999998,25.1,97.7,10052]
["Chemistry",6.7,21.7,26.9,21.2,13.9,7.6,2,28.4,98,8364]
["Physics",7.7,19.7,22.7,20.2,15.8,10.8,3.2,27.3,96.8,4690]
["Other Science",5.7,16.2,25.1,23.4,17.399999999999999,9.6,2.6,21.9,97.4,1818]
[]
["Mathematics",11.9,22.6,23.1,19,14,7.8,1.6,34.5,98.4,14089]
["Further Mathematics",19.899999999999999,30.6,23.4,15,6.8,3.8,0.5,50.5,99.5,1836]
[]
["Design and Technology",3.2,12.7,26,28,19.3,8.9,1.9,15.9,98.1,1070]
["Computer Studies",2,12.5,20.5,23.5,22.5,15.2,3.7,14.5,96.3,1336]
["ICT4",1.1000000000000001,7.2,20.8,32.299999999999997,22.4,13.9,2.2999999999999998,8.3000000000000007,97.7,1685]
[]
["Home Economics",0,"x",20,40,16.7,13.3,"x","x",96.7,30]
[]
["Accounting and Finance",1.5,13.5,25.5,27,18.600000000000001,11.2,2.7,15,97.3,1388]
["Business Studies",2.2999999999999998,11,26.9,31.4,19.5,7.3,1.6,13.4,98.4,5604]
["Economics",4.4000000000000004,20.6,29.2,24.6,13.9,6.3,0.9,25,99.1,3930]
["Geography",4.0999999999999996,19.5,29.2,27,14.5,5,0.7,23.6,99.3,3916]
["Government and Politics",5.7,20.8,28.8,24.3,12.7,6.5,1.1000000000000001,26.5,98.9,2840]
["History",5.5,17,29.5,28.3,14.7,4.3,0.6,22.5,99.4,7695]
["Law",5.0999999999999996,16.2,26.4,24.3,16.600000000000001,8.8000000000000007,2.5,21.4,97.5,5077]
["Psychology",3.9,14.2,26.4,26.3,18.600000000000001,8.6999999999999993,1.9,18.100000000000001,98.1,11598]
["Sociology",4.3,14.7,29.2,28.1,16.3,6.1,1.2,19.100000000000001,98.8,7038]
["Other social studies",4.5,13.9,28.8,25.6,17.3,7.5,2.5,18.399999999999999,97.5,1718]
[]
["Art and Design",9.6,15.9,30.9,27,12.8,3.2,0.6,25.4,99.4,9984]
["Drama",3.5,9.4,28.4,34.299999999999997,19.7,4,0.7,12.9,99.3,2084]
["English",4.9000000000000004,13.6,28.3,31.6,17.2,4,0.4,18.399999999999999,99.6,17216]
["Media/Film/Television Studies",1.1000000000000001,9,33.5,37.200000000000003,15.9,2.8,0.4,10.199999999999999,99.6,4753]
["Other Communication Studies",1.5,10.3,33.799999999999997,37.5,14.2,2.2000000000000002,0.5,11.7,99.5,3116]
[]
["French",5.2,28,29.5,19.8,12.4,3.7,1.2,33.299999999999997,98.8,1494]
["German",8,28.5,26.8,20.3,10.7,4.9000000000000004,0.8,36.4,99.2,590]
["Spanish",5.3,26.3,29,20.9,11.9,5.7,1,31.6,99,1103]
["Other modern languages",9.9,34.5,32,13.3,5.6,2.7,1.9,44.4,98.1,728]
["of which:"]
["  Chinese",1.6,40.299999999999997,41.9,9.4,4.7,2.1,0,41.9,100,191]
["  Italian",10.4,31.3,29.9,15.7,7.5,3,2.2000000000000002,41.8,97.8,134]
["  Polish",14.7,35.799999999999997,20.2,15.6,6.4,4.5999999999999996,2.8,50.5,97.2,109]
["  Russian",21.4,57.1,16.7,"x","x",0,0,78.599999999999994,100,42]
[]
["Classical Studies",4.5999999999999996,13.7,31.5,26.7,15.7,6.7,1.1000000000000001,18.3,98.9,1335]
["of which:"]
["  Latin",13.8,34.5,34.5,"x","x","x","x",48.3,96.6,29]
["  Greek",0,"x",0,0,0,0,0,"x","x","x"]
["  Classical Civilisation",4.5999999999999996,13.2,32.4,26.3,15.2,7.1,1.2,17.8,98.8,1040]
[]
["Religious Studies",2.6,16.600000000000001,29.5,28.5,15.7,5.5,1.6,19.2,98.4,2366]
[]
["Music",2.9,11.1,22.9,28.9,23.5,9.6,1.1000000000000001,14,98.9,1598]
[]
["Physical Education",4.5999999999999996,13,24.9,26.7,19.8,9.5,1.4,17.7,98.6,3291]
[]
["General Studies",3.5,6.4,16.5,24.1,25.9,19.399999999999999,4.2,9.9,95.8,11475]
[]
["All subjects",5.7,15.9,26.5,26,16.600000000000001,7.6,1.6,21.6,98.4,156907]
[]
[null,null,null,null,null,null,null,null,null,null,"Source: 2012/13 Key Stage 5 attainment data (revised)"]
["1. Covers A level results for the 2012/13 academic year."]
["2. Covers Sixth Form colleges only."]
["3. Covers students aged 16, 17 or 18 at the start of the 2012/13 academic year, i.e. 31 August 2012."]
["4. Includes ungraded, no award (absent/declined) and pending."]
["5. Information, Communication and Technology."]
[]
["x Numbers and percentages have been suppressed where underlying figures are less than 3."]
["Note: where qualifications taken by a student are in the same subject area and similar in content ‘discounting’ rules have been applied to avoid double counting qualifications. Refer to the Technical Notes section of the SFR."]