{"text_format":"1","workbook":"xlsx","n_sheets":26,"sheets":["Contents","Table 1a","Table 1b","Table 1c","Table 1d working","Table 1dsupp","Table 1d","Table 2","Table 2m","Table 2f","Table 3","Table 3m","Table 3f","Table 4","Table 4m","Table 4f","Table 5","Table 6","Table 7","Table 8","Table 9","Table 10","Table 11a","Table 11b","Table 11c","Table 11d"],"not_rendered":{"charts":0,"images":1,"macros":1,"external_links":6,"defined_names":141,"comments":0,"pivot_tables":0},"unopened":[],"bounds":{"document_bytes":16777216,"sheet_cells":100000,"rows_first":2000,"rows_last":500,"rows_between":2000,"halvings":0,"cell_chars":16384,"cell_head_chars":4096},"cells_cut":0,"cells_raw":0,"read":"whole","date_system":"1900"}

{"sheet":"Contents","index":0,"n_rows":31,"n_cols":3,"rows_kept":31,"cut":false,"hidden":false,"merged":[]}
[null,"A level and other level 3 results, academic year 2013 to 2014 (provisional)"]
[null,"National tables"]
[]
[null,"Student-level results"]
[null,"Number","Title"]
[null,"1a","A level and level 3 results by institution type and gender"]
[null,"1b","Time series of A level and level 3 results by gender"]
[null,"1c","A level and level 3 results of state-funded school students by admission basis and gender"]
[null,"1d","Level 3 results by cohort, institution type and gender "]
[]
[null,"A level and AS level examination results"]
[null,"Number","Title"]
[null,2,"A level results of all students by subject and grade"]
[null,"2m","A level results of male students by subject and grade"]
[null,"2f","A level results of female students by subject and grade"]
[null,3,"AS level results of all students by subject and grade"]
[null,"3m","AS level results of male students by subject and grade"]
[null,"3f","AS level results of female students by subject and grade"]
[null,4,"2013  AS level results of all current Year 13 students by subject and grade"]
[null,"4m","2013 AS level results of current Year 13 male students by subject and grade"]
[null,"4f","2013 AS level results of current Year 13 female students by subject and grade"]
[null,5,"Applied single A level results by gender, subject and grade"]
[null,6,"Applied single AS level results by gender, subject and grade"]
[null,7,"Applied double A level results by gender, subject and grade"]
[null,8,"Applied double AS level results by gender, subject and grade"]
[null,9,"A level results of students by institution type, gender and grade"]
[null,10,"A level results of state-funded school students by admission basis, gender and grade"]
[null,"11a","A level results of state-funded school students3by subject and grade"]
[null,"11b","A level results of independent school students by subject and grade"]
[null,"11c","A level results of all further education sector college students by subject and grade"]
[null,"11d","A level results of sixth form college students by subject and grade"]

{"sheet":"Table 1a","index":1,"n_rows":56,"n_cols":36,"rows_kept":56,"cut":false,"hidden":false,"merged":[[36,0,37,7],[6,5,6,7],[6,9,6,11],[4,1,4,15],[4,17,4,35],[5,1,6,3],[5,5,5,11],[5,13,6,15],[5,17,6,19],[5,21,6,23],[5,25,6,27],[5,29,6,31],[5,33,6,35]]}
["Table 1a: A level and level 3 results1,2 3 by institution type and gender"]
["Year: 2013/14 (provisional)"]
["Coverage: England"]
[]
[null,"All level 3 qualifications",null,null,null,null,null,null,null,null,null,null,null,null,null,null,null,"A level"]
[null,"Students entered for at least one substantial level 3 qualification4",null,null,null,"Average point score",null,null,null,null,null,null,null,"Percentage of students achieving at least 2 substantial level 3 qualifications ",null,null,null,"Students entered for at least one A level or Applied single/double award A level5",null,null,null,"Percentage of students achieving 3 A*-A grades or better at A level or Applied single/double award A level 5,6",null,null,null,"Percentage of students achieving grades AAB or better at A level or Applied single/double award A level 5,6",null,null,null,"Percentage of students achieving grades AAB or better at A level, of which at least two are in facilitating subjects7",null,null,null,"Percentage of students achieving grades AAB or better at A level, all of which are in facilitating subjects7"]
["Institution type",null,null,null,null,"Per Student",null,null,null,"Per Entry"]
[null,"Males","Females","Total",null,"Males","Females","Total",null,"Males","Females","Total",null,"Males","Females","Total",null,"Males","Females","Total",null,"Males","Females","Total",null,"Males","Females","Total",null,"Males","Females","Total",null,"Males","Females","Total"]
[]
["All state-funded schools 8",81942,93250,175192,null,753.5,788.1,771.9,null,210.7,217.5,214.4,null,97.5,98.2,97.9,null,69309,83427,152736,null,10.6,9.6,10,null,16.899999999999999,17.100000000000001,17,null,14.5,12.1,13.2,null,10.3,7.1,8.5]
["of which:"]
["  Local authority maintained mainstream schools9",28192,32420,60612,null,728.5,761.3,746,null,207.8,214.7,211.5,null,97.1,98.1,97.6,null,23794,28944,52738,null,9,7.9,8.4,null,14.3,14.8,14.6,null,12.3,10.4,11.3,null,8.8000000000000007,5.9,7.2]
["  Sponsored academies -mainstream",8889,8911,17800,null,668.2,710.8,689.5,null,201.7,209.8,205.8,null,94.7,95.8,95.3,null,5466,6396,11862,null,4,3.4,3.7,null,7.2,7.3,7.2,null,5.9,4.5,5.2,null,4.5,2.4,3.4]
["  Converter academies- mainstream10",44139,51341,95480,null,787,818.2,803.8,null,214.1,220.2,217.4,null,98.4,98.7,98.6,null,39632,47734,87366,null,12.5,11.4,11.9,null,19.8,19.8,19.8,null,17,14.2,15.5,null,12,8.4,10]
["  Mainstream free schools, free school - 16-19, university technical colleges (UTCs), city technology colleges (CTCs) and studio schools",712,569,1281,null,736,813.8,770.6,null,217,231.8,223.7,null,94,97,95.3,null,414,351,765,null,8.6999999999999993,8.5,8.6,null,14,14.5,14.2,null,13.5,9.1,11.5,null,10.1,5.0999999999999996,7.8]
[]
["Independent schools",18366,18267,36633,null,879.8,895,887.4,null,238.9,243.3,241.1,null,97,97.6,97.3,null,16986,17165,34151,null,28,28.8,28.4,null,40,43,41.5,null,34.4,34.6,34.5,null,23,21.4,22.2]
["of which:"]
["  Independent schools",18284,18235,36519,null,881.4,895.7,888.5,null,239.1,243.4,241.2,null,97.1,97.6,97.3,null,16921,17142,34063,null,28.1,28.9,28.5,null,40.200000000000003,43,41.6,null,34.5,34.6,34.6,null,23.1,21.4,22.2]
["  Independent special schools and non-maintained special schools11",82,32,114,null,525.1,480.3,512.5,null,197.2,185.6,194,null,82.9,71.900000000000006,79.8,null,65,23,88,null,0,0,0,null,"x",0,"x",null,"x",0,"x",null,0,0,0]
[]
["All schools",100308,111517,211825,null,776.6,805.6,791.9,null,216,221.8,219.1,null,97.4,98.1,97.8,null,86295,100592,186887,null,14,12.9,13.4,null,21.5,21.5,21.5,null,18.399999999999999,16,17.100000000000001,null,12.8,9.5,11]
[]
["FE sector colleges",96460,107030,203490,null,574.9,625.1,601.29999999999995,null,200.3,211.3,206.2,null,78.2,79.900000000000006,79.099999999999994,null,31307,43128,74435,null,7.4,7,7.2,null,12.3,13.1,12.8,null,9.4,7.5,8.3000000000000007,null,6.3,4,5]
["of which:"]
["  Sixth form colleges",30002,36574,66576,null,719.6,769.7,747.1,null,204.2,213.5,209.4,null,93.6,95.7,94.8,null,22370,29936,52306,null,8.4,8.3000000000000007,8.4,null,13.8,15,14.5,null,10.6,8.9,9.6,null,7.1,4.7,5.8]
["  Other FE sector colleges12",66458,70456,136914,null,509.6,550.1,530.5,null,197.9,209.7,204,null,71.2,71.599999999999994,71.400000000000006,null,8937,13192,22129,null,4.9000000000000004,4,4.3,null,8.6,8.6,8.6,null,6.5,4.4000000000000004,5.3,null,4.3,2.4,3.2]
[]
["State-funded schools and colleges13",178298,200249,378547,null,656.8,701,680.2,null,205.6,214.5,210.4,null,87,88.4,87.8,null,100513,126529,227042,null,9.6,8.6999999999999993,9.1,null,15.5,15.7,15.6,null,12.9,10.6,11.6,null,9.1,6,7.4]
[]
["All schools and FE sector colleges",196768,218547,415315,null,677.8,717.2,698.5,null,209.2,217.2,213.4,null,88,89.2,88.6,null,117602,143720,261322,null,12.3,11.1,11.6,null,19,19,19,null,16,13.4,14.6,null,11.1,7.9,9.3000000000000007]
[]
[null,null,null,null,null,null,null,null,null,null,null,null,null,null,null,null,null,null,null,null,null,null,null,null,null,null,null,null,null,null,null,null,null,null,null,"Source: 2013/14 16-18 attainment data (provisional)"]
["1. Cumulative results achieved in the 2012/13 and 2013/14 academic years."]
["2. Covers students at the end of advanced level study who were entered for at least one substantial level 3 qualification in the 2013/14 academic year."]
["3. Covers students aged 16, 17 or 18 at the start of the 2013/14 academic year, i.e. 31 August 2013."]
["4. A substantial advanced level academic or vocational qualification is defined as a qualification that is at least the size of an A level (180 guided learning hours per year), such as a BTEC Subsidiary Diploma. If a vocational or academic qualification is similar in size to 2 A levels it will be counted as 2 substantial level 3 qualifications."]
[]
["5. Covers A level, applied single award A level and applied double award A level only."]
["6. An applied double award A level at grade A*A* counts as two grade A*s, AA counts as two grade As and an award at grade AB counts as one grade A."]
["7. Covers facilitating A level subjects: biology, chemistry, physics, mathematics, further mathematics, geography, history, English literature, modern and classical languages. Refer to the 'Quality and Methodology Information' document for an explanation of the methodology used to calculate the AAB indicators for facilitating subjects."]
["8. Also includes state-funded special schools, hospital schools, pupil referral units (PRUs) and alternative provision (AP) free schools. Figures for these institution types are not shown separately in the table."]
["9. Community, voluntary aided, voluntary controlled and foundation schools."]
["10. Convertor academies and academy 16-19 converters."]
["11. Independent special schools, independent schools approved to take pupils with special educational needs (SEN) and non-maintained special schools."]
["12. Further education sector colleges; other government department funded colleges; and special colleges."]
["13. Covers all state-funded mainstream schools, academies, free schools, maintained special schools and FE sector colleges. Excludes pupil referral units (PRUs), non-maintained special schools, other government department funded colleges, independent schools, independent special schools and independent schools approved to take pupils with special educational needs (SEN) ."]
[]
["Notes:"]
["x indicates figure has been suppressed where underlying numbers are small (ie, 1 or 2) or where secondary suppression has been applied."]
["Percentages and average point scores are rounded to one decimal place."]
["Where qualifications taken by a student are in the same subject area and similar in content ‘discounting’ rules have been applied to avoid double counting qualifications."]
[]
["Refer to 'Quality and Methodology Information' document."]
[]
[" "]

{"sheet":"Table 1b","index":2,"n_rows":32,"n_cols":24,"rows_kept":32,"cut":false,"hidden":false,"merged":[[4,17,4,23],[1,3,1,4],[4,1,4,15],[5,1,6,3],[5,5,5,11],[5,13,6,15],[5,17,6,19],[5,21,6,23],[6,5,6,7],[6,9,6,11]]}
["Table 1b: Time series of A level and level 31,2 results by gender"]
["Years: 2005/06 to 2013/14"]
["Coverage: England"]
[]
[null,"All level 3 qualifications",null,null,null,null,null,null,null,null,null,null,null,null,null,null,null,"A level3"]
[null,"Students entered for at least one substantial level 3 qualification4",null,null,null,"Average point score",null,null,null,null,null,null,null,"Percentage of students achieving at least 2 substantial level 3 qualifications ",null,null,null,"Students entered for at least one A level or Applied single/double award A level5",null,null,null,"Percentage of students achieving 3 A*-A grades or better at A level or Applied single/double award A level 5,6"]
[null,null,null,null,null,"Per Student",null,null,null,"Per Entry"]
[null,"Males","Females","Total",null,"Males","Females","Total",null,"Males","Females","Total",null,"Males","Females","Total",null,"Males","Females","Total",null,"Males","Females","Total"]
[]
["2005/06",144229,167258,311487,null,700.9,739.3,721.5,null,201.5,210.2,206.2,null,94,96.1,95.1,null,118593,139692,258285,null,10.5,10.9,10.7]
["2006/07",145467,171685,317152,null,713,746.5,731.2,null,203.2,211,207.5,null,94,96.1,95.2,null,113512,136035,249547,null,11.8,12,11.9]
["2007/08",154852,176408,331260,null,719.5,758,740,null,205.4,212.9,209.4,null,94.2,96.3,95.3,null,117441,139169,256610,null,12.1,12.1,12.1]
["2008/09",165207,187166,352373,null,720.4,756,739.3,null,208,214.9,211.7,null,94.1,96,95.1,null,119612,141606,261218,null,12.6,12.7,12.7]
["2009/10",177917,201698,379615,null,728.2,759.6,744.9,null,210.8,217.6,214.4,null,93.9,95.6,94.8,null,122898,144447,267345,null,12.8,12.7,12.8]
["2010/11",174893,197088,371981,null,730.8,759.5,746,null,212.8,219.3,216.2,null,93.9,94.2,94.1,null,118310.00000000068,140581.9999999982,258892,null,13.4,12.8,13.1]
["2011/12",179495,204522,384017,null,717.2,747.4,733.3,null,208.7,216.4,212.8,null,93.8,93.4,93.6,null,119024,142979,262003,null,13.1,12.6,12.8]
["2012/13",186378,209023,395401,null,706.4,740.3,724.3,null,209.6,217.4,213.7,null,92.1,92.4,92.3,null,118165,143303,261468,null,13,12.1,12.5]
["2013/147",196768,218547,415315,null,677.8,717.2,698.5,null,209.2,217.2,213.4,null,88,89.2,88.6,null,117602,143720,261322,null,12.3,11.1,11.6]
[]
[null,null,null,null,null,null,null,null,null,null,null,null,null,null,null,null,null,null,null,null,null,null,null,"Source: 16-18 attainment data"]
["1. Covers cumulative results of students at the end of advanced level study who were entered for at least one substantial advanced qualification."]
["2. Covers students aged 16, 17 or 18 at the start of the academic year."]
["3. The A level cohort figures for 2012/13 and 2013/14 are based on the methodology introduced in 2012/13. A level figures for earlier years are based on a different methodology and, therefore, are not directly comparable."]
["4. A substantial advanced level academic or vocational qualification is defined as a qualification that is at least the size of an A level (180 guided learning hours per year), such as a BTEC Subsidiary Diploma. "]
["5. Covers A level, applied single award A level and applied double award A level only."]
["6. An Applied double award A level at grade A*A* counts as two grade A*s, AA counts as two grade As and an award at grade AB counts as one grade A."]
["7. 2013/14 figures are based on provisional data. Figures for all other years are final."]
[]
["Notes:"]
["Percentages and average point scores are rounded to one decimal place."]
["Where qualifications taken by a student are in the same subject area and similar in content ‘discounting’ rules have been applied to avoid double counting qualifications."]
["Refer to 'Quality and Methodology Information' document."]

{"sheet":"Table 1c","index":3,"n_rows":36,"n_cols":36,"rows_kept":36,"cut":false,"hidden":false,"merged":[[5,33,6,35],[6,5,6,7],[6,9,6,11],[4,1,4,15],[4,17,4,31],[5,1,6,3],[5,5,5,11],[5,13,6,15],[5,17,6,19],[5,21,6,23],[5,25,6,27],[5,29,6,31]]}
["Table 1c: A level and level 3 results1 of state-funded school students2,3 by admission basis and gender"]
["Year: 2013/14 (provisional)"]
["Coverage: England"]
[]
[null,"All level 3 qualifications",null,null,null,null,null,null,null,null,null,null,null,null,null,null,null,"A level"]
[null,"Students entered for at least one substantial level 3 qualification4",null,null,null,"Average point score",null,null,null,null,null,null,null,"Percentage of students achieving at least 2 substantial level 3 qualifications ",null,null,null,"Students entered for at least one A level or Applied single/double award A level5",null,null,null,"Percentage of students achieving 3 A*-A grades or better at A level or Applied single/double award A level 5,6",null,null,null,"Percentage of students achieving grades AAB or better at A level or Applied single/double award A level 5,6",null,null,null,"Percentage of students achieving grades AAB or better at A level, of which at least two are in facilitating subjects7",null,null,null,"Percentage of students achieving grades AAB or better at A level, all of which are in facilitating subjects7"]
["Admission Policy",null,null,null,null,"Per Student",null,null,null,"Per Entry"]
[null,"Males","Females","Total",null,"Males","Females","Total",null,"Males","Females","Total",null,"Males","Females","Total",null,"Males","Females","Total",null,"Males","Females","Total",null,"Males","Females","Total",null,"Males","Females","Total",null,"Males","Females","Total"]
[]
["All state-funded schools, state-funded special",81942,93250,175192,null,753.5,788.1,771.9,null,210.7,217.5,214.4,null,97.5,98.2,97.9,null,69309,83427,152736,null,10.6,9.6,10,null,16.899999999999999,17.100000000000001,17,null,14.5,12.1,13.2,null,10.3,7.1,8.5]
["schools, hospital schools and PRUs8"]
[]
["Of which:"]
[]
["      Comprehensive Schools",67911,77748,145659,null,727.6,763.7,746.9,null,207.3,214.7,211.3,null,97.3,98.1,97.7,null,56790,69032,125822,null,8,7.3,7.6,null,13.5,13.9,13.7,null,11.4,9.4,10.3,null,8.1999999999999993,5.3,6.6]
[]
["      Selective Schools ",10727,11882,22609,null,950.2,976.6,964.1,null,231.6,235.4,233.6,null,99.9,100,99.9,null,10413,11514,21927,null,26.2,25.2,25.7,null,38,39.1,38.6,null,33.5,30.9,32.200000000000003,null,23.4,19,21.1]
[]
["      Modern Schools",2560,2778,5338,null,643,693.3,669.1,null,201.5,206.6,204.2,null,93.2,96.1,94.7,null,1586,2207,3793,null,2.6,2.4,2.5,null,4.9000000000000004,5.4,5.2,null,3.6,2.6,3,null,2.5,1.3,1.8]
[]
[null,null,null,null,null,null,null,null,null,null,null,null,null,null,null,null,null,null,null,null,null,null,null,null,null,null,null,null,null,null,null,null,null,null,null,"Source: 2013/14 16-18 attainment data (provisional)"]
["1. Cumulative results achieved in the 2012/13 and 2013/14 academic years."]
["2. Covers students at the end of advanced level study who were entered for at least one substantial level 3 qualification in the 2013/14 academic year."]
["3. Covers students aged 16, 17 or 18 at the start of the 2013/14 academic year, i.e. 31 August 2013."]
["4. A substantial advanced level academic or vocational qualification is defined as a qualification that is at least the size of an A level (180 guided learning hours per year), such as a BTEC Subsidiary Diploma. "]
["5. Covers GCE A level, applied single award A level and applied double award A level only."]
["6. An Applied GCE Double Award A level at grade A*A* counts as two grade A*s, AA counts as two grade As and an award at grade AB counts as one grade A."]
["7. Covers facilitating A level subjects: biology, chemistry, physics, mathematics, further mathematics, geography, history, English literature, modern and classical languages. Refer to the 'Quality and Methodology Information' document for an explanation of the methodology used to calculate the AAB indicators for facilitating subjects."]
["8. Sponsor and converter academies; community, voluntary aided, voluntary controlled and foundation schools; city technology colleges (CTCs); free schools (mainstream, special, UTC,studio school, 16-19); hospital and special schools; pupil referral units (PRUs)."]
[]
["Notes:"]
["Percentages and average point scores are rounded to one decimal place."]
["Where qualifications taken by a student are in the same subject area and similar in content ‘discounting’ rules have been applied to avoid double counting qualifications."]
["Refer to 'Quality and Methodology Information' document."]
[" "]
[null,null,null," "]

{"sheet":"Table 1d working","index":4,"n_rows":33,"n_cols":60,"rows_kept":33,"cut":false,"hidden":true,"merged":[[5,57,6,59],[6,0,7,0],[6,9,6,11],[6,13,6,15],[6,29,6,31],[6,33,6,35],[6,49,6,51],[6,53,6,55],[5,37,6,39],[5,41,6,43],[5,45,6,47],[5,49,5,55],[4,1,4,15],[4,21,4,35],[4,41,4,55],[5,1,6,3],[5,5,6,7],[5,9,5,15],[5,17,6,19],[5,21,6,23],[5,25,6,27],[5,29,5,35]]}
["Table 1d: Average Point Score and percentage achievements of students aged 16 to 191 by institution type, cohort and gender "]
["Year: 2012/13 (Provisional)"]
["Coverage: England"]
[]
[null,"A level cohort2",null,null,null,null,null,null,null,null,null,null,null,null,null,null,null,null,null,null,null,"Academic cohort3",null,null,null,null,null,null,null,null,null,null,null,null,null,null,null,null,null,null,null,"Vocational cohort4"]
[null,"Number of students",null,null,null,"Number of Full-Time Equivalents",null,null,null,"Average Point Score ",null,null,null,null,null,null,null,"Percentage of students achieving at least 2 A level qualifications",null,null,null,"Number of students",null,null,null,"Number of Full-Time Equivalents",null,null,null,"Average Point Score ",null,null,null,null,null,null,null,"Percentage of students achieving at least 2 substantial level 3 academic qualifications",null,null,null,"Number of students",null,null,null,"Number of Full-Time Equivalents",null,null,null,"Average Point Score ",null,null,null,null,null,null,null,"Percentage of students achieving at least 2 substantial level 3 vocational qualifications"]
["Institution type",null,null,null,null,null,null,null,null,"Per Entry",null,null,null,"Per Full-Time Equivalent",null,null,null,null,null,null,null,null,null,null,null,null,null,null,null,"Per Entry",null,null,null,"Per Full-Time Equivalent",null,null,null,null,null,null,null,null,null,null,null,null,null,null,null,"Per Entry",null,null,null,"Per Full-Time Equivalent"]
[null,"Males","Females","Total",null,"Males","Females","Total",null,"Males","Females","Total",null,"Males","Females","Total",null,"Males","Females","Total",null,"Males","Females","Total",null,"Males","Females","Total",null,"Males","Females","Total",null,"Males","Females","Total",null,"Males","Females","Total",null,"Males","Females","Total",null,"Males","Females","Total",null,"Males","Females","Total",null,"Males","Females","Total",null,"Males","Females","Total"]
[]
["State-funded mainstream schools6",70076,84333,154409,null,64319,78374,142693,null,209.4,215.6,212.8,null,772.3,794,784.2,null,90.3,93.2,91.9,null,70635,85069,155704,null,65495,79986,145481,null,209.2,215.4,212.6,null,775.5,797.9,787.8,null,90.4,93.2,91.9,null,22235,19975,42210,null,15719,13173,28892,null,220.1,231.4,225.3,null,646,697.9,669.7,null,64.3,59.9,62.2]
[]
["State-funded schools",70084,84337,154421,null,64327,78378,142705,null,209.4,215.5,212.8,null,772.2,794,784.2,null,90.3,93.2,91.8,null,70643,85073,155716,null,65503,79990,145493,null,209.2,215.4,212.6,null,775.5,797.9,787.8,null,90.4,93.2,91.9,null,22240,19980,42220,null,15724,13177,28901,null,220.1,231.4,225.3,null,645.79999999999995,697.9,669.6,null,64.3,59.9,62.2]
["of which;"]
["  Local authority maintained mainstream schools5",29111,34879,63990,null,26640,32349,58989,null,205,211.3,208.4,null,741.1,762.8,753,null,89.4,92.6,91.2,null,29196,34982,64178,null,26947,32751,59698,null,204.9,211.2,208.4,null,742.3,764.5,754.4,null,89.5,92.6,91.2,null,9836,8867,18703,null,6922,5782,12704,null,219.1,230.7,224.4,null,635.4,691.2,660.8,null,63,58.5,60.9]
["  Sponsored academies",4561,5521,10082,null,3734,4604,8338,null,194.1,200.4,197.6,null,669.1,699,685.6,null,76,80.599999999999994,78.5,null,4641,5619,10260,null,3850,4755,8605,null,193,199.1,196.4,null,673.1,702.1,689.2,null,76.2,80.8,78.7,null,4265,3856,8121,null,3373,2862,6235,null,219,227.8,223.1,null,640,678,657.4,null,73.599999999999994,69.599999999999994,71.7]
["  Converter academies",36089,43685,79774,null,33694,41246,74940,null,214.2,220.3,217.6,null,808.1,828.8,819.5,null,92.9,95.3,94.2,null,36483,44220,80703,null,34443,42305,76749,null,214,220.2,217.4,null,812.7,834.3,824.6,null,93,95.4,94.3,null,7882,6986,14868,null,5218,4304,9521,null,221.7,234.1,227.4,null,660.6,714.5,684.9,null,60.3,55.2,57.9]
["  Free schools, university technical colleges (UTCs) and studio schools",148,29,177,null,122,25,147,null,202.3,202.7,202.4,null,763.3,689.5,750.6,null,79.7,82.8,80.2,null,148,29,177,null,125,26,150,null,202.3,202.3,202.3,null,762.9,688.1,750.2,null,79.7,82.8,80.2,null,94,11,105,null,73,8,82,null,213.5,216.9,213.8,null,621.5,564.9,615.6,null,77.7,63.6,76.2]
["  State-funded special schools, hospital schools and pupil referral units (PRUs)6",8,4,12,null,8,4,12,null,196.7,152.30000000000001,184.9,null,442.5,266.5,386.7,null,37.5,"x",33.299999999999997,null,8,4,12,null,8,4,12,null,196.7,152.30000000000001,184.9,null,442.5,266.5,386.7,null,37.5,"x",33.299999999999997,null,5,5,10,null,5,4,9,null,190,222.8,208,null,256.5,426.3,334.9,null,"x",60,40]
[]
["Independent schools",17472,17241,34713,null,17001,16846,33847,null,240.3,246,243.2,null,862.6,886.5,874.5,null,95.3,96.6,95.9,null,18518,18103,36621,null,18399,18031,36430,null,238.8,244.7,241.7,null,880.2,903.1,891.6,null,96.4,97.1,96.7,null,422,269,691,null,277,180,457,null,230.3,236.5,232.8,null,676.6,715.3,691.8,null,62.3,62.5,62.4]
["of which;"]
["  Independent schools",17404,17212,34616,null,16943,16819,33762,null,240.4,246.1,243.3,null,863.7,887.1,875.4,null,95.4,96.6,96,null,18450,18074,36524,null,18341,18004,36345,null,238.9,244.7,241.8,null,881.3,903.7,892.4,null,96.5,97.2,96.8,null,393,263,656,null,259,176,435,null,231.4,237.1,233.8,null,686.9,721.2,700.8,null,64.400000000000006,63.5,64]
["  Independent special schools and non-maintained special schools7",68,29,97,null,58,27,85,null,199.4,196.9,198.6,null,536.4,526.5,533.29999999999995,null,63.2,62.1,62.9,null,68,29,97,null,58,27,85,null,199.4,196.1,198.3,null,536.9,525,533.1,null,63.2,62.1,62.9,null,29,6,35,null,18,4,22,null,209.7,204.1,208.7,null,524.9,454.1,511.8,null,34.5,"x",31.4]
[]
["All schools",87556,101578,189134,null,81328,95224,176552,null,215.7,220.8,218.5,null,791.1,810.3,801.5,null,91.3,93.7,92.6,null,89161,103176,192337,null,83902,98021,181923,null,215.7,220.8,218.4,null,798.4,817.2,808.6,null,91.6,93.9,92.8,null,22662,20249,42911,null,16001,13357,29358,null,220.3,231.5,225.5,null,646.4,698.1,669.9,null,64.3,59.9,62.2]
[]
["FE sector colleges",32859,44081,76940,null,30688,41582,72269,null,201.4,209.9,206.3,null,744.3,775.1,762,null,91.1,93.5,92.5,null,32971,44344,77315,null,31106,42354,73460,null,201.4,209.9,206.3,null,746.2,778.4,764.8,null,91.1,93.5,92.5,null,65934,63843,129777,null,63671,61484,125155,null,203.9,215.6,209.6,null,499.8,521.70000000000005,510.6,null,67.900000000000006,66.3,67.099999999999994]
["of which;"]
["  Sixth form colleges",23336,30245,53581,null,21719,28451,50170,null,202.5,211.8,207.8,null,776,815,798.1,null,91.4,94,92.9,null,23383,30347,53730,null,22016,28951,50968,null,202.5,211.9,207.9,null,777.3,817.4,800,null,91.4,94.1,92.9,null,9411,8471,17882,null,7692,6739,14430,null,215,226.6,220.5,null,579.9,626,601.4,null,65.599999999999994,67.2,66.400000000000006]
["  Other FE sector colleges8",9523,13836,23359,null,8969,13130,22099,null,198.4,205.1,202.4,null,667.6,688.5,680,null,90.5,92.2,91.5,null,9588,13997,23585,null,9089,13402,22492,null,198.3,205,202.3,null,671,694.2,684.8,null,90.6,92.4,91.7,null,56523,55372,111895,null,55980,54746,110725,null,202.2,214,208,null,488.8,508.9,498.7,null,68.3,66.099999999999994,67.2]
[]
["All schools and FE sector colleges",120415,145659,266074,null,112016,136806,248822,null,211.8,217.5,214.9,null,778.3,799.6,790,null,91.2,93.7,92.6,null,122132,147520,269652,null,115008,140375,255383,null,211.8,217.5,214.9,null,784.3,805.5,796,null,91.5,93.8,92.7,null,88596,84092,172688,null,79672,74841,154513,null,207.7,219,213.1,null,529.20000000000005,553.20000000000005,540.79999999999995,null,67,64.7,65.900000000000006]
[null,null,null,null,null,null,null,null,null,null,null,null,null,null,null,null,null,null,null,null,null,null,null,null,null,null,null,null,null,null,null,null,null,null,null,null,null,null,null,null,null,null,null,null,null,null,null,null,null,null,null,null,null,null,null,null,null,null,null,"Source: 2012/13 Key Stage 5 attainment data (provisional)"]

{"sheet":"Table 1dsupp","index":5,"n_rows":47,"n_cols":60,"rows_kept":47,"cut":false,"hidden":true,"merged":[[35,0,35,15],[5,37,6,39],[5,41,6,43],[5,45,6,47],[5,49,5,55],[5,57,6,59],[6,0,7,0],[6,9,6,11],[6,13,6,15],[6,29,6,31],[6,33,6,35],[6,49,6,51],[6,53,6,55],[4,1,4,15],[4,21,4,35],[4,41,4,55],[5,1,6,3],[5,5,6,7],[5,9,5,15],[5,17,6,19],[5,21,6,23],[5,25,6,27],[5,29,5,35]]}
["Table 1d: Average Point Score and percentage achievements of students aged 16 to 191 by institution type, cohort and gender "]
["Year: 2012/13 (Provisional)"]
["Coverage: England"]
[]
[null,"A level cohort2",null,null,null,null,null,null,null,null,null,null,null,null,null,null,null,null,null,null,null,"Academic cohort3",null,null,null,null,null,null,null,null,null,null,null,null,null,null,null,null,null,null,null,"Vocational cohort4"]
[null,"Number of students",null,null,null,"Number of Full-Time Equivalents",null,null,null,"Average Point Score ",null,null,null,null,null,null,null,"Percentage of students achieving at least 2 A levels or single/double applied A levels",null,null,null,"Number of students",null,null,null,"Number of Full-Time Equivalents",null,null,null,"Average Point Score ",null,null,null,null,null,null,null,"Percentage of students achieving at least 2 substantial level 3 academic qualifications",null,null,null,"Number of students",null,null,null,"Number of Full-Time Equivalents",null,null,null,"Average Point Score ",null,null,null,null,null,null,null,"Percentage of students achieving at least 2 substantial level 3 vocational qualifications"]
["Institution type",null,null,null,null,null,null,null,null,"Per Entry",null,null,null,"Per Full-Time Equivalent",null,null,null,null,null,null,null,null,null,null,null,null,null,null,null,"Per Entry",null,null,null,"Per Full-Time Equivalent",null,null,null,null,null,null,null,null,null,null,null,null,null,null,null,"Per Entry",null,null,null,"Per Full-Time Equivalent"]
[null,"Males","Females","Total",null,"Males","Females","Total",null,"Males","Females","Total",null,"Males","Females","Total",null,"Males","Females","Total",null,"Males","Females","Total",null,"Males","Females","Total",null,"Males","Females","Total",null,"Males","Females","Total",null,"Males","Females","Total",null,"Males","Females","Total",null,"Males","Females","Total",null,"Males","Females","Total",null,"Males","Females","Total",null,"Males","Females","Total"]
[]
["All state-funded schools5",69309,83427,152736,null,63200.7,76884.5,140085.1,null,209.4,215.6,212.8,null,764,788,777.1,null,90,92.6,91.4,null,69909,84185,154094,null,64496.4,78612.7,143109.1,null,209.3,215.6,212.8,null,767.7,792.5,781.3,null,90.1,92.6,91.5,null,24249,21943,46192,null,17445.599999999999,14637.3,32082.9,null,223.7,235.2,229,null,664.7,717.4,688.7,null,66.3,61.2,63.9]
["of which:"]
["  Local authority maintained mainstream schools6",23794,28944,52738,null,21655.9,26632.5,48288.4,null,205.8,212.2,209.3,null,737,760.8,750.1,null,89.1,92.1,90.7,null,23871,29015,52886,null,21936.400000000001,26993.3,48929.7,null,205.7,212.3,209.3,null,738.4,762.7,751.8,null,89.1,92.1,90.7,null,8752,8141,16893,null,6255.6,5426.7,11682.3,null,223.8,235.1,229.1,null,657.3,709,681.4,null,64.8,60.5,62.8]
["  Sponsored academies",5466,6396,11862,null,4481.7,5313.1,9794.7999999999993,null,192.4,200.6,196.9,null,662.4,694,679.6,null,77.099999999999994,80.400000000000006,78.8,null,5555,6489,12044,null,4611,5459.3,10070.299999999999,null,192.1,200.4,196.6,null,667.2,699.1,684.5,null,77.3,80.5,79,null,5324,4637,9961,null,4278,3451.7,7729.7,null,220.3,232.5,225.8,null,648.20000000000005,700.3,671.4,null,75.099999999999994,70.5,72.900000000000006]
["  Converter academies",39632,47734,87366,null,36737.800000000003,44667.6,81405.5,null,213.4,219.2,216.6,null,792.2,815.1,804.8,null,92.5,94.7,93.7,null,40066,48328,88394,null,37619.599999999999,45887,83506.600000000006,null,213.3,219.2,216.6,null,797,821,810.2,null,92.6,94.7,93.8,null,9713,8802,18515,null,6519.4,5454,11973.4,null,225.4,236.4,230.5,null,681.9,732.8,705.1,null,62.3,56,59.3]
["  Mainstream free schools, university technical colleges (UTCs) and studio schools",414,351,765,null,322.2,269.2,591.4,null,210.5,222.8,216.1,null,769.5,813.9,789.7,null,72.7,74.400000000000006,73.5,null,414,351,765,null,326.39999999999998,271.10000000000002,597.5,null,210.7,222.9,216.2,null,769.3,813.8,789.5,null,72.7,74.400000000000006,73.5,null,453,356,809,null,385.6,297.89999999999998,683.5,null,231.4,244.2,237.3,null,679.3,792,728.4,null,75.5,84.6,79.5]
["  State-funded special schools, hospital schools, pupil referral units (PRUs) and alternative provision (AP) free schools10",3,2,5,null,3,2,5,null,267,"x",271.7,null,890,"x",978,null,100,"x",100,null,3,2,5,null,3,2,5,null,267,"x",271.7,null,890,"x",978,null,100,"x",100,null,7,7,14,null,7,7,14,null,187.8,205.9,197.8,null,362.1,485.4,423.8,null,42.9,71.400000000000006,57.1]
[]
["Independent schools",16986,17165,34151,null,16528.7,16732.5,33261.199999999997,null,240.4,244.7,242.6,null,861.2,875.8,868.6,null,95.6,96.6,96.1,null,18171,18140,36311,null,18056,18052.400000000001,36108.5,null,239.2,243.5,241.3,null,881.5,895,888.2,null,96.5,97.3,96.9,null,452,323,775,null,310,214.6,524.5,null,229,238.8,233.2,null,660.6,735.9,691.4,null,62.8,59.8,61.5]
["of which:"]
["  Independent schools",16921,17142,34063,null,16472.5,16712.599999999999,33185.1,null,240.6,244.8,242.7,null,862.4,876.3,869.4,null,95.7,96.6,96.2,null,18106,18117,36223,null,17999.7,18032.599999999999,36032.300000000003,null,239.3,243.5,241.4,null,882.7,895.4,889,null,96.6,97.4,97,null,416,308,724,null,284.3,202.4,486.7,null,230.5,240.7,234.9,null,675,751.8,707,null,64.900000000000006,60.1,62.8]
["  Independent special schools and non-maintained special schools8",65,23,88,null,56.2,19.8,76.099999999999994,null,193.7,180,190.1,null,525.1,481.2,513.70000000000005,null,67.7,60.9,65.900000000000006,null,65,23,88,null,56.3,19.8,76.2,null,193.7,180,190.2,null,525.4,481.2,513.9,null,67.7,60.9,65.900000000000006,null,36,15,51,null,25.7,12.2,37.799999999999997,null,208.4,198.2,205.2,null,501,471.3,491.4,null,38.9,53.3,43.1]
[]
["All schools",86295,100592,186887,null,79729.399999999994,93616.9,173346.3,null,215.8,220.7,218.5,null,784.1,803.7,794.7,null,91.1,93.3,92.3,null,88080,102325,190405,null,82552.399999999994,96665.1,179217.6,null,215.9,220.8,218.6,null,792.6,811.6,802.9,null,91.4,93.5,92.5,null,24701,22266,46967,null,17755.599999999999,14851.9,32607.4,null,223.8,235.2,229.1,null,664.6,717.7,688.8,null,66.2,61.2,63.8]
[]
["FE sector colleges",31307,43128,74435,null,28993.9,40355.699999999997,69349.7,null,200.8,209.1,205.6,null,731.2,760,748,null,90.5,92.9,91.9,null,31426,43370,74796,null,29423.5,41119,70542.5,null,201,209.4,205.9,null,734.3,764.3,751.8,null,90.5,92.9,91.9,null,69526,68718,138244,null,67036.5,65911,132947.5,null,206.3,218.4,212.3,null,487.2,517.29999999999995,502.1,null,61.7,60,60.8]
["of which:"]
["  Sixth form colleges",22370,29936,52306,null,20593.8,27853.7,48447.5,null,202.2,211.2,207.4,null,759.5,794.8,779.8,null,90.5,93.2,92,null,22433,30049,52482,null,20913.599999999999,28394.2,49307.7,null,202.5,211.6,207.7,null,762.3,798.4,783.1,null,90.5,93.2,92,null,11011,10328,21339,null,9088.4,8179.8,17268.3,null,219.2,229.6,224.2,null,576.79999999999995,618.9,596.70000000000005,null,63,61.8,62.4]
["  Other FE sector colleges9",8937,13192,22129,null,8400.1,12502,20902.2,null,196.9,203.8,201,null,661.9,682.5,674.2,null,90.6,92.2,91.5,null,8993,13321,22314,null,8510,12724.8,21234.799999999999,null,197.1,203.8,201.1,null,665.8,688,679.1,null,90.6,92.3,91.6,null,58515,58390,116905,null,57948,57731.199999999997,115679.2,null,203.9,216.5,210.2,null,473.2,502.9,488,null,61.4,59.6,60.5]
[]
["All state-funded schools and colleges",100513,126529,227042,null,92093.3,117214.39999999999,209307.6,null,206.7,213.4,210.4,null,753.5,778.3,767.4,null,90.2,92.7,91.6,null,101232,127529,228761,null,93816.9,119705.7,213522.6,null,206.7,213.5,210.5,null,757.1,782.8,771.5,null,90.2,92.7,91.6,null,93774,90656,184430,null,84481.1,80543.3,165024.4,null,210.6,222.1,216.2,null,523.9,553.70000000000005,538.4,null,62.8,60.3,61.6]
[]
["All schools and FE sector colleges",117602,143720,261322,null,108723.3,133972.70000000001,242696,null,211.8,217.2,214.8,null,770,790.5,781.3,null,91,93.1,92.2,null,119506,145695,265201,null,111975.9,137784.20000000001,249760.1,null,212,217.4,215,null,777.3,797.5,788.4,null,91.2,93.3,92.3,null,94227,90984,185211,null,84792.1,80762.8,165554.9,null,210.6,222.1,216.3,null,524.4,554.1,538.9,null,62.8,60.3,61.6]
[]
[]
["1. Covers students at the end of advanced level study who were entered for at least one Level 3 qualification equal in size to an A level, Applied A level or Double Award A level in summer 2013."]
["3. Includes ungraded, no award (absent/declined) and pending."]
["3. A substantial advanced level academic or vocational qualification is defined as a qualification that is at least the size of an A level (180 guided learning hours per year), such as a BTEC Subsidiary Diploma (Level 3). To note, academic qualifications include A levels.  "]
["4. Covers GCE A level, Applied single award A level and Applied double award A level only."]
["5. An Applied GCE Double Award A level at grade A*A* counts as two grade A*s, AA counts as two grade As and an award at grade AB counts as one grade A."]
["6. Covers facilitating A level subjects: biology, chemistry, physics, mathematics, further mathematics, geography, history, English literature, modern and classical languages. Refer to the technical notes section of the SFR for an explanation of the methodology used to calculate the AAB indicator for facilitating subjects."]
["7. Academies (sponsor and converter mainstream); community, voluntary aided, voluntary controlled and foundation schools; city technology colleges (CTCs), free schools (mainstream, UTC, studio school, 16-19)."]
["8. Community, voluntary aided, voluntary controlled and foundation schools."]
["9. Community special, foundation special, community hospital and foundation hospital schools; PRUs; special academies; converter academy special schools."]
["10. Non-maintained special schools and independent schools approved to take pupils with special educational needs (SEN)."]
["11. Further education sector college (not sixth form college); other government department funded colleges; special colleges."]
[]
["Note: Where qualifications taken by a student are in the same subject area and similar in content, ‘discounting’ rules have been applied to avoid double counting qualifications. Refer to the Technical Notes section of the SFR."]

{"sheet":"Table 1d","index":6,"n_rows":53,"n_cols":20,"rows_kept":53,"cut":false,"hidden":false,"merged":[[41,0,42,7],[4,1,4,19],[5,1,6,3],[5,5,6,7],[5,9,5,15],[5,17,6,19],[6,9,6,11],[6,13,6,15]]}
["Table 1d: Level 3 results1,2,3 by cohort, institution type and gender "]
["Year: 2013/14 (provisional)",null,null,null,null,null,null,null,null,null,"1. A level cohort"]
["Coverage: England",null,null,null,null,null,null,null,null,null,"2. Academic cohort"]
[null,"1. A level cohort",null,{"$f":"IF(SelectCohort2=\"1. A level cohort\",1,IF(SelectCohort2=\"2. Academic cohort\",2,IF(SelectCohort2=\"3. Vocational cohort\",3)))","v":1},null,null,null,null,null,null,"3. Vocational cohort"]
[null,{"$f":"SelectCohort2","v":"1. A level cohort"}]
["                                                        Select Cohort:","Number of students",null,null,null,"Number of Full-Time Equivalents",null,null,null,"Average Point Score ",null,null,null,null,null,null,null,{"$f":"IF(SelectCohort2=\"1. A level cohort\",\"Percentage of students achieving at least 2 A levels or single/double applied A levels\",IF(SelectCohort2=\"2. Academic cohort\",\"Percentage of students achieving at least 2 substantial level 3 academic qualifications\",\"Percentage of students achieving at least 2 substantial level 3 vocational qualifications\"))","v":"Percentage of students achieving at least 2 A levels or single/double applied A levels"}]
["Institution type",null,null,null,null,null,null,null,null,"Per Entry",null,null,null,"Per Full-Time Equivalent"]
[null,"Males","Females","Total",null,"Males","Females","Total",null,"Males","Females","Total",null,"Males","Females","Total",null,"Males","Females","Total"]
[]
["All state-funded schools4",{"$f":"IF($D$4=1,'Table 1dsupp'!B10,IF($D$4=2,'Table 1dsupp'!V10,IF($D$4=3,'Table 1dsupp'!AP10)))","v":69309},{"$f":"IF($D$4=1,'Table 1dsupp'!C10,IF($D$4=2,'Table 1dsupp'!W10,IF($D$4=3,'Table 1dsupp'!AQ10)))","v":83427},{"$f":"IF($D$4=1,'Table 1dsupp'!D10,IF($D$4=2,'Table 1dsupp'!X10,IF($D$4=3,'Table 1dsupp'!AR10)))","v":152736},null,{"$f":"IF($D$4=1,'Table 1dsupp'!F10,IF($D$4=2,'Table 1dsupp'!Z10,IF($D$4=3,'Table 1dsupp'!AT10)))","v":63200.7},{"$f":"IF($D$4=1,'Table 1dsupp'!G10,IF($D$4=2,'Table 1dsupp'!AA10,IF($D$4=3,'Table 1dsupp'!AU10)))","v":76884.5},{"$f":"IF($D$4=1,'Table 1dsupp'!H10,IF($D$4=2,'Table 1dsupp'!AB10,IF($D$4=3,'Table 1dsupp'!AV10)))","v":140085.1},null,{"$f":"IF($D$4=1,'Table 1dsupp'!J10,IF($D$4=2,'Table 1dsupp'!AD10,IF($D$4=3,'Table 1dsupp'!AX10)))","v":209.4},{"$f":"IF($D$4=1,'Table 1dsupp'!K10,IF($D$4=2,'Table 1dsupp'!AE10,IF($D$4=3,'Table 1dsupp'!AY10)))","v":215.6},{"$f":"IF($D$4=1,'Table 1dsupp'!L10,IF($D$4=2,'Table 1dsupp'!AF10,IF($D$4=3,'Table 1dsupp'!AZ10)))","v":212.8},null,{"$f":"IF($D$4=1,'Table 1dsupp'!N10,IF($D$4=2,'Table 1dsupp'!AH10,IF($D$4=3,'Table 1dsupp'!BB10)))","v":764},{"$f":"IF($D$4=1,'Table 1dsupp'!O10,IF($D$4=2,'Table 1dsupp'!AI10,IF($D$4=3,'Table 1dsupp'!BC10)))","v":788},{"$f":"IF($D$4=1,'Table 1dsupp'!P10,IF($D$4=2,'Table 1dsupp'!AJ10,IF($D$4=3,'Table 1dsupp'!BD10)))","v":777.1},null,{"$f":"IF($D$4=1,'Table 1dsupp'!R10,IF($D$4=2,'Table 1dsupp'!AL10,IF($D$4=3,'Table 1dsupp'!BF10)))","v":90},{"$f":"IF($D$4=1,'Table 1dsupp'!S10,IF($D$4=2,'Table 1dsupp'!AM10,IF($D$4=3,'Table 1dsupp'!BG10)))","v":92.6},{"$f":"IF($D$4=1,'Table 1dsupp'!T10,IF($D$4=2,'Table 1dsupp'!AN10,IF($D$4=3,'Table 1dsupp'!BH10)))","v":91.4}]
["of which:"]
["  Local authority maintained mainstream schools5",{"$f":"IF($D$4=1,'Table 1dsupp'!B12,IF($D$4=2,'Table 1dsupp'!V12,IF($D$4=3,'Table 1dsupp'!AP12)))","v":23794},{"$f":"IF($D$4=1,'Table 1dsupp'!C12,IF($D$4=2,'Table 1dsupp'!W12,IF($D$4=3,'Table 1dsupp'!AQ12)))","v":28944},{"$f":"IF($D$4=1,'Table 1dsupp'!D12,IF($D$4=2,'Table 1dsupp'!X12,IF($D$4=3,'Table 1dsupp'!AR12)))","v":52738},null,{"$f":"IF($D$4=1,'Table 1dsupp'!F12,IF($D$4=2,'Table 1dsupp'!Z12,IF($D$4=3,'Table 1dsupp'!AT12)))","v":21655.9},{"$f":"IF($D$4=1,'Table 1dsupp'!G12,IF($D$4=2,'Table 1dsupp'!AA12,IF($D$4=3,'Table 1dsupp'!AU12)))","v":26632.5},{"$f":"IF($D$4=1,'Table 1dsupp'!H12,IF($D$4=2,'Table 1dsupp'!AB12,IF($D$4=3,'Table 1dsupp'!AV12)))","v":48288.4},null,{"$f":"IF($D$4=1,'Table 1dsupp'!J12,IF($D$4=2,'Table 1dsupp'!AD12,IF($D$4=3,'Table 1dsupp'!AX12)))","v":205.8},{"$f":"IF($D$4=1,'Table 1dsupp'!K12,IF($D$4=2,'Table 1dsupp'!AE12,IF($D$4=3,'Table 1dsupp'!AY12)))","v":212.2},{"$f":"IF($D$4=1,'Table 1dsupp'!L12,IF($D$4=2,'Table 1dsupp'!AF12,IF($D$4=3,'Table 1dsupp'!AZ12)))","v":209.3},null,{"$f":"IF($D$4=1,'Table 1dsupp'!N12,IF($D$4=2,'Table 1dsupp'!AH12,IF($D$4=3,'Table 1dsupp'!BB12)))","v":737},{"$f":"IF($D$4=1,'Table 1dsupp'!O12,IF($D$4=2,'Table 1dsupp'!AI12,IF($D$4=3,'Table 1dsupp'!BC12)))","v":760.8},{"$f":"IF($D$4=1,'Table 1dsupp'!P12,IF($D$4=2,'Table 1dsupp'!AJ12,IF($D$4=3,'Table 1dsupp'!BD12)))","v":750.1},null,{"$f":"IF($D$4=1,'Table 1dsupp'!R12,IF($D$4=2,'Table 1dsupp'!AL12,IF($D$4=3,'Table 1dsupp'!BF12)))","v":89.1},{"$f":"IF($D$4=1,'Table 1dsupp'!S12,IF($D$4=2,'Table 1dsupp'!AM12,IF($D$4=3,'Table 1dsupp'!BG12)))","v":92.1},{"$f":"IF($D$4=1,'Table 1dsupp'!T12,IF($D$4=2,'Table 1dsupp'!AN12,IF($D$4=3,'Table 1dsupp'!BH12)))","v":90.7}]
["  Sponsored academies -mainstream",{"$f":"IF($D$4=1,'Table 1dsupp'!B13,IF($D$4=2,'Table 1dsupp'!V13,IF($D$4=3,'Table 1dsupp'!AP13)))","v":5466},{"$f":"IF($D$4=1,'Table 1dsupp'!C13,IF($D$4=2,'Table 1dsupp'!W13,IF($D$4=3,'Table 1dsupp'!AQ13)))","v":6396},{"$f":"IF($D$4=1,'Table 1dsupp'!D13,IF($D$4=2,'Table 1dsupp'!X13,IF($D$4=3,'Table 1dsupp'!AR13)))","v":11862},null,{"$f":"IF($D$4=1,'Table 1dsupp'!F13,IF($D$4=2,'Table 1dsupp'!Z13,IF($D$4=3,'Table 1dsupp'!AT13)))","v":4481.7},{"$f":"IF($D$4=1,'Table 1dsupp'!G13,IF($D$4=2,'Table 1dsupp'!AA13,IF($D$4=3,'Table 1dsupp'!AU13)))","v":5313.1},{"$f":"IF($D$4=1,'Table 1dsupp'!H13,IF($D$4=2,'Table 1dsupp'!AB13,IF($D$4=3,'Table 1dsupp'!AV13)))","v":9794.7999999999993},null,{"$f":"IF($D$4=1,'Table 1dsupp'!J13,IF($D$4=2,'Table 1dsupp'!AD13,IF($D$4=3,'Table 1dsupp'!AX13)))","v":192.4},{"$f":"IF($D$4=1,'Table 1dsupp'!K13,IF($D$4=2,'Table 1dsupp'!AE13,IF($D$4=3,'Table 1dsupp'!AY13)))","v":200.6},{"$f":"IF($D$4=1,'Table 1dsupp'!L13,IF($D$4=2,'Table 1dsupp'!AF13,IF($D$4=3,'Table 1dsupp'!AZ13)))","v":196.9},null,{"$f":"IF($D$4=1,'Table 1dsupp'!N13,IF($D$4=2,'Table 1dsupp'!AH13,IF($D$4=3,'Table 1dsupp'!BB13)))","v":662.4},{"$f":"IF($D$4=1,'Table 1dsupp'!O13,IF($D$4=2,'Table 1dsupp'!AI13,IF($D$4=3,'Table 1dsupp'!BC13)))","v":694},{"$f":"IF($D$4=1,'Table 1dsupp'!P13,IF($D$4=2,'Table 1dsupp'!AJ13,IF($D$4=3,'Table 1dsupp'!BD13)))","v":679.6},null,{"$f":"IF($D$4=1,'Table 1dsupp'!R13,IF($D$4=2,'Table 1dsupp'!AL13,IF($D$4=3,'Table 1dsupp'!BF13)))","v":77.099999999999994},{"$f":"IF($D$4=1,'Table 1dsupp'!S13,IF($D$4=2,'Table 1dsupp'!AM13,IF($D$4=3,'Table 1dsupp'!BG13)))","v":80.400000000000006},{"$f":"IF($D$4=1,'Table 1dsupp'!T13,IF($D$4=2,'Table 1dsupp'!AN13,IF($D$4=3,'Table 1dsupp'!BH13)))","v":78.8}]
["  Converter academies- mainstream6",{"$f":"IF($D$4=1,'Table 1dsupp'!B14,IF($D$4=2,'Table 1dsupp'!V14,IF($D$4=3,'Table 1dsupp'!AP14)))","v":39632},{"$f":"IF($D$4=1,'Table 1dsupp'!C14,IF($D$4=2,'Table 1dsupp'!W14,IF($D$4=3,'Table 1dsupp'!AQ14)))","v":47734},{"$f":"IF($D$4=1,'Table 1dsupp'!D14,IF($D$4=2,'Table 1dsupp'!X14,IF($D$4=3,'Table 1dsupp'!AR14)))","v":87366},null,{"$f":"IF($D$4=1,'Table 1dsupp'!F14,IF($D$4=2,'Table 1dsupp'!Z14,IF($D$4=3,'Table 1dsupp'!AT14)))","v":36737.800000000003},{"$f":"IF($D$4=1,'Table 1dsupp'!G14,IF($D$4=2,'Table 1dsupp'!AA14,IF($D$4=3,'Table 1dsupp'!AU14)))","v":44667.6},{"$f":"IF($D$4=1,'Table 1dsupp'!H14,IF($D$4=2,'Table 1dsupp'!AB14,IF($D$4=3,'Table 1dsupp'!AV14)))","v":81405.5},null,{"$f":"IF($D$4=1,'Table 1dsupp'!J14,IF($D$4=2,'Table 1dsupp'!AD14,IF($D$4=3,'Table 1dsupp'!AX14)))","v":213.4},{"$f":"IF($D$4=1,'Table 1dsupp'!K14,IF($D$4=2,'Table 1dsupp'!AE14,IF($D$4=3,'Table 1dsupp'!AY14)))","v":219.2},{"$f":"IF($D$4=1,'Table 1dsupp'!L14,IF($D$4=2,'Table 1dsupp'!AF14,IF($D$4=3,'Table 1dsupp'!AZ14)))","v":216.6},null,{"$f":"IF($D$4=1,'Table 1dsupp'!N14,IF($D$4=2,'Table 1dsupp'!AH14,IF($D$4=3,'Table 1dsupp'!BB14)))","v":792.2},{"$f":"IF($D$4=1,'Table 1dsupp'!O14,IF($D$4=2,'Table 1dsupp'!AI14,IF($D$4=3,'Table 1dsupp'!BC14)))","v":815.1},{"$f":"IF($D$4=1,'Table 1dsupp'!P14,IF($D$4=2,'Table 1dsupp'!AJ14,IF($D$4=3,'Table 1dsupp'!BD14)))","v":804.8},null,{"$f":"IF($D$4=1,'Table 1dsupp'!R14,IF($D$4=2,'Table 1dsupp'!AL14,IF($D$4=3,'Table 1dsupp'!BF14)))","v":92.5},{"$f":"IF($D$4=1,'Table 1dsupp'!S14,IF($D$4=2,'Table 1dsupp'!AM14,IF($D$4=3,'Table 1dsupp'!BG14)))","v":94.7},{"$f":"IF($D$4=1,'Table 1dsupp'!T14,IF($D$4=2,'Table 1dsupp'!AN14,IF($D$4=3,'Table 1dsupp'!BH14)))","v":93.7}]
["  Mainstream free schools, free school - 16-19, university technical colleges (UTCs), city technology colleges (CTCs) and studio schools",{"$f":"IF($D$4=1,'Table 1dsupp'!B15,IF($D$4=2,'Table 1dsupp'!V15,IF($D$4=3,'Table 1dsupp'!AP15)))","v":414},{"$f":"IF($D$4=1,'Table 1dsupp'!C15,IF($D$4=2,'Table 1dsupp'!W15,IF($D$4=3,'Table 1dsupp'!AQ15)))","v":351},{"$f":"IF($D$4=1,'Table 1dsupp'!D15,IF($D$4=2,'Table 1dsupp'!X15,IF($D$4=3,'Table 1dsupp'!AR15)))","v":765},null,{"$f":"IF($D$4=1,'Table 1dsupp'!F15,IF($D$4=2,'Table 1dsupp'!Z15,IF($D$4=3,'Table 1dsupp'!AT15)))","v":322.2},{"$f":"IF($D$4=1,'Table 1dsupp'!G15,IF($D$4=2,'Table 1dsupp'!AA15,IF($D$4=3,'Table 1dsupp'!AU15)))","v":269.2},{"$f":"IF($D$4=1,'Table 1dsupp'!H15,IF($D$4=2,'Table 1dsupp'!AB15,IF($D$4=3,'Table 1dsupp'!AV15)))","v":591.4},null,{"$f":"IF($D$4=1,'Table 1dsupp'!J15,IF($D$4=2,'Table 1dsupp'!AD15,IF($D$4=3,'Table 1dsupp'!AX15)))","v":210.5},{"$f":"IF($D$4=1,'Table 1dsupp'!K15,IF($D$4=2,'Table 1dsupp'!AE15,IF($D$4=3,'Table 1dsupp'!AY15)))","v":222.8},{"$f":"IF($D$4=1,'Table 1dsupp'!L15,IF($D$4=2,'Table 1dsupp'!AF15,IF($D$4=3,'Table 1dsupp'!AZ15)))","v":216.1},null,{"$f":"IF($D$4=1,'Table 1dsupp'!N15,IF($D$4=2,'Table 1dsupp'!AH15,IF($D$4=3,'Table 1dsupp'!BB15)))","v":769.5},{"$f":"IF($D$4=1,'Table 1dsupp'!O15,IF($D$4=2,'Table 1dsupp'!AI15,IF($D$4=3,'Table 1dsupp'!BC15)))","v":813.9},{"$f":"IF($D$4=1,'Table 1dsupp'!P15,IF($D$4=2,'Table 1dsupp'!AJ15,IF($D$4=3,'Table 1dsupp'!BD15)))","v":789.7},null,{"$f":"IF($D$4=1,'Table 1dsupp'!R15,IF($D$4=2,'Table 1dsupp'!AL15,IF($D$4=3,'Table 1dsupp'!BF15)))","v":72.7},{"$f":"IF($D$4=1,'Table 1dsupp'!S15,IF($D$4=2,'Table 1dsupp'!AM15,IF($D$4=3,'Table 1dsupp'!BG15)))","v":74.400000000000006},{"$f":"IF($D$4=1,'Table 1dsupp'!T15,IF($D$4=2,'Table 1dsupp'!AN15,IF($D$4=3,'Table 1dsupp'!BH15)))","v":73.5}]
[]
["Independent schools",{"$f":"IF($D$4=1,'Table 1dsupp'!B18,IF($D$4=2,'Table 1dsupp'!V18,IF($D$4=3,'Table 1dsupp'!AP18)))","v":16986},{"$f":"IF($D$4=1,'Table 1dsupp'!C18,IF($D$4=2,'Table 1dsupp'!W18,IF($D$4=3,'Table 1dsupp'!AQ18)))","v":17165},{"$f":"IF($D$4=1,'Table 1dsupp'!D18,IF($D$4=2,'Table 1dsupp'!X18,IF($D$4=3,'Table 1dsupp'!AR18)))","v":34151},null,{"$f":"IF($D$4=1,'Table 1dsupp'!F18,IF($D$4=2,'Table 1dsupp'!Z18,IF($D$4=3,'Table 1dsupp'!AT18)))","v":16528.7},{"$f":"IF($D$4=1,'Table 1dsupp'!G18,IF($D$4=2,'Table 1dsupp'!AA18,IF($D$4=3,'Table 1dsupp'!AU18)))","v":16732.5},{"$f":"IF($D$4=1,'Table 1dsupp'!H18,IF($D$4=2,'Table 1dsupp'!AB18,IF($D$4=3,'Table 1dsupp'!AV18)))","v":33261.199999999997},null,{"$f":"IF($D$4=1,'Table 1dsupp'!J18,IF($D$4=2,'Table 1dsupp'!AD18,IF($D$4=3,'Table 1dsupp'!AX18)))","v":240.4},{"$f":"IF($D$4=1,'Table 1dsupp'!K18,IF($D$4=2,'Table 1dsupp'!AE18,IF($D$4=3,'Table 1dsupp'!AY18)))","v":244.7},{"$f":"IF($D$4=1,'Table 1dsupp'!L18,IF($D$4=2,'Table 1dsupp'!AF18,IF($D$4=3,'Table 1dsupp'!AZ18)))","v":242.6},null,{"$f":"IF($D$4=1,'Table 1dsupp'!N18,IF($D$4=2,'Table 1dsupp'!AH18,IF($D$4=3,'Table 1dsupp'!BB18)))","v":861.2},{"$f":"IF($D$4=1,'Table 1dsupp'!O18,IF($D$4=2,'Table 1dsupp'!AI18,IF($D$4=3,'Table 1dsupp'!BC18)))","v":875.8},{"$f":"IF($D$4=1,'Table 1dsupp'!P18,IF($D$4=2,'Table 1dsupp'!AJ18,IF($D$4=3,'Table 1dsupp'!BD18)))","v":868.6},null,{"$f":"IF($D$4=1,'Table 1dsupp'!R18,IF($D$4=2,'Table 1dsupp'!AL18,IF($D$4=3,'Table 1dsupp'!BF18)))","v":95.6},{"$f":"IF($D$4=1,'Table 1dsupp'!S18,IF($D$4=2,'Table 1dsupp'!AM18,IF($D$4=3,'Table 1dsupp'!BG18)))","v":96.6},{"$f":"IF($D$4=1,'Table 1dsupp'!T18,IF($D$4=2,'Table 1dsupp'!AN18,IF($D$4=3,'Table 1dsupp'!BH18)))","v":96.1}]
["of which:"]
["  Independent schools",{"$f":"IF($D$4=1,'Table 1dsupp'!B20,IF($D$4=2,'Table 1dsupp'!V20,IF($D$4=3,'Table 1dsupp'!AP20)))","v":16921},{"$f":"IF($D$4=1,'Table 1dsupp'!C20,IF($D$4=2,'Table 1dsupp'!W20,IF($D$4=3,'Table 1dsupp'!AQ20)))","v":17142},{"$f":"IF($D$4=1,'Table 1dsupp'!D20,IF($D$4=2,'Table 1dsupp'!X20,IF($D$4=3,'Table 1dsupp'!AR20)))","v":34063},null,{"$f":"IF($D$4=1,'Table 1dsupp'!F20,IF($D$4=2,'Table 1dsupp'!Z20,IF($D$4=3,'Table 1dsupp'!AT20)))","v":16472.5},{"$f":"IF($D$4=1,'Table 1dsupp'!G20,IF($D$4=2,'Table 1dsupp'!AA20,IF($D$4=3,'Table 1dsupp'!AU20)))","v":16712.599999999999},{"$f":"IF($D$4=1,'Table 1dsupp'!H20,IF($D$4=2,'Table 1dsupp'!AB20,IF($D$4=3,'Table 1dsupp'!AV20)))","v":33185.1},null,{"$f":"IF($D$4=1,'Table 1dsupp'!J20,IF($D$4=2,'Table 1dsupp'!AD20,IF($D$4=3,'Table 1dsupp'!AX20)))","v":240.6},{"$f":"IF($D$4=1,'Table 1dsupp'!K20,IF($D$4=2,'Table 1dsupp'!AE20,IF($D$4=3,'Table 1dsupp'!AY20)))","v":244.8},{"$f":"IF($D$4=1,'Table 1dsupp'!L20,IF($D$4=2,'Table 1dsupp'!AF20,IF($D$4=3,'Table 1dsupp'!AZ20)))","v":242.7},null,{"$f":"IF($D$4=1,'Table 1dsupp'!N20,IF($D$4=2,'Table 1dsupp'!AH20,IF($D$4=3,'Table 1dsupp'!BB20)))","v":862.4},{"$f":"IF($D$4=1,'Table 1dsupp'!O20,IF($D$4=2,'Table 1dsupp'!AI20,IF($D$4=3,'Table 1dsupp'!BC20)))","v":876.3},{"$f":"IF($D$4=1,'Table 1dsupp'!P20,IF($D$4=2,'Table 1dsupp'!AJ20,IF($D$4=3,'Table 1dsupp'!BD20)))","v":869.4},null,{"$f":"IF($D$4=1,'Table 1dsupp'!R20,IF($D$4=2,'Table 1dsupp'!AL20,IF($D$4=3,'Table 1dsupp'!BF20)))","v":95.7},{"$f":"IF($D$4=1,'Table 1dsupp'!S20,IF($D$4=2,'Table 1dsupp'!AM20,IF($D$4=3,'Table 1dsupp'!BG20)))","v":96.6},{"$f":"IF($D$4=1,'Table 1dsupp'!T20,IF($D$4=2,'Table 1dsupp'!AN20,IF($D$4=3,'Table 1dsupp'!BH20)))","v":96.2}]
["  Independent special schools and non-maintained special schools7",{"$f":"IF($D$4=1,'Table 1dsupp'!B21,IF($D$4=2,'Table 1dsupp'!V21,IF($D$4=3,'Table 1dsupp'!AP21)))","v":65},{"$f":"IF($D$4=1,'Table 1dsupp'!C21,IF($D$4=2,'Table 1dsupp'!W21,IF($D$4=3,'Table 1dsupp'!AQ21)))","v":23},{"$f":"IF($D$4=1,'Table 1dsupp'!D21,IF($D$4=2,'Table 1dsupp'!X21,IF($D$4=3,'Table 1dsupp'!AR21)))","v":88},null,{"$f":"IF($D$4=1,'Table 1dsupp'!F21,IF($D$4=2,'Table 1dsupp'!Z21,IF($D$4=3,'Table 1dsupp'!AT21)))","v":56.2},{"$f":"IF($D$4=1,'Table 1dsupp'!G21,IF($D$4=2,'Table 1dsupp'!AA21,IF($D$4=3,'Table 1dsupp'!AU21)))","v":19.8},{"$f":"IF($D$4=1,'Table 1dsupp'!H21,IF($D$4=2,'Table 1dsupp'!AB21,IF($D$4=3,'Table 1dsupp'!AV21)))","v":76.099999999999994},null,{"$f":"IF($D$4=1,'Table 1dsupp'!J21,IF($D$4=2,'Table 1dsupp'!AD21,IF($D$4=3,'Table 1dsupp'!AX21)))","v":193.7},{"$f":"IF($D$4=1,'Table 1dsupp'!K21,IF($D$4=2,'Table 1dsupp'!AE21,IF($D$4=3,'Table 1dsupp'!AY21)))","v":180},{"$f":"IF($D$4=1,'Table 1dsupp'!L21,IF($D$4=2,'Table 1dsupp'!AF21,IF($D$4=3,'Table 1dsupp'!AZ21)))","v":190.1},null,{"$f":"IF($D$4=1,'Table 1dsupp'!N21,IF($D$4=2,'Table 1dsupp'!AH21,IF($D$4=3,'Table 1dsupp'!BB21)))","v":525.1},{"$f":"IF($D$4=1,'Table 1dsupp'!O21,IF($D$4=2,'Table 1dsupp'!AI21,IF($D$4=3,'Table 1dsupp'!BC21)))","v":481.2},{"$f":"IF($D$4=1,'Table 1dsupp'!P21,IF($D$4=2,'Table 1dsupp'!AJ21,IF($D$4=3,'Table 1dsupp'!BD21)))","v":513.70000000000005},null,{"$f":"IF($D$4=1,'Table 1dsupp'!R21,IF($D$4=2,'Table 1dsupp'!AL21,IF($D$4=3,'Table 1dsupp'!BF21)))","v":67.7},{"$f":"IF($D$4=1,'Table 1dsupp'!S21,IF($D$4=2,'Table 1dsupp'!AM21,IF($D$4=3,'Table 1dsupp'!BG21)))","v":60.9},{"$f":"IF($D$4=1,'Table 1dsupp'!T21,IF($D$4=2,'Table 1dsupp'!AN21,IF($D$4=3,'Table 1dsupp'!BH21)))","v":65.900000000000006}]
[]
["All schools",{"$f":"IF($D$4=1,'Table 1dsupp'!B23,IF($D$4=2,'Table 1dsupp'!V23,IF($D$4=3,'Table 1dsupp'!AP23)))","v":86295},{"$f":"IF($D$4=1,'Table 1dsupp'!C23,IF($D$4=2,'Table 1dsupp'!W23,IF($D$4=3,'Table 1dsupp'!AQ23)))","v":100592},{"$f":"IF($D$4=1,'Table 1dsupp'!D23,IF($D$4=2,'Table 1dsupp'!X23,IF($D$4=3,'Table 1dsupp'!AR23)))","v":186887},null,{"$f":"IF($D$4=1,'Table 1dsupp'!F23,IF($D$4=2,'Table 1dsupp'!Z23,IF($D$4=3,'Table 1dsupp'!AT23)))","v":79729.399999999994},{"$f":"IF($D$4=1,'Table 1dsupp'!G23,IF($D$4=2,'Table 1dsupp'!AA23,IF($D$4=3,'Table 1dsupp'!AU23)))","v":93616.9},{"$f":"IF($D$4=1,'Table 1dsupp'!H23,IF($D$4=2,'Table 1dsupp'!AB23,IF($D$4=3,'Table 1dsupp'!AV23)))","v":173346.3},null,{"$f":"IF($D$4=1,'Table 1dsupp'!J23,IF($D$4=2,'Table 1dsupp'!AD23,IF($D$4=3,'Table 1dsupp'!AX23)))","v":215.8},{"$f":"IF($D$4=1,'Table 1dsupp'!K23,IF($D$4=2,'Table 1dsupp'!AE23,IF($D$4=3,'Table 1dsupp'!AY23)))","v":220.7},{"$f":"IF($D$4=1,'Table 1dsupp'!L23,IF($D$4=2,'Table 1dsupp'!AF23,IF($D$4=3,'Table 1dsupp'!AZ23)))","v":218.5},null,{"$f":"IF($D$4=1,'Table 1dsupp'!N23,IF($D$4=2,'Table 1dsupp'!AH23,IF($D$4=3,'Table 1dsupp'!BB23)))","v":784.1},{"$f":"IF($D$4=1,'Table 1dsupp'!O23,IF($D$4=2,'Table 1dsupp'!AI23,IF($D$4=3,'Table 1dsupp'!BC23)))","v":803.7},{"$f":"IF($D$4=1,'Table 1dsupp'!P23,IF($D$4=2,'Table 1dsupp'!AJ23,IF($D$4=3,'Table 1dsupp'!BD23)))","v":794.7},null,{"$f":"IF($D$4=1,'Table 1dsupp'!R23,IF($D$4=2,'Table 1dsupp'!AL23,IF($D$4=3,'Table 1dsupp'!BF23)))","v":91.1},{"$f":"IF($D$4=1,'Table 1dsupp'!S23,IF($D$4=2,'Table 1dsupp'!AM23,IF($D$4=3,'Table 1dsupp'!BG23)))","v":93.3},{"$f":"IF($D$4=1,'Table 1dsupp'!T23,IF($D$4=2,'Table 1dsupp'!AN23,IF($D$4=3,'Table 1dsupp'!BH23)))","v":92.3}]
[]
["FE sector colleges",{"$f":"IF($D$4=1,'Table 1dsupp'!B25,IF($D$4=2,'Table 1dsupp'!V25,IF($D$4=3,'Table 1dsupp'!AP25)))","v":31307},{"$f":"IF($D$4=1,'Table 1dsupp'!C25,IF($D$4=2,'Table 1dsupp'!W25,IF($D$4=3,'Table 1dsupp'!AQ25)))","v":43128},{"$f":"IF($D$4=1,'Table 1dsupp'!D25,IF($D$4=2,'Table 1dsupp'!X25,IF($D$4=3,'Table 1dsupp'!AR25)))","v":74435},null,{"$f":"IF($D$4=1,'Table 1dsupp'!F25,IF($D$4=2,'Table 1dsupp'!Z25,IF($D$4=3,'Table 1dsupp'!AT25)))","v":28993.9},{"$f":"IF($D$4=1,'Table 1dsupp'!G25,IF($D$4=2,'Table 1dsupp'!AA25,IF($D$4=3,'Table 1dsupp'!AU25)))","v":40355.699999999997},{"$f":"IF($D$4=1,'Table 1dsupp'!H25,IF($D$4=2,'Table 1dsupp'!AB25,IF($D$4=3,'Table 1dsupp'!AV25)))","v":69349.7},null,{"$f":"IF($D$4=1,'Table 1dsupp'!J25,IF($D$4=2,'Table 1dsupp'!AD25,IF($D$4=3,'Table 1dsupp'!AX25)))","v":200.8},{"$f":"IF($D$4=1,'Table 1dsupp'!K25,IF($D$4=2,'Table 1dsupp'!AE25,IF($D$4=3,'Table 1dsupp'!AY25)))","v":209.1},{"$f":"IF($D$4=1,'Table 1dsupp'!L25,IF($D$4=2,'Table 1dsupp'!AF25,IF($D$4=3,'Table 1dsupp'!AZ25)))","v":205.6},null,{"$f":"IF($D$4=1,'Table 1dsupp'!N25,IF($D$4=2,'Table 1dsupp'!AH25,IF($D$4=3,'Table 1dsupp'!BB25)))","v":731.2},{"$f":"IF($D$4=1,'Table 1dsupp'!O25,IF($D$4=2,'Table 1dsupp'!AI25,IF($D$4=3,'Table 1dsupp'!BC25)))","v":760},{"$f":"IF($D$4=1,'Table 1dsupp'!P25,IF($D$4=2,'Table 1dsupp'!AJ25,IF($D$4=3,'Table 1dsupp'!BD25)))","v":748},null,{"$f":"IF($D$4=1,'Table 1dsupp'!R25,IF($D$4=2,'Table 1dsupp'!AL25,IF($D$4=3,'Table 1dsupp'!BF25)))","v":90.5},{"$f":"IF($D$4=1,'Table 1dsupp'!S25,IF($D$4=2,'Table 1dsupp'!AM25,IF($D$4=3,'Table 1dsupp'!BG25)))","v":92.9},{"$f":"IF($D$4=1,'Table 1dsupp'!T25,IF($D$4=2,'Table 1dsupp'!AN25,IF($D$4=3,'Table 1dsupp'!BH25)))","v":91.9}]
["of which:"]
["  Sixth form colleges",{"$f":"IF($D$4=1,'Table 1dsupp'!B27,IF($D$4=2,'Table 1dsupp'!V27,IF($D$4=3,'Table 1dsupp'!AP27)))","v":22370},{"$f":"IF($D$4=1,'Table 1dsupp'!C27,IF($D$4=2,'Table 1dsupp'!W27,IF($D$4=3,'Table 1dsupp'!AQ27)))","v":29936},{"$f":"IF($D$4=1,'Table 1dsupp'!D27,IF($D$4=2,'Table 1dsupp'!X27,IF($D$4=3,'Table 1dsupp'!AR27)))","v":52306},null,{"$f":"IF($D$4=1,'Table 1dsupp'!F27,IF($D$4=2,'Table 1dsupp'!Z27,IF($D$4=3,'Table 1dsupp'!AT27)))","v":20593.8},{"$f":"IF($D$4=1,'Table 1dsupp'!G27,IF($D$4=2,'Table 1dsupp'!AA27,IF($D$4=3,'Table 1dsupp'!AU27)))","v":27853.7},{"$f":"IF($D$4=1,'Table 1dsupp'!H27,IF($D$4=2,'Table 1dsupp'!AB27,IF($D$4=3,'Table 1dsupp'!AV27)))","v":48447.5},null,{"$f":"IF($D$4=1,'Table 1dsupp'!J27,IF($D$4=2,'Table 1dsupp'!AD27,IF($D$4=3,'Table 1dsupp'!AX27)))","v":202.2},{"$f":"IF($D$4=1,'Table 1dsupp'!K27,IF($D$4=2,'Table 1dsupp'!AE27,IF($D$4=3,'Table 1dsupp'!AY27)))","v":211.2},{"$f":"IF($D$4=1,'Table 1dsupp'!L27,IF($D$4=2,'Table 1dsupp'!AF27,IF($D$4=3,'Table 1dsupp'!AZ27)))","v":207.4},null,{"$f":"IF($D$4=1,'Table 1dsupp'!N27,IF($D$4=2,'Table 1dsupp'!AH27,IF($D$4=3,'Table 1dsupp'!BB27)))","v":759.5},{"$f":"IF($D$4=1,'Table 1dsupp'!O27,IF($D$4=2,'Table 1dsupp'!AI27,IF($D$4=3,'Table 1dsupp'!BC27)))","v":794.8},{"$f":"IF($D$4=1,'Table 1dsupp'!P27,IF($D$4=2,'Table 1dsupp'!AJ27,IF($D$4=3,'Table 1dsupp'!BD27)))","v":779.8},null,{"$f":"IF($D$4=1,'Table 1dsupp'!R27,IF($D$4=2,'Table 1dsupp'!AL27,IF($D$4=3,'Table 1dsupp'!BF27)))","v":90.5},{"$f":"IF($D$4=1,'Table 1dsupp'!S27,IF($D$4=2,'Table 1dsupp'!AM27,IF($D$4=3,'Table 1dsupp'!BG27)))","v":93.2},{"$f":"IF($D$4=1,'Table 1dsupp'!T27,IF($D$4=2,'Table 1dsupp'!AN27,IF($D$4=3,'Table 1dsupp'!BH27)))","v":92}]
["  Other FE sector colleges8",{"$f":"IF($D$4=1,'Table 1dsupp'!B28,IF($D$4=2,'Table 1dsupp'!V28,IF($D$4=3,'Table 1dsupp'!AP28)))","v":8937},{"$f":"IF($D$4=1,'Table 1dsupp'!C28,IF($D$4=2,'Table 1dsupp'!W28,IF($D$4=3,'Table 1dsupp'!AQ28)))","v":13192},{"$f":"IF($D$4=1,'Table 1dsupp'!D28,IF($D$4=2,'Table 1dsupp'!X28,IF($D$4=3,'Table 1dsupp'!AR28)))","v":22129},null,{"$f":"IF($D$4=1,'Table 1dsupp'!F28,IF($D$4=2,'Table 1dsupp'!Z28,IF($D$4=3,'Table 1dsupp'!AT28)))","v":8400.1},{"$f":"IF($D$4=1,'Table 1dsupp'!G28,IF($D$4=2,'Table 1dsupp'!AA28,IF($D$4=3,'Table 1dsupp'!AU28)))","v":12502},{"$f":"IF($D$4=1,'Table 1dsupp'!H28,IF($D$4=2,'Table 1dsupp'!AB28,IF($D$4=3,'Table 1dsupp'!AV28)))","v":20902.2},null,{"$f":"IF($D$4=1,'Table 1dsupp'!J28,IF($D$4=2,'Table 1dsupp'!AD28,IF($D$4=3,'Table 1dsupp'!AX28)))","v":196.9},{"$f":"IF($D$4=1,'Table 1dsupp'!K28,IF($D$4=2,'Table 1dsupp'!AE28,IF($D$4=3,'Table 1dsupp'!AY28)))","v":203.8},{"$f":"IF($D$4=1,'Table 1dsupp'!L28,IF($D$4=2,'Table 1dsupp'!AF28,IF($D$4=3,'Table 1dsupp'!AZ28)))","v":201},null,{"$f":"IF($D$4=1,'Table 1dsupp'!N28,IF($D$4=2,'Table 1dsupp'!AH28,IF($D$4=3,'Table 1dsupp'!BB28)))","v":661.9},{"$f":"IF($D$4=1,'Table 1dsupp'!O28,IF($D$4=2,'Table 1dsupp'!AI28,IF($D$4=3,'Table 1dsupp'!BC28)))","v":682.5},{"$f":"IF($D$4=1,'Table 1dsupp'!P28,IF($D$4=2,'Table 1dsupp'!AJ28,IF($D$4=3,'Table 1dsupp'!BD28)))","v":674.2},null,{"$f":"IF($D$4=1,'Table 1dsupp'!R28,IF($D$4=2,'Table 1dsupp'!AL28,IF($D$4=3,'Table 1dsupp'!BF28)))","v":90.6},{"$f":"IF($D$4=1,'Table 1dsupp'!S28,IF($D$4=2,'Table 1dsupp'!AM28,IF($D$4=3,'Table 1dsupp'!BG28)))","v":92.2},{"$f":"IF($D$4=1,'Table 1dsupp'!T28,IF($D$4=2,'Table 1dsupp'!AN28,IF($D$4=3,'Table 1dsupp'!BH28)))","v":91.5}]
[]
["All state-funded schools and colleges9",{"$f":"IF($D$4=1,'Table 1dsupp'!B30,IF($D$4=2,'Table 1dsupp'!V30,IF($D$4=3,'Table 1dsupp'!AP30)))","v":100513},{"$f":"IF($D$4=1,'Table 1dsupp'!C30,IF($D$4=2,'Table 1dsupp'!W30,IF($D$4=3,'Table 1dsupp'!AQ30)))","v":126529},{"$f":"IF($D$4=1,'Table 1dsupp'!D30,IF($D$4=2,'Table 1dsupp'!X30,IF($D$4=3,'Table 1dsupp'!AR30)))","v":227042},null,{"$f":"IF($D$4=1,'Table 1dsupp'!F30,IF($D$4=2,'Table 1dsupp'!Z30,IF($D$4=3,'Table 1dsupp'!AT30)))","v":92093.3},{"$f":"IF($D$4=1,'Table 1dsupp'!G30,IF($D$4=2,'Table 1dsupp'!AA30,IF($D$4=3,'Table 1dsupp'!AU30)))","v":117214.39999999999},{"$f":"IF($D$4=1,'Table 1dsupp'!H30,IF($D$4=2,'Table 1dsupp'!AB30,IF($D$4=3,'Table 1dsupp'!AV30)))","v":209307.6},null,{"$f":"IF($D$4=1,'Table 1dsupp'!J30,IF($D$4=2,'Table 1dsupp'!AD30,IF($D$4=3,'Table 1dsupp'!AX30)))","v":206.7},{"$f":"IF($D$4=1,'Table 1dsupp'!K30,IF($D$4=2,'Table 1dsupp'!AE30,IF($D$4=3,'Table 1dsupp'!AY30)))","v":213.4},{"$f":"IF($D$4=1,'Table 1dsupp'!L30,IF($D$4=2,'Table 1dsupp'!AF30,IF($D$4=3,'Table 1dsupp'!AZ30)))","v":210.4},null,{"$f":"IF($D$4=1,'Table 1dsupp'!N30,IF($D$4=2,'Table 1dsupp'!AH30,IF($D$4=3,'Table 1dsupp'!BB30)))","v":753.5},{"$f":"IF($D$4=1,'Table 1dsupp'!O30,IF($D$4=2,'Table 1dsupp'!AI30,IF($D$4=3,'Table 1dsupp'!BC30)))","v":778.3},{"$f":"IF($D$4=1,'Table 1dsupp'!P30,IF($D$4=2,'Table 1dsupp'!AJ30,IF($D$4=3,'Table 1dsupp'!BD30)))","v":767.4},null,{"$f":"IF($D$4=1,'Table 1dsupp'!R30,IF($D$4=2,'Table 1dsupp'!AL30,IF($D$4=3,'Table 1dsupp'!BF30)))","v":90.2},{"$f":"IF($D$4=1,'Table 1dsupp'!S30,IF($D$4=2,'Table 1dsupp'!AM30,IF($D$4=3,'Table 1dsupp'!BG30)))","v":92.7},{"$f":"IF($D$4=1,'Table 1dsupp'!T30,IF($D$4=2,'Table 1dsupp'!AN30,IF($D$4=3,'Table 1dsupp'!BH30)))","v":91.6}]
[]
["All schools and FE sector colleges",{"$f":"IF($D$4=1,'Table 1dsupp'!B32,IF($D$4=2,'Table 1dsupp'!V32,IF($D$4=3,'Table 1dsupp'!AP32)))","v":117602},{"$f":"IF($D$4=1,'Table 1dsupp'!C32,IF($D$4=2,'Table 1dsupp'!W32,IF($D$4=3,'Table 1dsupp'!AQ32)))","v":143720},{"$f":"IF($D$4=1,'Table 1dsupp'!D32,IF($D$4=2,'Table 1dsupp'!X32,IF($D$4=3,'Table 1dsupp'!AR32)))","v":261322},null,{"$f":"IF($D$4=1,'Table 1dsupp'!F32,IF($D$4=2,'Table 1dsupp'!Z32,IF($D$4=3,'Table 1dsupp'!AT32)))","v":108723.3},{"$f":"IF($D$4=1,'Table 1dsupp'!G32,IF($D$4=2,'Table 1dsupp'!AA32,IF($D$4=3,'Table 1dsupp'!AU32)))","v":133972.70000000001},{"$f":"IF($D$4=1,'Table 1dsupp'!H32,IF($D$4=2,'Table 1dsupp'!AB32,IF($D$4=3,'Table 1dsupp'!AV32)))","v":242696},null,{"$f":"IF($D$4=1,'Table 1dsupp'!J32,IF($D$4=2,'Table 1dsupp'!AD32,IF($D$4=3,'Table 1dsupp'!AX32)))","v":211.8},{"$f":"IF($D$4=1,'Table 1dsupp'!K32,IF($D$4=2,'Table 1dsupp'!AE32,IF($D$4=3,'Table 1dsupp'!AY32)))","v":217.2},{"$f":"IF($D$4=1,'Table 1dsupp'!L32,IF($D$4=2,'Table 1dsupp'!AF32,IF($D$4=3,'Table 1dsupp'!AZ32)))","v":214.8},null,{"$f":"IF($D$4=1,'Table 1dsupp'!N32,IF($D$4=2,'Table 1dsupp'!AH32,IF($D$4=3,'Table 1dsupp'!BB32)))","v":770},{"$f":"IF($D$4=1,'Table 1dsupp'!O32,IF($D$4=2,'Table 1dsupp'!AI32,IF($D$4=3,'Table 1dsupp'!BC32)))","v":790.5},{"$f":"IF($D$4=1,'Table 1dsupp'!P32,IF($D$4=2,'Table 1dsupp'!AJ32,IF($D$4=3,'Table 1dsupp'!BD32)))","v":781.3},null,{"$f":"IF($D$4=1,'Table 1dsupp'!R32,IF($D$4=2,'Table 1dsupp'!AL32,IF($D$4=3,'Table 1dsupp'!BF32)))","v":91},{"$f":"IF($D$4=1,'Table 1dsupp'!S32,IF($D$4=2,'Table 1dsupp'!AM32,IF($D$4=3,'Table 1dsupp'!BG32)))","v":93.1},{"$f":"IF($D$4=1,'Table 1dsupp'!T32,IF($D$4=2,'Table 1dsupp'!AN32,IF($D$4=3,'Table 1dsupp'!BH32)))","v":92.2}]
[]
[null,null,null,null,null,null,null,null,null,null,null,null,null,null,null,null,null,null,null,"Source: 2013/14 16-18 attainment data (provisional)"]
["1. Cumulative results achieved in the 2012/13 and 2013/14 academic years."]
["2. Covers students at the end of advanced level study who were entered for at least one substantial level 3 qualification in the 2013/14 academic year."]
["3. Covers students aged 16, 17 or 18 at the start of the 2013/14 academic year, i.e. 31 August 2013."]
["4. Also includes state-funded special schools, hospital schools, pupil referral units (PRUs) and alternative provision (AP) free schools. Figures for these institution types are not shown separately in the table."]
["5. Community, voluntary aided, voluntary controlled and foundation schools."]
["6. Convertor academies and academy 16-19 converters."]
["7. Independent special schools, independent schools approved to take pupils with special educational needs (SEN) and non-maintained special schools."]
["8. Further education sector colleges; other government department funded colleges; and special colleges."]
["9. Covers all state-funded mainstream schools, academies, free schools, maintained special schools and FE sector colleges. Excludes pupil referral units (PRUs), non-maintained special schools, other government department funded colleges, independent schools, independent special schools and independent schools approved to take pupils with special educational needs (SEN) ."]
[]
[]
["Notes:"]
["Full-time equivalents (FTE) numbers, average point scores and percentages are rounded to one decimal place."]
["Where qualifications taken by a student are in the same subject area and similar in content ‘discounting’ rules have been applied to avoid double counting qualifications."]
["‘Substantial’ advanced level academic qualifications are defined as qualifications that are at least the size of an A level (180 guided learning hours per year), for example a Pre-U principal certificate. "]
["If an academic qualification is similar in size to 2 A levels it will be counted as 2 substantial qualifications."]
["‘Substantial’ advanced level vocational qualifications are defined as qualifications that are at least the size of an A level (180 guided learning hours per year), for example a BTEC subsidiary Diploma (Level 3)."]
["If a vocational qualification is similar in size to 2 A levels it will be counted as 2 substantial qualifications."]
[]
["Refer to 'Quality and Methodology Information' document for more information on cohort calculations."]

{"sheet":"Table 2","index":7,"n_rows":76,"n_cols":11,"rows_kept":76,"cut":false,"hidden":false,"merged":[[4,1,4,9],[5,1,5,9],[5,10,6,10]]}
["Table 2: A level results1 of all students2 by subject and grade"]
["Year: 2013/14 (provisional)"]
["Coverage: England"]
[]
[null,"Males and Females"]
["Subject","Percentage achieving grade",null,null,null,null,null,null,null,null,"Number of entries"]
[null,"A*","A","B","C","D","E","Other3","A*-A ","A*-E "]
[]
["Biological Sciences",10,18.2,23.4,21,16.3,9.4,1.7,28.2,98.3,55867]
["Chemistry",9.3000000000000007,24,26.3,19.100000000000001,12.6,7.2,1.5,33.299999999999997,98.5,47158]
["Physics",10.7,20.7,22.7,18.899999999999999,14.7,10,2.2999999999999998,31.4,97.7,32241]
["Other Science",7.7,17.8,24,21.9,16.600000000000001,9.6,2.4,25.5,97.6,4117]
[]
["Mathematics",18.100000000000001,25,22.6,15.9,10.9,6,1.4,43.1,98.6,79060]
["Further Mathematics",26.2,31.1,19.7,12.1,6.6,3.3,1.1000000000000001,57.4,98.9,13044]
[]
["Design and Technology",4.5999999999999996,12.6,24.5,27.2,21,8.8000000000000007,1.2,17.2,98.8,11833]
["Computer Studies",2.9,13.7,21.2,24.5,21,13.4,3.2,16.600000000000001,96.8,3736]
["ICT4",1.4,7.7,21.9,26.8,25.1,14.6,2.5,9.1,97.5,6936]
[]
["Home Economics",1.9,15.2,25.9,27.2,19.7,9.1,1,17.2,99,309]
[]
["Accounting and Finance",2,10.7,23.1,25.5,19.7,14,5,12.6,95,2751]
["Business Studies",3.8,11.3,27.1,30,18.8,7.4,1.5,15.1,98.5,25719]
["Economics",9.4,24,28,20.8,11.6,5,1.1000000000000001,33.4,98.9,22897]
["Geography",6.7,21.7,29.1,24.6,13,4.3,0.6,28.4,99.4,29694]
["Government and Politics",8.3000000000000007,20.6,27.9,22.4,13.6,5.7,1.5,28.9,98.5,12321]
["History",6.7,19,30.5,26.3,13.2,3.8,0.5,25.7,99.5,46014]
["Law",4.7,12.7,24.7,25.7,19.2,9.9,3.2,17.3,96.8,10361]
["Psychology",4.9000000000000004,12.4,25.6,26.9,18.899999999999999,8.9,2.2999999999999998,17.3,97.7,51212]
["Sociology",5.2,13.2,28.4,28.5,16.7,6.4,1.6,18.399999999999999,98.4,27751]
["Other social studies",6,14.2,28.3,26.7,16.8,6.5,1.6,20.100000000000001,98.4,3594]
[]
["Art and Design",11.7,15.7,29.2,26.3,12.5,3.8,0.8,27.4,99.2,40769]
["Drama",4,11.2,31,32,16.7,4.5,0.5,15.3,99.5,11804]
["English",6.2,13.9,27.9,31.4,16.7,3.4,0.4,20.100000000000001,99.6,78252]
["Media/Film/Television Studies",1.4,8.9,31,37.4,17.100000000000001,3.6,0.6,10.3,99.4,19661]
["Other Communication Studies",1.7,9.8000000000000007,34.200000000000003,36.799999999999997,14.4,2.6,0.6,11.5,99.4,8231]
[]
["French",6.5,32.200000000000003,29.4,18.8,9.6999999999999993,3,0.4,38.700000000000003,99.6,9082]
["German",8.1,31.5,28.9,17.399999999999999,10.1,3.6,0.5,39.5,99.5,3723]
["Spanish",7.8,28.4,31.8,20,9.1,2.4,0.4,36.200000000000003,99.6,6623]
["Other modern languages",14,39.1,28,11.4,4.0999999999999996,2,1.4,53.1,98.6,7069]
["of which:"]
["  Chinese",7.9,41.8,37,9.6999999999999993,1.9,1,0.8,49.7,99.2,2548]
["  Italian",10.6,34.5,33.700000000000003,14.6,3.9,2.2000000000000002,0.4,45.2,99.6,686]
["  Polish",16,46.1,15.7,11.7,6.9,2.7,0.9,62.1,99.1,700]
["  Russian",35.6,54.5,6.9,1.8,"x","x",0.5,90.1,99.5,951]
[]
["Classical Studies",10.4,26.6,28.6,20.399999999999999,9.6,3.4,0.9,37,99.1,6219]
["of which:"]
["  Latin",26,45.4,20.3,6.7,1.2,0.2,0.2,71.400000000000006,99.8,1271]
["  Greek",30.4,56.4,11.6,1.6,0,0,0,86.8,100,250]
["  Classical Civilisation",5.2,20.100000000000001,32,24.4,12.5,4.7,1.1000000000000001,25.3,98.9,3740]
[]
["Religious Studies",6.9,18.600000000000001,28.3,25.2,14.3,5.4,1.2,25.5,98.8,19841]
[]
["Music",3.3,14.5,25.4,27.6,19.8,8.3000000000000007,1.1000000000000001,17.8,98.9,7187]
[]
["Physical Education",3.5,11.9,24.4,26.1,20.6,11.9,1.7,15.4,98.3,13194]
[]
["General Studies",4.0999999999999996,8.6999999999999993,19.600000000000001,24.7,22.2,14.1,6.6,12.8,93.4,24077]
[]
["All subjects",8.5,18,26.3,24.3,15,6.5,1.5,26.4,98.5,742347]
[]
[null,null,null,null,null,null,null,null,null,null,"Source: 2013/14 16-18 attainment data (provisional)"]
["1. Covers A level examination results for the 2013/14 academic year."]
["2. Covers students aged 16, 17 or 18 at the start of the 2013/14 academic year, i.e. 31 August 2013."]
["3. Includes ungraded, no award (absent/declined) and pending."]
["4. Information, Communication and Technology",null,null,null,null," "]
[]
["Notes:"]
[" x indicates figure has been suppressed where underlying numbers are small (ie, 1 or 2) or where secondary suppression has been applied."]
["Percentages are rounded to one decimal place and therefore may not sum to totals."]
["Where qualifications taken by a student are in the same subject area and similar in content ‘discounting’ rules have been applied to avoid double counting qualifications."]
["Refer to 'Quality and Methodology Information' document."]

{"sheet":"Table 2m","index":8,"n_rows":76,"n_cols":11,"rows_kept":76,"cut":false,"hidden":false,"merged":[[4,1,4,9],[5,1,5,9],[5,10,6,10]]}
["Table 2m: A level results1 of male students2 by subject and grade"]
["Year: 2013/14 (provisional)"]
["Coverage: England"]
[]
[null,"Males"]
["Subject","Percentage achieving grade",null,null,null,null,null,null,null,null,"Number of entries"]
[null,"A*","A","B","C","D","E","Other3","A*-A ","A*-E "]
[]
["Biological Sciences",9.8000000000000007,17.399999999999999,23,21.2,16.8,9.8000000000000007,2,27.2,98,22813]
["Chemistry",10.199999999999999,23.5,25.6,18.600000000000001,12.8,7.6,1.8,33.6,98.2,24323]
["Physics",10.3,20,22.6,19,15.3,10.4,2.4,30.3,97.6,25501]
["Other Science",8.1999999999999993,18.100000000000001,23.3,21.4,17.100000000000001,9.6,2.2000000000000002,26.3,97.8,2905]
[]
["Mathematics",19.399999999999999,24.1,21.6,16,11.1,6.3,1.6,43.5,98.4,48421]
["Further Mathematics",26.7,30.4,19.399999999999999,12,6.7,3.6,1.1000000000000001,57.2,98.9,9322]
[]
["Design and Technology",3.8,11.2,22,27.7,23.1,10.6,1.5,15.1,98.5,6801]
["Computer Studies",3,13.3,20.9,24.9,21.1,13.6,3.3,16.3,96.7,3450]
["ICT4",1.2,6.1,20.5,26.5,26.7,16,3,7.3,97,4475]
[]
["Home Economics",0,"x",8.8000000000000007,8.8000000000000007,38.200000000000003,35.299999999999997,"x","x","x",34]
[]
["Accounting and Finance",2,10.1,21.9,26,20,14.6,5.4,12.1,94.6,1838]
["Business Studies",3.3,10.5,26.5,30.8,19.399999999999999,7.8,1.6,13.8,98.4,15043]
["Economics",8.8000000000000007,23,28.3,21.2,12.2,5.3,1.1000000000000001,31.8,98.9,15666]
["Geography",5.0999999999999996,18,28.3,26.9,15.5,5.3,0.8,23.2,99.2,14777]
["Government and Politics",7.4,19.3,27.9,23.2,14.7,6,1.5,26.7,98.5,7026]
["History",5.9,17.600000000000001,29.4,27.5,14.8,4.0999999999999996,0.6,23.5,99.4,21743]
["Law",3.7,9.8000000000000007,23,25.2,21.8,12.1,4.4000000000000004,13.5,95.6,3769]
["Psychology",2.4,8,21.5,28,23.5,12.9,3.7,10.5,96.3,12654]
["Sociology",3.7,9.1999999999999993,26.1,30,20.100000000000001,8.5,2.4,12.9,97.6,6663]
["Other social studies",6.6,13.8,28.6,25.1,17.2,7.1,1.6,20.399999999999999,98.4,1596]
[]
["Art and Design",10.4,12.3,26,27.9,16.5,5.7,1.2,22.7,98.8,9956]
["Drama",2.9,9.1999999999999993,26.1,33,21.5,6.6,0.7,12.1,99.3,3618]
["English",6.6,12.4,25.7,31.3,18.899999999999999,4.5,0.6,19,99.4,21978]
["Media/Film/Television Studies",0.7,6,25.7,39.9,21.6,5.4,0.6,6.7,99.4,8380]
["Other Communication Studies",1.2,7.4,30.8,38.9,17.600000000000001,3.5,0.8,8.6,99.2,3655]
[]
["French",6.6,32.9,29.4,17.600000000000001,10.1,2.8,0.4,39.6,99.6,2911]
["German",9.1999999999999993,32.799999999999997,27.7,16.899999999999999,8.9,3.9,0.5,42,99.5,1478]
["Spanish",8,29.9,31.5,19.100000000000001,8.5,2.7,0.4,37.9,99.6,2301]
["Other modern languages",11.6,36.700000000000003,31.1,12.4,4.2,2.2000000000000002,1.8,48.3,98.2,2933]
["of which:"]
["  Chinese",5,35.700000000000003,41.7,12.6,2.5,1,1.4,40.700000000000003,98.6,1156]
["  Italian",8,31.9,36.5,16.3,3.8,"x","x",39.9,"x",263]
["  Polish",11.5,45.4,17.100000000000001,15.6,7.8,"x","x",56.9,"x",269]
["  Russian",32.9,57.1,8.4,"x","x",0,0.7,89.9,99.3,417]
[]
["Classical Studies",11.1,24.7,28.1,20.6,10.6,3.8,1.1000000000000001,35.799999999999997,98.9,2631]
["of which:"]
["  Latin",27.7,42.7,21.2,6.9,1.2,"x","x",70.400000000000006,"x",567]
["  Greek",32.799999999999997,53.7,"x","x",0,0,0,86.6,100,134]
["  Classical Civilisation",4.5,17,30.8,25.4,15.2,5.8,1.5,21.4,98.5,1368]
[]
["Religious Studies",6.2,18.399999999999999,26.7,25,15.6,6.6,1.6,24.6,98.4,6109]
[]
["Music",3.2,13.3,23.5,28.1,21.4,9.3000000000000007,1.3,16.5,98.7,4377]
[]
["Physical Education",2.1,9,21.1,26.7,23.9,14.9,2.2999999999999998,11.1,97.7,7452]
[]
["General Studies",3.4,7.8,18,23.6,23.3,15.6,8.3000000000000007,11.3,91.7,10674]
[]
["All subjects",8.9,17.5,24.5,23.6,16.100000000000001,7.6,1.8,26.4,98.2,337273]
[]
[null,null,null,null,null,null,null,null,null,null,"Source: 2013/14 16-18 attainment data (provisional)"]
["1. Covers A level examination results for the 2013/14 academic year."]
["2. Covers students aged 16, 17 or 18 at the start of the 2013/14 academic year, i.e. 31 August 2013."]
["3. Includes ungraded, no award (absent/declined) and pending."]
["4. Information, Communication and Technology"]
[]
["Notes:"]
[" x indicates figure has been suppressed where underlying numbers are small (ie, 1 or 2) or where secondary suppression has been applied."]
["Percentages are rounded to one decimal place and therefore may not sum to totals."]
["Where qualifications taken by a student are in the same subject area and similar in content ‘discounting’ rules have been applied to avoid double counting qualifications."]
["Refer to 'Quality and Methodology Information' document."]

{"sheet":"Table 2f","index":9,"n_rows":76,"n_cols":11,"rows_kept":76,"cut":false,"hidden":false,"merged":[[4,1,4,9],[5,1,5,9],[5,10,6,10]]}
["Table 2f: A level results1 of female students2 by subject and grade"]
["Year: 2013/14 (provisional)"]
["Coverage: England"]
[]
[null,"Females"]
["Subject","Percentage achieving grade",null,null,null,null,null,null,null,null,"Number of entries"]
[null,"A*","A","B","C","D","E","Other3","A*-A ","A*-E "]
[]
["Biological Sciences",10.199999999999999,18.600000000000001,23.8,20.8,16,9.1999999999999993,1.4,28.8,98.6,33054]
["Chemistry",8.5,24.5,27.1,19.600000000000001,12.4,6.7,1.2,33,98.8,22835]
["Physics",12,23.7,23.3,18.100000000000001,12.5,8.4,2,35.6,98,6740]
["Other Science",6.5,16.899999999999999,25.5,23,15.3,9.6999999999999993,3,23.4,97,1212]
[]
["Mathematics",16.100000000000001,26.4,24.1,15.9,10.6,5.6,1.2,42.5,98.8,30639]
["Further Mathematics",25,32.799999999999997,20.399999999999999,12.1,6.2,2.5,1,57.8,99,3722]
[]
["Design and Technology",5.6,14.4,27.9,26.6,18.2,6.4,0.9,20,99.1,5032]
["Computer Studies",2.8,17.8,24.8,20.6,20.3,11.9,1.7,20.6,98.3,286]
["ICT4",1.7,10.7,24.4,27.3,22.2,12,1.7,12.4,98.3,2461]
[]
["Home Economics","x",16.7,28,29.5,17.5,5.8,"x",18.899999999999999,"x",275]
[]
["Accounting and Finance",2,11.8,25.4,24.6,19.3,12.8,4.0999999999999996,13.8,95.9,913]
["Business Studies",4.5,12.5,27.9,28.9,17.899999999999999,6.9,1.4,17,98.6,10676]
["Economics",10.6,26.3,27.3,19.8,10.3,4.5,1.1000000000000001,36.9,98.9,7231]
["Geography",8.1999999999999993,25.4,29.9,22.3,10.6,3.3,0.4,33.6,99.6,14917]
["Government and Politics",9.5,22.3,27.9,21.3,12.2,5.3,1.5,31.8,98.5,5295]
["History",7.4,20.2,31.5,25.1,11.8,3.5,0.5,27.6,99.5,24271]
["Law",5.2,14.3,25.7,25.9,17.7,8.6,2.5,19.5,97.5,6592]
["Psychology",5.7,13.8,27,26.5,17.399999999999999,7.6,1.9,19.600000000000001,98.1,38558]
["Sociology",5.6,14.4,29.1,28,15.7,5.7,1.4,20.100000000000001,98.6,21088]
["Other social studies",5.5,14.5,28,28.1,16.399999999999999,6,1.6,20,98.4,1998]
[]
["Art and Design",12.1,16.899999999999999,30.3,25.8,11.2,3.2,0.6,29,99.4,30813]
["Drama",4.5,12.2,33.200000000000003,31.5,14.6,3.6,0.4,16.7,99.6,8186]
["English",6.1,14.5,28.8,31.5,15.8,3,0.3,20.6,99.7,56274]
["Media/Film/Television Studies",1.8,11.1,34.9,35.5,13.8,2.2999999999999998,0.5,13,99.5,11281]
["Other Communication Studies",2.1,11.7,36.9,35.200000000000003,11.8,1.8,0.4,13.8,99.6,4576]
[]
["French",6.5,31.8,29.4,19.399999999999999,9.4,3.1,0.4,38.299999999999997,99.6,6171]
["German",7.3,30.6,29.7,17.600000000000001,10.9,3.3,0.6,37.9,99.4,2245]
["Spanish",7.7,27.6,32,20.5,9.5,2.2999999999999998,0.3,35.299999999999997,99.7,4322]
["Other modern languages",15.8,40.700000000000003,25.8,10.8,4,1.9,1,56.5,99,4136]
["of which:"]
["  Chinese",10.3,46.8,33,7.3,1.4,0.9,0.3,57.1,99.7,1392]
["  Italian",12.3,36.200000000000003,31.9,13.5,4,"x","x",48.5,"x",423]
["  Polish",18.8,46.6,14.8,9.3000000000000007,6.3,3.2,0.9,65.400000000000006,99.1,431]
["  Russian",37.799999999999997,52.4,5.8,2.6,0.7,"x","x",90.3,"x",534]
[]
["Classical Studies",10,28,29,20.3,8.9,3,0.8,38,99.2,3588]
["of which:"]
["  Latin",24.6,47.6,19.600000000000001,6.5,1.1000000000000001,"x","x",72.2,"x",704]
["  Greek",27.6,59.5,"x","x",0,0,0,87.1,100,116]
["  Classical Civilisation",5.6,21.9,32.700000000000003,23.8,11,4,1,27.5,99,2372]
[]
["Religious Studies",7.3,18.7,29,25.3,13.7,4.9000000000000004,1,26,99,13732]
[]
["Music",3.4,16.3,28.3,26.9,17.3,6.9,0.8,19.8,99.2,2810]
[]
["Physical Education",5.3,15.6,28.7,25.3,16.399999999999999,8,0.8,20.9,99.2,5742]
[]
["General Studies",4.5999999999999996,9.5,21,25.5,21.2,12.9,5.3,14,94.7,13403]
[]
["All subjects",8.1,18.399999999999999,27.9,24.8,14.1,5.5,1.2,26.5,98.8,405074]
[]
[null,null,null,null,null,null,null,null,null,null,"Source: 2013/14 16-18 attainment data (provisional)"]
["1. Covers A level examination results for the 2013/14 academic year."]
["2. Covers students aged 16, 17 or 18 at the start of the 2013/14 academic year, i.e. 31 August 2013."]
["3. Includes ungraded, no award (absent/declined) and pending."]
["4. Information, Communication and Technology"]
[]
["Notes:"]
[" x indicates figure has been suppressed where underlying numbers are small (ie, 1 or 2) or where secondary suppression has been applied."]
["Percentages are rounded to one decimal place and therefore may not sum to totals."]
["Where qualifications taken by a student are in the same subject area and similar in content ‘discounting’ rules have been applied to avoid double counting qualifications."]
["Refer to 'Quality and Methodology Information' document."]

{"sheet":"Table 3","index":10,"n_rows":77,"n_cols":9,"rows_kept":77,"cut":false,"hidden":false,"merged":[[2,0,2,2],[4,1,4,7],[5,1,5,7],[5,8,6,8],[74,0,75,8]]}
["Table 3:  AS level results1 of all students2 by subject and grade"]
["Year: 2013/14 (provisional)"]
["Coverage: England"]
[]
[null,"Males and Females"]
["Subject","Percentage achieving grade",null,null,null,null,null,null,"Number of entries"]
[null,"A","B","C","D","E","Other3","A-E "]
[]
["Biological Sciences",17.100000000000001,16.8,18.399999999999999,16.8,13.8,17,83,82248]
["Chemistry",18.399999999999999,18.5,18.2,15.6,12.6,16.7,83.3,69585]
["Physics",20.3,16.600000000000001,16.600000000000001,15.1,13,18.399999999999999,81.599999999999994,51795]
["Other Science",16.3,17.2,18.8,17,15.1,15.6,84.4,6910]
[]
["Mathematics",25.5,16,15.6,13.5,10.7,18.8,81.2,112299]
["Further Mathematics",39.9,16.899999999999999,14,11,8.6999999999999993,9.4,90.6,15827]
[]
["Design and Technology",10.199999999999999,16.2,20.9,22.3,17.2,13.2,86.8,17979]
["Computer Studies",9.1999999999999993,13.6,17.899999999999999,20.100000000000001,16.8,22.4,77.599999999999994,10087]
["ICT4",6.7,13.1,19.600000000000001,21.7,19,20,80,11870]
[]
["Home Economics",13,15.6,18.399999999999999,20,17.2,15.8,84.2,430]
[]
["Accounting and Finance",7,12.5,17.100000000000001,17.5,15.8,30.1,69.900000000000006,5498]
["Business Studies",9.3000000000000007,17.600000000000001,22.9,20.7,15.1,14.4,85.6,40173]
["Economics",19.899999999999999,18.899999999999999,18.8,16.399999999999999,12.7,13.4,86.6,33615]
["Geography",23,18.899999999999999,19.899999999999999,16.3,11.3,10.6,89.4,46463]
["Government and Politics",19.3,19.5,20.100000000000001,16.3,11.7,13.1,86.9,18142]
["History",17.3,23,25,18.5,9.8000000000000007,6.3,93.7,66495]
["Law",9.8000000000000007,15,17.899999999999999,16.8,14.4,26,74,18254]
["Psychology",11.6,16.3,19.5,18.7,14.4,19.5,80.5,89238]
["Sociology",12.9,18.600000000000001,21.2,18.3,13.7,15.4,84.6,48395]
["Other social studies",10.3,15.3,18.5,18.600000000000001,15.9,21.3,78.7,8620]
[]
["Art and Design",21.3,23.8,24.8,16.3,8.5,5.2,94.8,58461]
["Drama",14.9,28.5,31.5,18.2,5.3,1.6,98.4,15585]
["English",14.4,23.2,29.4,21,9,3,97,109369]
["Media/Film/Television Studies",9.9,23.8,30.9,21.3,9.1999999999999993,4.8,95.2,28872]
["Other Communication Studies",10.6,29.3,34.5,17,5.8,2.8,97.2,15086]
[]
["French",27,19.5,18.600000000000001,15.3,11,8.6,91.4,13252]
["German",25.7,20.2,19.600000000000001,16.2,11.2,7.1,92.9,5478]
["Spanish",23.4,22.4,20.5,14.6,10.5,8.5,91.5,10517]
["Other modern languages",49.9,21.6,11.7,6.8,4.8,5.2,94.8,5008]
["of which:"]
["  Chinese",64.7,25.9,5.5,2.1,0.8,1,99,1209]
["  Italian",33,24.9,17.3,9.9,7,8,92,800]
["  Polish",80.2,8.8000000000000007,4.4000000000000004,1.5,0.6,4.4000000000000004,95.6,475]
["  Russian",81.400000000000006,7,5.2,3.1,2.5,0.8,99.2,483]
[]
["Classical Studies",29.4,25.4,20.8,13.2,6.6,4.7,95.3,7587]
["of which:"]
["  Latin",66,17.7,8.6999999999999993,4.5999999999999996,1.6,1.3,98.7,1337]
["  Greek",79.900000000000006,10,4.8,1.9,1.4,1.9,98.1,209]
["  Classical Civilisation",20.399999999999999,28.1,23.1,15.2,7.9,5.4,94.6,4775]
[]
["Religious Studies",20.5,21.6,22.4,16.399999999999999,10.199999999999999,8.9,91.1,29520]
[]
["Music",15.4,21.2,24.1,21.1,12,6.2,93.8,9860]
[]
["Physical Education",10.6,14.5,18.899999999999999,20.7,22.7,12.7,87.3,20266]
[]
["General Studies",11.1,14.4,19.5,20.2,16.2,18.5,81.5,49102]
[]
["All subjects",17.2,19,21.2,17.5,12.1,13,87,1131886]
[]
[null,null,null,null,null,null,null,null,"Source: 2013/14 16-18 attainment data (provisional)"]
["1. Covers AS level examination results for the 2013/14 academic year."]
["2. Covers students aged 16, 17 or 18 at the start of the 2013/14 academic year, i.e. 31 August 2013."]
["3. Includes ungraded, no award (absent/declined) and pending."]
["4. Information, Communication and Technology"]
[]
["Notes:"]
["x indicates figure has been suppressed where underlying numbers are small (ie, 1 or 2) or where secondary suppression has been applied."]
["Percentages are rounded to one decimal place and therefore may not sum to totals."]
["Where qualifications taken by a student are in the same subject area and similar in content ‘discounting’ rules have been applied to avoid double counting qualifications."]
[]
["Refer to 'Quality and Methodology Information' document."]

{"sheet":"Table 3m","index":11,"n_rows":77,"n_cols":9,"rows_kept":77,"cut":false,"hidden":false,"merged":[[4,1,4,7],[5,1,5,7],[5,8,6,8],[74,0,75,8]]}
["Table 3m: AS level results1 of male students2 by subject and grade"]
["Year: 2013/14 (provisional)"]
["Coverage: England"]
[]
[null,"Males"]
["Subject","Percentage achieving grade",null,null,null,null,null,null,"Number of entries"]
[null,"A","B","C","D","E","Other3","A-E "]
[]
["Biological Sciences",15.9,16.2,18.7,16.899999999999999,14.3,18,82,33510]
["Chemistry",19.5,18.399999999999999,17.7,14.9,12.6,16.8,83.2,35579]
["Physics",19.7,16,16.399999999999999,15.1,13.3,19.5,80.5,39440]
["Other Science",16.8,17.5,19.399999999999999,16.899999999999999,14.3,15.1,84.9,4685]
[]
["Mathematics",25.2,15.1,15.1,13.4,10.9,20.3,79.7,67076]
["Further Mathematics",38.799999999999997,16.7,14.2,11.2,9.1,9.9,90.1,10915]
[]
["Design and Technology",8.1,13.9,20.100000000000001,22.9,19.100000000000001,16,84,10894]
["Computer Studies",9,13.6,17.899999999999999,20.2,16.899999999999999,22.5,77.5,9149]
["ICT4",5.0999999999999996,11.3,18.8,22.3,19.8,22.7,77.3,8151]
[]
["Home Economics",7.4,9.9,17.3,11.1,29.6,24.7,75.3,81]
[]
["Accounting and Finance",6.4,12.8,17.100000000000001,16.899999999999999,16.3,30.4,69.599999999999994,3659]
["Business Studies",8.6,17.600000000000001,23.7,21.4,15.2,13.5,86.5,23236]
["Economics",19.3,18.7,18.8,16.399999999999999,12.8,13.9,86.1,22988]
["Geography",18.8,18.100000000000001,20.6,17.8,12.8,11.9,88.1,23430]
["Government and Politics",17.600000000000001,18.899999999999999,21,17.100000000000001,12.4,13,87,9942]
["History",16.2,22.7,25.3,19.2,10.4,6.2,93.8,30325]
["Law",7.1,13.6,17.5,16.7,15.3,29.8,70.2,7167]
["Psychology",6,12.1,17.7,19.8,17.399999999999999,27,73,25992]
["Sociology",8.1999999999999993,15.3,19.899999999999999,20.399999999999999,16.5,19.8,80.2,12733]
["Other social studies",9.1999999999999993,13.5,16.3,19.2,17.5,24.3,75.7,3616]
[]
["Art and Design",15.7,19.100000000000001,24.2,19.899999999999999,12.4,8.6999999999999993,91.3,15135]
["Drama",13.4,25.3,30.5,21.8,7,2,98,5009]
["English",12.4,20.7,28.9,22.8,11.1,4.0999999999999996,95.9,31593]
["Media/Film/Television Studies",6.2,19.100000000000001,30.8,25.1,12,6.8,93.2,12608]
["Other Communication Studies",8.1999999999999993,26,36,19.2,7.1,3.6,96.4,6338]
[]
["French",28.9,19.5,17.7,15.9,10.4,7.7,92.3,3860]
["German",28.5,19.2,19.3,16,9.8000000000000007,7.2,92.8,2097]
["Spanish",26.1,23.4,19.399999999999999,13.6,9.5,8,92,3370]
["Other modern languages",48.7,23.1,11.5,6.3,5,5.4,94.6,2075]
["of which:"]
["  Chinese",57.4,30.9,7.5,"x","x",1.3,98.7,530]
["  Italian",34.9,29.1,14.5,8,6.9,6.6,93.4,289]
["  Polish",76.5,10.3,5.6,"x","x",3.8,96.2,213]
["  Russian",80.900000000000006,8.9,5.8,1.8,"x","x","x",225]
[]
["Classical Studies",27.5,23.8,21.7,14.4,7.5,5.2,94.8,3212]
["of which:"]
["  Latin",68,16.3,7.6,5,1.5,1.6,98.4,618]
["  Greek",80.2,10.7,3.8,2.2999999999999998,"x","x","x",131]
["  Classical Civilisation",14.6,26.9,24.8,17.600000000000001,9.8000000000000007,6.3,93.7,1804]
[]
["Religious Studies",18.600000000000001,19.7,22.1,17.8,11.4,10.4,89.6,9295]
[]
["Music",14.7,20.3,24,21.6,12.6,6.9,93.1,5909]
[]
["Physical Education",7.3,11.6,17,21.3,26.9,15.8,84.2,11880]
[]
["General Studies",9.5,13.1,18.5,20.399999999999999,17.8,20.6,79.400000000000006,22049]
[]
["All subjects",16.2,17.100000000000001,20.100000000000001,17.899999999999999,13.4,15.3,84.7,516998]
[]
[null,null,null,null,null,null,null,null,"Source: 2013/14 16-18 attainment data (provisional)"]
["1. Covers AS level examination results for the 2013/14 academic year."]
["2. Covers students aged 16, 17 or 18 at the start of the 2013/14 academic year, i.e. 31 August 2013."]
["3. Includes ungraded, no award (absent/declined) and pending."]
["4. Information, Communication and Technology"]
[]
["Notes:"]
["x indicates figure has been suppressed where underlying numbers are small (ie, 1 or 2) or where secondary suppression has been applied."]
["Percentages are rounded to one decimal place and therefore may not sum to totals."]
["Where qualifications taken by a student are in the same subject area and similar in content ‘discounting’ rules have been applied to avoid double counting qualifications."]
[]
["Refer to 'Quality and Methodology Information' document."]

{"sheet":"Table 3f","index":12,"n_rows":77,"n_cols":9,"rows_kept":77,"cut":false,"hidden":false,"merged":[[4,1,4,7],[5,1,5,7],[5,8,6,8],[74,0,75,8]]}
["Table 3f: AS level results1 of female students2 by subject and grade"]
["Year: 2013/14 (provisional)"]
["Coverage: England"]
[]
[null,"Females"]
["Subject","Percentage achieving grade",null,null,null,null,null,null,"Number of entries"]
[null,"A","B","C","D","E","Other3","A-E "]
[]
["Biological Sciences",18,17.3,18.3,16.7,13.4,16.3,83.7,48738]
["Chemistry",17.100000000000001,18.7,18.7,16.3,12.7,16.600000000000001,83.4,34006]
["Physics",22,18.5,17,15,12.4,15.1,84.9,12355]
["Other Science",15.3,16.600000000000001,17.600000000000001,17.3,16.7,16.5,83.5,2225]
[]
["Mathematics",25.9,17.3,16.3,13.6,10.4,16.600000000000001,83.4,45223]
["Further Mathematics",42.4,17.399999999999999,13.6,10.5,7.8,8.3000000000000007,91.7,4912]
[]
["Design and Technology",13.5,19.8,22.1,21.3,14.3,9.1,90.9,7085]
["Computer Studies",11.5,14,18.2,18.899999999999999,16,21.4,78.599999999999994,938]
["ICT4",10.199999999999999,17,21.2,20.3,17.100000000000001,14.2,85.8,3719]
[]
["Home Economics",14.3,16.899999999999999,18.600000000000001,22.1,14.3,13.8,86.2,349]
[]
["Accounting and Finance",8,11.9,17.100000000000001,18.8,15,29.3,70.7,1839]
["Business Studies",10.199999999999999,17.7,21.8,19.7,15,15.7,84.3,16937]
["Economics",21.1,19.3,18.600000000000001,16.3,12.4,12.4,87.6,10627]
["Geography",27.1,19.8,19.2,14.7,9.9,9.3000000000000007,90.7,23033]
["Government and Politics",21.3,20.2,19.100000000000001,15.4,10.8,13.2,86.8,8200]
["History",18.2,23.2,24.7,17.899999999999999,9.4,6.4,93.6,36170]
["Law",11.6,16,18.2,16.8,13.8,23.6,76.400000000000006,11087]
["Psychology",13.9,18,20.2,18.2,13.2,16.5,83.5,63246]
["Sociology",14.6,19.8,21.6,17.5,12.6,13.8,86.2,35662]
["Other social studies",11.2,16.7,20.100000000000001,18.100000000000001,14.8,19.100000000000001,80.900000000000006,5004]
[]
["Art and Design",23.3,25.4,25,15.1,7.2,4,96,43326]
["Drama",15.6,30,32,16.5,4.5,1.3,98.7,10576]
["English",15.2,24.2,29.6,20.3,8.1,2.6,97.4,77776]
["Media/Film/Television Studies",12.8,27.4,31.1,18.5,7.1,3.2,96.8,16264]
["Other Communication Studies",12.4,31.6,33.4,15.5,4.8,2.2000000000000002,97.8,8748]
[]
["French",26.2,19.5,19,15,11.3,9,91,9392]
["German",24,20.7,19.899999999999999,16.399999999999999,12,7,93,3381]
["Spanish",22.2,22,21,15.1,11,8.8000000000000007,91.2,7147]
["Other modern languages",50.7,20.5,11.9,7.2,4.7,5,95,2933]
["of which:"]
["  Chinese",70.400000000000006,21.9,4,1.8,1.2,0.7,99.3,679]
["  Italian",31.9,22.5,18.8,11,7,8.8000000000000007,91.2,511]
["  Polish",83.2,7.6,3.4,"x","x",5,95,262]
["  Russian",81.8,5.4,4.7,4.3,"x","x","x",258]
[]
["Classical Studies",30.8,26.6,20.2,12.3,5.8,4.3,95.7,4375]
["of which:"]
["  Latin",64.400000000000006,18.899999999999999,9.6,4.3,1.7,1.1000000000000001,98.9,719]
["  Greek",79.5,9,6.4,"x","x","x","x",78]
["  Classical Civilisation",23.9,28.8,22,13.7,6.7,4.8,95.2,2971]
[]
["Religious Studies",21.4,22.5,22.6,15.8,9.6,8.1,91.9,20225]
[]
["Music",16.399999999999999,22.5,24.3,20.399999999999999,11.2,5.3,94.7,3951]
[]
["Physical Education",15.1,18.600000000000001,21.5,19.8,16.600000000000001,8.3000000000000007,91.7,8386]
[]
["General Studies",12.5,15.4,20.3,20,15,16.8,83.2,27053]
[]
["All subjects",18.100000000000001,20.6,22.1,17.2,11,11,89,614888]
[]
[null,null,null,null,null,null,null,null,"Source: 2013/14 16-18 attainment data (provisional)"]
["1. Covers AS level examination results for the 2013/14 academic year."]
["2. Covers students aged 16, 17 or 18 at the start of the 2013/14 academic year, i.e. 31 August 2013."]
["3. Includes ungraded, no award (absent/declined) and pending."]
["4. Information, Communication and Technology"]
[]
["Notes:"]
["x indicates figure has been suppressed where underlying numbers are small (ie, 1 or 2) or where secondary suppression has been applied."]
["Percentages are rounded to one decimal place and therefore may not sum to totals."]
["Where qualifications taken by a student are in the same subject area and similar in content ‘discounting’ rules have been applied to avoid double counting qualifications."]
[]
["Refer to 'Quality and Methodology Information' document."]

{"sheet":"Table 4","index":13,"n_rows":75,"n_cols":9,"rows_kept":75,"cut":false,"hidden":false,"merged":[[4,1,4,7],[5,1,5,7],[5,8,6,8],[74,0,74,8]]}
["Table 4: 2013  AS level results1 of all current Year 13 students2 by subject and grade"]
["Year: 2013/14 (provisional)"]
["Coverage: England"]
[]
[null,"Males and Females"]
["Subject","Percentage achieving grade",null,null,null,null,null,null,"Number of entries"]
[null,"A","B","C","D","E","Other3","A-E "]
[]
["Biological Sciences",25.3,33.6,26.4,12.3,1.4,0.9,99.1,12630]
["Chemistry",35,35.299999999999997,20.7,7.8,0.6,0.5,99.5,11000]
["Physics",29.5,34.5,24,10,0.9,1,99,6976]
["Other Science",24.4,31.3,25.3,15.6,2.1,1.3,98.7,672]
[]
["Mathematics",64.099999999999994,20.9,10.4,2.7,0.1,1.7,98.3,38387]
["Further Mathematics",74.099999999999994,16.2,6.8,2.2999999999999998,0.1,0.4,99.6,8254]
[]
["Design and Technology",14.5,23.6,29.8,22.5,8.1999999999999993,1.4,98.6,3143]
["Computer Studies",11.4,27.1,33.6,20.5,6.7,0.7,99.3,580]
["ICT4",10.199999999999999,25.7,31.9,23.9,6.7,1.6,98.4,1364]
[]
["Home Economics",16.399999999999999,23.9,34.299999999999997,16.399999999999999,9,0,100,67]
[]
["Accounting and Finance",19.3,34.299999999999997,28.7,14.8,0.5,2.4,97.6,575]
["Business Studies",16.899999999999999,31.4,30.1,16.899999999999999,3.3,1.4,98.6,6164]
["Economics",36.1,31.7,21.9,8.4,1.3,0.5,99.5,5295]
["Geography",26,28.7,25.6,14.8,4,0.9,99.1,5463]
["Government and Politics",28,31.3,24.1,12.3,3.1,1.2,98.8,2248]
["History",24.4,33,26.7,12.9,2.2999999999999998,0.6,99.4,7485]
["Law",12.4,29.4,32.299999999999997,18.399999999999999,4.7,2.8,97.2,1486]
["Psychology",14.6,28.2,31.6,20,4.0999999999999996,1.5,98.5,8102]
["Sociology",18.899999999999999,29,29.4,17.5,3.8,1.4,98.6,3675]
["Other social studies",18.2,28,27.5,18.399999999999999,5.8,2.1,97.9,621]
[]
["Art and Design",27.3,30.1,23.7,13.4,3.9,1.5,98.5,2610]
["Drama",20.6,36.200000000000003,28.5,12.5,1.7,0.6,99.4,835]
["English",20,28.9,30.7,16.600000000000001,2.9,0.8,99.2,10718]
["Media/Film/Television Studies",11.2,29.6,35.4,19.100000000000001,4.2,0.6,99.4,2066]
["Other Communication Studies",16.2,30.7,34,15.5,2.2999999999999998,1.3,98.7,703]
[]
["French",45.8,27.7,17.100000000000001,7.1,1.6,0.7,99.3,2164]
["German",48.6,24.9,18.100000000000001,7.3,"x","x","x",977]
["Spanish",46.4,30.7,15.4,6.3,0.5,0.7,99.3,1685]
["Other modern languages",65.5,19.7,8.1,3.2,1.1000000000000001,2.4,97.6,2056]
["of which:"]
["  Chinese",77.8,19.600000000000001,1.8,0.4,0,0.4,99.6,774]
["  Italian",49.5,26.4,16,7.1,"x","x","x",212]
["  Polish",87.3,7.6,3.4,0,"x","x","x",118]
["  Russian",89.5,4.3,3.1,"x","x",2,98,256]
[]
["Classical Studies",42.4,30.3,18.899999999999999,6.4,1.5,0.5,99.5,989]
["of which:"]
["  Latin",77.599999999999994,17.899999999999999,3.3,1.2,0,0,100,246]
["  Greek",88.5,11.5,0,0,0,0,100,26]
["  Classical Civilisation",28.5,35.200000000000003,24.4,8.8000000000000007,2.4,0.7,99.3,582]
[]
["Religious Studies",30.5,31.5,23.3,11,2.5,1.1000000000000001,98.9,3209]
[]
["Music",20.399999999999999,29.2,29.6,16.7,3.5,0.7,99.3,1027]
[]
["Physical Education",11.3,20.9,25.3,27.1,14.1,1.3,98.7,2468]
[]
["General Studies",18.2,21.1,23.6,19.100000000000001,8.3000000000000007,9.6999999999999993,90.3,5359]
[]
["All subjects",37,27.3,21.3,10.7,2.2999999999999998,1.4,98.6,161053]
[]
[null,null,null,null,null,null,null,null,"Source: 2013/14 16-18 attainment data (provisional)"]
["1. These examinations were taken by students when they were in Year 12 and are discounted by 2014 A level results shown in Table 2."]
["2. Covers students aged 16, 17 or 18 at the start of the 2013/14 academic year, i.e. 31 August 2013."]
["3. Includes ungraded, no award (absent/declined) and pending."]
["4. Information, Communication and Technology."]
[]
["Notes:"]
["x indicates figure has been suppressed where underlying numbers are small (ie, 1 or 2) or where secondary suppression has been applied."]
["Percentages are rounded to one decimal place and therefore may not sum to totals."]
["The figures in this table should not be added to those in Table 3 to deduce the number of students who participated in, for example, AS mathematics as they relate to different cohorts. Instead the corresponding SFR from last year should be used to calculate an estimate of the size of the 2014 cohort."]

{"sheet":"Table 4m","index":14,"n_rows":75,"n_cols":9,"rows_kept":75,"cut":false,"hidden":false,"merged":[[74,0,74,8],[4,1,4,7],[5,1,5,7],[5,8,6,8]]}
["Table 4m: 2013 AS level results1 of current Year 13 male students2 by subject and grade"]
["Year: 2013/14 (provisional)"]
["Coverage: England"]
[]
[null,"Males"]
["Subject","Percentage achieving grade",null,null,null,null,null,null,"Number of entries"]
[null,"A","B","C","D","E","Other3","A-E "]
[]
["Biological Sciences",24.3,32.799999999999997,27.4,12.9,1.8,0.9,99.1,5330]
["Chemistry",33.700000000000003,34.9,21.7,8.6,0.7,0.5,99.5,5518]
["Physics",28.2,34.9,24.5,10.4,0.9,1.1000000000000001,98.9,5596]
["Other Science",24,33.299999999999997,25.1,15.7,1.3,0.6,99.4,471]
[]
["Mathematics",64.400000000000006,20.7,10.3,2.7,0.2,1.8,98.2,24564]
["Further Mathematics",73.900000000000006,15.9,7,2.6,0.2,0.5,99.5,5998]
[]
["Design and Technology",13,22.1,30.5,23.8,9.1999999999999993,1.5,98.5,1804]
["Computer Studies",11.4,26.9,33.799999999999997,20.7,6.5,0.7,99.3,542]
["ICT4",9,24.5,32.700000000000003,25.3,7,1.5,98.5,930]
[]
["Home Economics",0,"x","x",57.1,"x",0,100,7]
[]
["Accounting and Finance",17.5,34.4,29.9,15.4,"x",2.5,97.5,395]
["Business Studies",16.8,31.6,30.1,17.2,2.9,1.4,98.6,3681]
["Economics",34.5,32.700000000000003,22.1,9,1.3,0.4,99.6,3628]
["Geography",23.3,28.5,26.4,16.5,4.3,1.1000000000000001,98.9,2819]
["Government and Politics",27.3,31.1,24.7,12.3,3.2,1.4,98.6,1328]
["History",25.2,32.700000000000003,26.7,12.6,2.2999999999999998,0.6,99.4,3501]
["Law",10.7,27.9,31.4,21.8,4.8,3.4,96.6,563]
["Psychology",11.7,24.3,33.700000000000003,23.4,5.3,1.6,98.4,2190]
["Sociology",16,29.4,27.7,20.6,4.7,1.6,98.4,1023]
["Other social studies",17.600000000000001,26.8,26.8,21.4,5.4,2,98,295]
[]
["Art and Design",26.1,25.9,24.3,17.3,4.0999999999999996,2.2000000000000002,97.8,723]
["Drama",18.3,32.4,28.1,18,1.8,1.4,98.6,278]
["English",20,28.9,29.4,17.2,3.5,1,99,3212]
["Media/Film/Television Studies",8.1999999999999993,24.8,37.200000000000003,23.8,5.3,0.8,99.2,920]
["Other Communication Studies",12.6,24.2,38.1,19.5,3.6,2,98,302]
[]
["French",47.6,26.9,16.2,7.4,1.3,0.6,99.4,685]
["German",52.6,21.9,16.7,6.7,"x","x","x",401]
["Spanish",49,29.8,15.3,5.4,0,0.5,99.5,577]
["Other modern languages",61.9,22.8,7.3,3.9,0.8,3.3,96.7,880]
["of which:"]
["  Chinese",72.400000000000006,24.7,"x","x",0,0.9,99.1,348]
["  Italian",42,32.1,17.3,8.6,0,0,100,81]
["  Polish",86.7,"x",0,0,0,"x","x",45]
["  Russian",91.5,3.8,"x","x",0,"x","x",106]
[]
["Classical Studies",39.5,32.299999999999997,21.3,5.5,"x","x","x",400]
["of which:"]
["  Latin",74.5,20.6,"x","x",0,0,100,102]
["  Greek","x","x",0,0,0,0,100,17]
["  Classical Civilisation",21.7,37.200000000000003,30.4,8.1999999999999993,"x","x","x",207]
[]
["Religious Studies",29.9,32.200000000000003,22.1,11.9,2.4,1.4,98.6,1104]
[]
["Music",18.600000000000001,29.3,30.4,17.600000000000001,3.7,0.5,99.5,598]
[]
["Physical Education",9.1,18.5,25.5,28.8,16.899999999999999,1.1000000000000001,98.9,1491]
[]
["General Studies",16.2,20.8,25,19.399999999999999,8.1999999999999993,10.5,89.5,2568]
[]
["All subjects",39.6,26.2,20.100000000000001,10.4,2.2000000000000002,1.5,98.5,84322]
[]
[null,null,null,null,null,null,null,null,"Source: 2013/14 16-18 attainment data (provisional)"]
["1. These examinations were taken by students when they were in Year 12 and are discounted by 2014 A level results shown in Table 2m."]
["2. Covers students aged 16, 17 or 18 at the start of the 2013/14 academic year, i.e. 31 August 2013."]
["3. Includes ungraded, no award (absent/declined) and pending."]
["4. Information, Communication and Technology."]
[]
["Notes:"]
["x indicates figure has been suppressed where underlying numbers are small (ie, 1 or 2) or where secondary suppression has been applied."]
["Percentages are rounded to one decimal place and therefore may not sum to totals."]
["The figures in this table should not be added to those in Table 3m to deduce the number of students who participated in, for example, AS mathematics as they relate to different cohorts. Instead the corresponding SFR from last year should be used to calculate an estimate of the size of the 2014 cohort."]

{"sheet":"Table 4f","index":15,"n_rows":75,"n_cols":9,"rows_kept":75,"cut":false,"hidden":false,"merged":[[4,1,4,7],[5,1,5,7],[5,8,6,8],[74,0,74,8]]}
["Table 4f: 2013 AS level results1 of current Year 13 female students2 by subject and grade"]
["Year: 2013/14 (provisional)"]
["Coverage: England"]
[]
[null,"Females"]
["Subject","Percentage achieving grade",null,null,null,null,null,null,"Number of entries"]
[null,"A","B","C","D","E","Other3","A-E "]
[]
["Biological Sciences",26.1,34.299999999999997,25.7,11.9,1.1000000000000001,0.8,99.2,7300]
["Chemistry",36.299999999999997,35.700000000000003,19.8,7.1,0.5,0.6,99.4,5482]
["Physics",35.1,33,21.9,8.5,0.8,0.7,99.3,1380]
["Other Science",25.4,26.4,25.9,15.4,4,3,97,201]
[]
["Mathematics",63.7,21.4,10.6,2.7,0.1,1.5,98.5,13823]
["Further Mathematics",74.8,16.899999999999999,6.3,"x","x",0.3,99.7,2256]
[]
["Design and Technology",16.600000000000001,25.7,28.9,20.8,6.8,1.2,98.8,1339]
["Computer Studies",10.5,28.9,31.6,18.399999999999999,10.5,0,100,38]
["ICT4",12.7,28.1,30.2,21,6.2,1.8,98.2,434]
[]
["Home Economics",18.3,25,36.700000000000003,11.7,8.3000000000000007,0,100,60]
[]
["Accounting and Finance",23.3,33.9,26.1,"x","x",2.2000000000000002,97.8,180]
["Business Studies",17,31.2,30.1,16.399999999999999,3.8,1.4,98.6,2483]
["Economics",39.700000000000003,29.7,21.4,7.1,1.4,0.7,99.3,1667]
["Geography",29,29,24.8,12.9,3.6,0.6,99.4,2644]
["Government and Politics",29.1,31.6,23.2,12.3,2.9,0.9,99.1,920]
["History",23.7,33.200000000000003,26.8,13.3,2.4,0.7,99.3,3984]
["Law",13.4,30.3,32.799999999999997,16.399999999999999,4.7,2.4,97.6,923]
["Psychology",15.7,29.6,30.8,18.7,3.7,1.5,98.5,5912]
["Sociology",19.899999999999999,28.8,30.1,16.3,3.5,1.4,98.6,2652]
["Other social studies",18.7,29.1,28.2,15.6,6.1,2.1,97.9,326]
[]
["Art and Design",27.7,31.7,23.4,12,3.9,1.3,98.7,1887]
["Drama",21.7,38.1,28.7,9.6999999999999993,"x","x","x",557]
["English",19.899999999999999,29,31.3,16.399999999999999,2.7,0.7,99.3,7506]
["Media/Film/Television Studies",13.6,33.4,33.9,15.3,3.2,0.5,99.5,1146]
["Other Communication Studies",19,35.700000000000003,30.9,12.5,1.2,0.7,99.3,401]
[]
["French",45,28.1,17.600000000000001,6.9,1.7,0.7,99.3,1479]
["German",45.8,26.9,19.100000000000001,7.6,"x","x","x",576]
["Spanish",45,31.1,15.5,6.8,0.8,0.7,99.3,1108]
["Other modern languages",68.099999999999994,17.399999999999999,8.6999999999999993,2.7,1.3,1.8,98.2,1176]
["of which:"]
["  Chinese",82.2,15.5,"x","x",0,0,100,426]
["  Italian",54.2,22.9,15.3,6.1,"x","x","x",131]
["  Polish",87.7,5.5,"x",0,"x",0,100,73]
["  Russian",88,4.7,4,"x","x",2,98,150]
[]
["Classical Studies",44.3,29,17.3,7,1.7,0.7,99.3,589]
["of which:"]
["  Latin",79.900000000000006,16,"x","x",0,0,100,144]
["  Greek","x","x",0,0,0,0,100,9]
["  Classical Civilisation",32.299999999999997,34.1,21.1,9.1,2.7,0.8,99.2,375]
[]
["Religious Studies",30.9,31.1,23.9,10.6,2.6,0.9,99.1,2105]
[]
["Music",22.8,29.1,28.4,15.4,3.3,0.9,99.1,429]
[]
["Physical Education",14.7,24.5,25,24.6,9.6999999999999993,1.5,98.5,977]
[]
["General Studies",20,21.5,22.3,18.8,8.4,9.1,90.9,2791]
[]
["All subjects",34.200000000000003,28.4,22.5,11.2,2.2999999999999998,1.3,98.7,76731]
[]
[null,null,null,null,null,null,null,null,"Source: 2013/14 16-18 attainment data (provisional)"]
["1. These examinations were taken by students when they were in Year 12 and are discounted by 2014 A level results shown in Table 2f."]
["2. Covers students aged 16, 17 or 18 at the start of the 2013/14 academic year, i.e. 31 August 2013."]
["3. Includes ungraded, no award (absent/declined) and pending."]
["4. Information, Communication and Technology."]
[]
["Notes:"]
["x indicates figure has been suppressed where underlying numbers are small (ie, 1 or 2) or where secondary suppression has been applied."]
["Percentages are rounded to one decimal place and therefore may not sum to totals."]
["The figures in this table should not be added to those in Table 3f to deduce the number of students who participated in, for example, AS mathematics as they relate to different cohorts. Instead the corresponding SFR from last year should be used to calculate an estimate of the size of the 2014 cohort."]

{"sheet":"Table 5","index":16,"n_rows":58,"n_cols":11,"rows_kept":58,"cut":false,"hidden":false,"merged":[[4,0,5,0],[4,1,4,9],[4,10,5,10],[55,0,56,8]]}
["Table 5: Applied single A level results1,2 by gender, subject and grade"]
["Year: 2013/14 (provisional)"]
["Coverage: England"]
[]
["Gender/Subject","Percentage achieving grade",null,null,null,null,null,null,null,null,"Number of entries"]
[null,"A*","A","B","C","D","E","Other3","A*-A","A*-E"]
[]
["Males and Females"]
["Applied Art & Design",6.9,19.2,28.1,24.6,16.2,3.8,1.2,26.2,98.8,260]
["Applied Business",3.7,11.3,27.6,30,18.600000000000001,7.6,1.2,15,98.8,5678]
["Applied Engineering","x",11.6,24.1,32.799999999999997,20.3,"x",2.5,"x",97.5,241]
["Applied ICT4",1.5,4.3,17.7,31,27.6,14.4,3.4,5.8,96.6,5279]
["Applied Science",0.2,2.2000000000000002,14,31.4,33.6,16.5,2.1,2.4,97.9,2655]
["Health & Social Care",0.7,6.9,26.1,33.9,23,8,1.3,7.6,98.7,5268]
["Leisure And Recreation",0,5.7,24.4,35.9,24.9,7.2,1.9,5.7,98.1,418]
["Media",2.2000000000000002,8.6,29.3,26.5,21,9,3.4,10.8,96.6,324]
["Performing Arts",5.8,15.1,35,27.6,14.3,"x","x",21,"x",1045]
["Travel & Tourism",0.5,6.8,26.9,34.6,23,7.2,1,7.3,99,1478]
["All subjects",1.9,7.4,23.6,31.5,23.7,10,1.9,9.3000000000000007,98.1,22646]
[]
["Males"]
["Applied Art & Design",6.3,17.2,17.2,35.9,17.2,"x","x",23.4,"x",64]
["Applied Business",2.4,8.1999999999999993,24.5,32.6,21,9.9,1.4,10.6,98.6,2842]
["Applied Engineering","x",11.4,22.8,34.200000000000003,20.5,"x",2.7,12.3,97.3,219]
["Applied ICT4",1.3,3.7,14.7,29.8,29.2,17.2,4.0999999999999996,5,95.9,3318]
["Applied Science","x","x",10.3,25.8,37.200000000000003,22.1,2.9,1.7,97.1,1120]
["Health & Social Care","x","x",16.7,30.1,29.2,17.7,2.4,3.8,97.6,209]
["Leisure And Recreation",0,3.3,16.3,38.1,30.5,8.8000000000000007,2.9,3.3,97.1,239]
["Media",1.9,3.2,18.2,29.2,28.6,14.3,4.5,5.2,95.5,154]
["Performing Arts",6.6,9.8000000000000007,33.6,28.1,18,3.9,0,16.399999999999999,100,256]
["Travel & Tourism","x","x",20.100000000000001,33.4,26.6,14,2.2000000000000002,3.6,97.8,413]
["All subjects",1.6,5.3,18.5,30.7,26.9,14.3,2.8,6.9,97.2,8834]
[]
["Females"]
["Applied Art & Design",7.1,19.899999999999999,31.6,20.9,15.8,"x","x",27,"x",196]
["Applied Business",5,14.4,30.8,27.4,16.2,5.3,1,19.399999999999999,99,2836]
["Applied Engineering",0,13.6,36.4,18.2,18.2,13.6,0,13.6,100,22]
["Applied ICT4",1.8,5.4,22.8,33,25,9.6999999999999993,2.2999999999999998,7.2,97.7,1961]
["Applied Science",0.3,2.7,16.7,35.4,30.9,12.5,1.6,2.9,98.4,1535]
["Health & Social Care",0.7,7.1,26.5,34,22.8,7.6,1.3,7.8,98.7,5059]
["Leisure And Recreation",0,8.9,35.200000000000003,33,17.3,"x","x",8.9,"x",179]
["Media",2.4,13.5,39.4,24.1,14.1,4.0999999999999996,2.4,15.9,97.6,170]
["Performing Arts",5.6,16.899999999999999,35.5,27.4,13.1,"x","x",22.4,"x",789]
["Travel & Tourism",0.6,8.1999999999999993,29.5,35,21.6,4.5999999999999996,0.6,8.6999999999999993,99.4,1065]
["All subjects",2.1,8.8000000000000007,26.9,32,21.7,7.3,1.3,10.8,98.7,13812]
[]
[null,null,null,null,null,null,null,null,null,null,"Source: 2013/14 16-18 attainment data (provisional)"]
["1. Covers applied single award A level examination  results for the  2013/14 academic year."]
["2. Covers students aged 16, 17 or 18 at the start of the 2013/14 academic year, i.e. 31 August 2013."]
["3. Includes ungraded, no award (absent/declined) and pending."]
["4. Information, Communication and Technology."]
[]
["Notes:"]
["x indicates figure has been suppressed where underlying numbers are small (ie, 1 or 2) or where secondary suppression has been applied."]
["Percentages are rounded to one decimal place and therefore may not sum to totals."]
["Where qualifications taken by a student are in the same subject area and similar in content ‘discounting’ rules have been applied to avoid double counting qualifications."]
[]
["Refer to 'Quality and Methodology Information' document."]

{"sheet":"Table 6","index":17,"n_rows":58,"n_cols":9,"rows_kept":58,"cut":false,"hidden":false,"merged":[[4,0,5,0],[4,1,4,7],[4,8,5,8],[55,0,56,8]]}
["Table 6: Applied single AS level results1,2 by gender, subject and grade"]
["Year: 2013/14 (provisional)"]
["Coverage: England"]
[]
["Gender/Subject","Percentage achieving grade",null,null,null,null,null,null,"Number of entries"]
[null,"A","B","C","D","E","Other3","A-E"]
[]
["Males and Females"]
["Applied Art & Design",21.8,26.8,24.1,11.7,11.7,3.9,96.1,257]
["Applied Business",7.4,19.7,27.4,24.3,13.6,7.5,92.5,8326]
["Applied Engineering",4.9000000000000004,17.7,27,26.3,13.5,10.7,89.3,430]
["Applied ICT4",2.9,10.8,22.2,27,21.1,16,84,7409]
["Applied Science",1.4,8.4,23.3,30.7,22.7,13.6,86.4,4590]
["Health & Social Care",6.3,17.3,26.1,24.7,15.9,9.6999999999999993,90.3,8465]
["Leisure & Recreation",4.5999999999999996,20.3,30.7,22,16,6.4,93.6,482]
["Media",9.1999999999999993,22.1,28.4,22.1,10.5,7.9,92.1,458]
["Performing Arts",16.600000000000001,26.9,26.4,17.8,7.4,5,95,1272]
["Travel & Tourism",6.4,19.100000000000001,28.7,23.3,13.7,8.8000000000000007,91.2,2272]
["All subjects",5.7,15.9,25.5,25.4,16.8,10.7,89.3,33961]
[]
["Males"]
["Applied Art & Design",16.2,14.7,26.5,13.2,20.6,8.8000000000000007,91.2,68]
["Applied Business",5.6,16.2,27.1,26,15.5,9.6,90.4,4437]
["Applied Engineering",4.3,17,26.8,26.6,14.4,10.9,89.1,395]
["Applied ICT4",2.7,9.1999999999999993,20.7,26.4,22.9,18.2,81.8,4827]
["Applied Science",0.9,5.7,19.600000000000001,29.3,26.2,18.3,81.7,2186]
["Health & Social Care",1,10.1,13.9,26.5,23.8,24.8,75.2,404]
["Leisure & Recreation",1.8,15.4,32.9,24.3,18.2,7.5,92.5,280]
["Media",4.0999999999999996,11.9,30.1,26,14.6,13.2,86.8,219]
["Performing Arts",12,19.399999999999999,29.3,19.899999999999999,11.7,7.7,92.3,351]
["Travel & Tourism",3.3,13.6,26.8,24.8,18.100000000000001,13.4,86.6,730]
["All subjects",3.7,11.8,23.5,26.4,20.100000000000001,14.6,85.4,13897]
[]
["Females"]
["Applied Art & Design",23.8,31.2,23.3,11.1,8.5,2.1,97.9,189]
["Applied Business",9.6,23.8,27.6,22.5,11.5,5.0999999999999996,94.9,3889]
["Applied Engineering","x",25.7,28.6,22.9,"x",8.6,91.4,35]
["Applied ICT4",3.3,13.9,25,28.1,17.899999999999999,11.9,88.1,2582]
["Applied Science",1.8,10.9,26.6,31.9,19.600000000000001,9.3000000000000007,90.7,2404]
["Health & Social Care",6.5,17.600000000000001,26.7,24.6,15.5,8.9,91.1,8061]
["Leisure & Recreation",8.4,27.2,27.7,18.8,12.9,5,95,202]
["Media",13.8,31.4,26.8,18.399999999999999,6.7,2.9,97.1,239]
["Performing Arts",18.3,29.8,25.3,16.899999999999999,5.8,3.9,96.1,921]
["Travel & Tourism",7.8,21.7,29.6,22.6,11.7,6.5,93.5,1542]
["All subjects",7.1,18.8,26.8,24.8,14.6,8,92,20064]
[]
[null,null,null,null,null,null,null,null,"Source: 2013/14 16-18 attainment data (provisional)"]
["1. Covers applied single award AS level examination results for the 2013/14 academic year."]
["2. Covers students aged 16, 17 or 18 at the start of the 2013/14 academic year, i.e. 31 August 2013."]
["3. Includes ungraded, no award (absent/declined) and pending."]
["4. Information, Communication and Technology."]
[]
["Notes:"]
["x indicates figure has been suppressed where underlying numbers are small (ie, 1 or 2) or where secondary suppression has been applied."]
["Percentages are rounded to one decimal place and therefore may not sum to totals."]
["Where qualifications taken by a student are in the same subject area and similar in content ‘discounting’ rules have been applied to avoid double counting qualifications."]
[]
["Refer to 'Quality and Methodology Information' document."]

{"sheet":"Table 7","index":18,"n_rows":45,"n_cols":16,"rows_kept":45,"cut":false,"hidden":false,"merged":[[4,0,5,0],[4,1,4,14],[4,15,5,15]]}
["Table 7: Applied double A level results1,2 by gender, subject and grade"]
["Year: 2013/14 (provisional)"]
["Coverage: England"]
[]
["Gender/Subject","Percentage achieving grade",null,null,null,null,null,null,null,null,null,null,null,null,null,"Number of entries"]
[null,"A*A*","A*A","AA","AB","BB","BC","CC","CD","DD","DE","EE","Other3","A*A*-AA","A*A*-EE"]
[]
["Males and Females"]
["Applied Art & Design",6.5,7.3,9.6999999999999993,13,19.399999999999999,13.4,12.6,7.3,8.5,"x","x",0,23.5,100,247]
["Applied Business",1,5.4,2.7,10.9,12.6,15.8,17,11.7,12.7,4.5999999999999996,4.3,1.2,9.1,98.8,962]
["Applied ICT4","x",2,"x",5.4,7.1,16,11.2,17,13.3,13.9,8.5,4.4000000000000004,3.1,95.6,294]
["Applied Science",0,0,"x","x",1.3,12.4,12,18.5,24.5,12.9,11.2,6,"x",94,233]
["Health & Social Care",0.4,2.6,2.2999999999999998,7.9,13.7,16,18.2,16,11.9,6.9,3.1,1.1000000000000001,5.3,98.9,1897]
["Travel & Tourism",0,"x",6.8,9.6,13.7,23.3,21.9,9.6,5.5,6.8,"x",0,"x",100,73]
["All subjects",0.9,3.4,2.8,8.4,12.5,15.7,16.600000000000001,14.4,12.7,6.9,4.0999999999999996,1.6,7.1,98.4,3706]
[]
["Males"]
["Applied Art & Design","x","x","x",11.7,16.7,16.7,13.3,11.7,16.7,"x","x",0,8.3000000000000007,100,60]
["Applied Business","x",2.5,"x",10.5,11.7,14.4,17.399999999999999,13.2,14.6,5.9,5.2,2,5.0999999999999996,98,591]
["Applied ICT4",0,"x","x",4.8,6.8,16,12.4,16.8,12.4,14,8.8000000000000007,4.8,3.2,95.2,250]
["Applied Science",0,0,0,"x","x",15,9.3000000000000007,16.8,19.600000000000001,15,14,8.4,0,91.6,107]
["Health & Social Care",0,0,0,6.4,6.4,"x",19.100000000000001,27.7,12.8,12.8,6.4,"x",0,"x",47]
["Travel & Tourism",0,0,0,"x","x","x",46.2,"x","x","x",0,0,0,100,13]
["All subjects",0.4,2.1,1.6,8.1,9.5,14.5,15.6,14.9,14.5,8.9,6.7,3.3,4,96.7,1068]
[]
["Females"]
["Applied Art & Design",7.5,9.1,11.8,13.4,20.3,12.3,12.3,5.9,5.9,1.6,0,0,28.3,100,187]
["Applied Business",2.2000000000000002,10,3.5,11.6,14,18.100000000000001,16.399999999999999,9.4,9.6999999999999993,2.4,2.7,0,15.6,100,371]
["Applied ICT4","x",0,0,9.1,9.1,15.9,"x",18.2,18.2,13.6,6.8,"x","x","x",44]
["Applied Science",0,0,"x","x","x",10.3,14.3,19.8,28.6,11.1,8.6999999999999993,4,"x",96,126]
["Health & Social Care",0.4,2.6,2.4,7.9,13.9,16.3,18.2,15.7,11.9,6.8,3,1,5.4,99,1850]
["Travel & Tourism",0,"x",8.3000000000000007,10,15,25,16.7,10,5,6.7,"x",0,"x",100,60]
["All subjects",1.1000000000000001,3.9,3.2,8.5,13.7,16.2,17.100000000000001,14.2,11.9,6.1,3,0.9,8.3000000000000007,99.1,2638]
[]
[null,null,null,null,null,null,null,null,null,null,null,null,null,null,null,"Source: 2013/14 16-18 attainment data (provisional)"]
["1. Covers Applied double award A level examination results for the 2013/14 academic year."]
["2. Covers students aged 16, 17 or 18 at the start of the 2013/14 academic year, i.e. 31 August 2013."]
["3. Includes ungraded, no award (absent/declined) and pending."]
["4. Information, Communication and Technology."]
[]
["Notes:"]
["x indicates figure has been suppressed where underlying numbers are small (ie, 1 or 2) or where secondary suppression has been applied."]
["Percentages are rounded to one decimal place and therefore may not sum to totals."]
["Where qualifications taken by a student are in the same subject area and similar in content ‘discounting’ rules have been applied to avoid double counting qualifications."]
["Refer to 'Quality and Methodology Information' document."]

{"sheet":"Table 8","index":19,"n_rows":45,"n_cols":13,"rows_kept":45,"cut":false,"hidden":false,"merged":[[4,0,5,0],[4,1,4,11],[4,12,5,12]]}
["Table 8: Applied double AS level results1,2 by gender, subject and grade"]
["Year: 2013/14 (provisional)"]
["Coverage: England"]
[]
["Gender/Subject","Percentage achieving grade",null,null,null,null,null,null,null,null,null,null,"Number of entries"]
[null,"AA","AB","BB","BC","CC","CD","DD","DE","EE","Other3","AA-EE"]
[]
["Males and Females"]
["Applied Art & Design",18.7,9.6,14.1,10.6,13.6,10.1,11.1,"x","x",4,96,198]
["Applied Business",5.2,7.2,11,13.5,14.8,14.6,13.1,9.1,5.0999999999999996,6.4,93.6,1025]
["Applied ICT4",4.2,4.9000000000000004,7.5,9.6,15.8,15.3,10.4,10.9,10.1,11.2,88.8,385]
["Applied Science","x","x",3.5,5.9,8.9,15.1,12.5,16.5,14.6,22.1,77.900000000000006,425]
["Health & Social Care",3,4.7,10.199999999999999,13.2,17.899999999999999,15.3,12,9.6,7.5,6.6,93.4,2166]
["Travel & Tourism","x",15.1,12.3,23.3,17.8,8.1999999999999993,12.3,6.8,"x",0,100,73]
["All subjects",4,5.3,9.6999999999999993,12.3,15.9,14.7,12.1,10.1,7.5,8.3000000000000007,91.7,4272]
[]
["Males"]
["Applied Art & Design",16.399999999999999,11.5,19.7,4.9000000000000004,11.5,11.5,14.8,"x","x",4.9000000000000004,95.1,61]
["Applied Business",3.3,4.2,8.6999999999999993,12.4,16.7,13.6,14.7,10.3,7.4,8.8000000000000007,91.2,612]
["Applied ICT4",4.2,4.5,6,9.4,17.2,16,9.4,10.9,9.6999999999999993,12.7,87.3,331]
["Applied Science",0,0,"x","x",7.5,13.1,9,18.600000000000001,14.6,28.6,71.400000000000006,199]
["Health & Social Care","x",0,"x",9.5,13.5,12.2,23,5.4,13.5,17.600000000000001,82.4,74]
["Travel & Tourism",0,"x","x","x",26.3,15.8,21.1,15.8,0,0,100,19]
["All subjects",3.5,3.8,7.1,10.3,15.1,14,13,11.2,9,13,87,1296]
[]
["Females"]
["Applied Art & Design",19.7,8.8000000000000007,11.7,13.1,14.6,9.5,9.5,"x","x",3.6,96.4,137]
["Applied Business",8,11.6,14.5,15,12.1,16.2,10.7,7.3,1.7,2.9,97.1,413]
["Applied ICT4","x",7.4,16.7,11.1,7.4,11.1,16.7,11.1,13,"x","x",54]
["Applied Science","x","x",5.8,4.4000000000000004,10.199999999999999,16.8,15.5,14.6,14.6,16.399999999999999,83.6,226]
["Health & Social Care",3.1,4.9000000000000004,10.4,13.3,18.100000000000001,15.4,11.6,9.8000000000000007,7.3,6.2,93.8,2092]
["Travel & Tourism","x",18.5,13,29.6,14.8,5.6,9.3000000000000007,"x","x",0,100,54]
["All subjects",4.3,6,10.8,13.1,16.2,15.1,11.7,9.6999999999999993,6.8,6.2,93.8,2976]
[]
[null,null,null,null,null,null,null,null,null,null,null,null,"Source: 2013/14 16-18 attainment data (provisional)"]
["1. Covers applied double award AS level examination results for the 2013/14 academic year."]
["2. Covers students aged 16, 17 or 18 at the start of the 2013/14 academic year, i.e. 31 August 2013."]
["3. Includes ungraded, no award (absent/declined) and pending."]
["4. Information, Communication and Technology."]
[]
["Notes:"]
["x indicates figure has been suppressed where underlying numbers are small (ie, 1 or 2) or where secondary suppression has been applied."]
["Percentages are rounded to one decimal place and therefore may not sum to totals."]
["Where qualifications taken by a student are in the same subject area and similar in content ‘discounting’ rules have been applied to avoid double counting qualifications."]
["Refer to 'Quality and Methodology Information' document."]

{"sheet":"Table 9","index":20,"n_rows":47,"n_cols":33,"rows_kept":47,"cut":false,"hidden":false,"merged":[[4,1,4,10],[4,12,4,21],[4,23,4,32],[5,0,6,0],[5,1,5,9],[5,10,6,10],[5,12,5,20],[5,21,6,21],[5,23,5,31],[5,32,6,32]]}
["Table 9: A level results of students1,2 by institution type, gender and grade"]
["Year: 2013/14 (provisional)"]
["Coverage: England"]
[]
[null,"Males and Females",null,null,null,null,null,null,null,null,null,null,"Males",null,null,null,null,null,null,null,null,null,null,"Females"]
["Institution type","Percentage achieving grade",null,null,null,null,null,null,null,null,"Number of entries",null,"Percentage achieving grade",null,null,null,null,null,null,null,null,"Number of entries",null,"Percentage achieving grade",null,null,null,null,null,null,null,null,"Number of entries"]
[null,"A*","A","B","C","D","E","Other3","A*-A","A*-E",null,null,"A*","A","B","C","D","E","Other3","A*-A","A*-E",null,null,"A*","A","B","C","D","E","Other3","A*-A","A*-E"]
[]
["All state-funded schools4",7.4,16.7,26.6,25.3,15.8,6.7,1.4,24.1,98.6,427922,null,7.8,16.100000000000001,24.6,24.7,17,8,1.7,23.9,98.3,195499,null,7.1,17.3,28.3,25.9,14.8,5.6,1,24.3,99,232423]
["of which:"]
["  Local authority maintained mainstream schools5",6.4,15.2,26.1,26.3,17,7.4,1.5,21.7,98.5,144661,null,6.6,14.6,24.3,25.5,18.2,8.8000000000000007,2,21.2,98,65975,null,6.3,15.8,27.6,26.9,16,6.2,1.2,22,98.8,78686]
["  Sponsored academies -mainstream",4.0999999999999996,10.6,23,28.2,21.3,10.3,2.6,14.7,97.4,27448,null,4.3,10.5,21.2,26.5,22.1,12.1,3.4,14.7,96.6,12481,null,4,10.7,24.5,29.6,20.7,8.6999999999999993,1.9,14.6,98.1,14967]
["  Converter academies- mainstream6",8.3000000000000007,18.2,27.3,24.5,14.5,5.9,1.1000000000000001,26.6,98.9,253426,null,8.8000000000000007,17.600000000000001,25.2,24.1,15.8,7.1,1.4,26.4,98.6,115829,null,7.9,18.8,29.1,24.9,13.5,4.9000000000000004,0.9,26.7,99.1,137597]
["  Mainstream free schools, free school - 16-19, university technical colleges (UTCs), city technology colleges (CTCs) and studio schools",8.1999999999999993,18.899999999999999,28.3,22.7,14.5,6.2,1.2,27.1,98.8,2368,null,9.5,16.7,25,22.6,16.8,7.5,1.7,26.2,98.3,1206,null,6.7,21.3,31.8,22.7,12.1,4.7,0.7,28,99.3,1162]
[]
["Independent schools",18.3,30.9,26.3,14.4,6.6,2.7,0.8,49.2,99.2,107577,null,18.100000000000001,29.7,26,14.9,7.3,3,1,47.8,99,53982,null,18.600000000000001,32.1,26.7,13.8,5.8,2.4,0.6,50.6,99.4,53595]
["of which:"]
["  Independent schools",18.399999999999999,30.9,26.3,14.3,6.6,2.7,0.8,49.3,99.2,107404,null,18.100000000000001,29.8,26,14.9,7.3,3,1,47.9,99,53858,null,18.600000000000001,32.1,26.7,13.8,5.8,2.2999999999999998,0.6,50.7,99.4,53546]
["  Independent special schools and non-maintained special schools7","x","x",23.1,25.4,19.100000000000001,16.2,4.5999999999999996,11.6,95.4,173,null,"x","x",23.4,25.8,18.5,16.899999999999999,3.2,12.1,96.8,124,null,"x","x",22.4,24.5,20.399999999999999,14.3,8.1999999999999993,10.199999999999999,91.8,49]
[]
["All schools",9.6,19.600000000000001,26.6,23.1,14,5.9,1.2,29.2,98.8,535499,null,10,19,24.9,22.6,14.9,6.9,1.6,29.1,98.4,249481,null,9.1999999999999993,20,28,23.6,13.1,5,1,29.3,99,286018]
[]
["FE sector colleges",5.5,13.9,25.7,27.2,17.7,8,2,19.3,98,206848,null,5.7,12.9,23.4,26.4,19.3,9.8000000000000007,2.5,18.600000000000001,97.5,87792,null,5.3,14.6,27.5,27.8,16.5,6.7,1.6,19.899999999999999,98.4,119056]
["of which:"]
["  Sixth form colleges",6.1,14.9,26.2,26.3,16.8,7.8,1.9,21,98.1,146446,null,6.2,13.8,23.7,25.8,18.5,9.6,2.4,20,97.6,63259,null,6,15.8,28,26.7,15.6,6.5,1.5,21.8,98.5,83187]
["  Other FE sector colleges8",4,11.3,24.7,29.4,19.8,8.5,2.2999999999999998,15.3,97.7,60402,null,4.4000000000000004,10.6,22.5,28.2,21.3,10.199999999999999,2.7,15,97.3,24533,null,3.8,11.7,26.1,30.2,18.7,7.4,2.1,15.5,97.9,35869]
[]
["State-funded schools and colleges9",6.8,15.8,26.4,26,16.399999999999999,7.1,1.6,22.6,98.4,634370,null,7.1,15.1,24.3,25.2,17.7,8.5,2,22.2,98,282976,null,6.5,16.3,28,26.5,15.4,6,1.2,22.8,98.8,351394]
[]
["All schools and FE sector colleges",8.5,18,26.3,24.3,15,6.5,1.5,26.4,98.5,742347,null,8.9,17.5,24.5,23.6,16.100000000000001,7.6,1.8,26.4,98.2,337273,null,8.1,18.399999999999999,27.9,24.8,14.1,5.5,1.2,26.5,98.8,405074]
[]
[null,null,null,null,null,null,null,null,null,null,null,null,null,null,null,null,null,null,null,null,null,null,null,null,null,null,null,null,null,null,null,null,"Source: 2013/14 16-18 attainment data (provisional)"]
["1. Covers A level examination results for the 2013/14 academic year."]
["2. Covers students aged 16, 17 or 18 at the start of the 2013/14 academic year, i.e. 31 August 2013."]
["3. Includes ungraded, no award (absent/declined) and pending."]
["4. Also Includes state-funded special schools, hospital schools, pupil referral units (PRUs) and alternative provision (AP) free schools. Figures for these institution types are not shown separately in the table."]
["5. Community, voluntary aided, voluntary controlled and foundation schools."]
["6. Convertor academies and academy 16-19 converters."]
["7. Independent special schools, independent schools approved to take pupils with special educational needs (SEN) and non-maintained special schools."]
["8. Further education sector colleges; other government department funded colleges; and special colleges."]
["9. Covers all state-funded mainstream schools, academies, free schools, maintained special schools and FE sector colleges. Excludes pupil referral units (PRUs), non-maintained special schools, other government department funded colleges, independent schools, independent special schools and independent schools approved to take pupils with special educational needs (SEN) ."]
[]
["Notes:"]
["x indicates figure has been suppressed where underlying numbers are small (ie, 1 or 2) or where secondary suppression has been applied."]
["Percentages are rounded to one decimal place and therefore may not sum to totals."]
["Where qualifications taken by a student are in the same subject area and similar in content ‘discounting’ rules have been applied to avoid double counting qualifications."]
["Refer to 'Quality and Methodology Information' document."]

{"sheet":"Table 10","index":21,"n_rows":57,"n_cols":11,"rows_kept":57,"cut":false,"hidden":false,"merged":[[4,0,5,0],[4,1,4,9],[4,10,5,10],[49,0,49,4],[50,0,51,6]]}
["Table 10: A level results of state-funded school students1,2 by admission basis, gender and grade"]
["Year: 2013/14 (provisional)"]
["Coverage: England"]
[]
["Admission basis / Gender","Percentage achieving grade",null,null,null,null,null,null,null,null,"Number of entries"]
[null,"A*","A","B","C","D","E","Other3","A*-A","A*-E"]
[]
["Males and Females"]
[]
["    All state-funded schools, state-funded special",7.4,16.7,26.6,25.3,15.8,6.7,1.4,24.1,98.6,427922]
["    schools, hospital schools and PRUs4"]
[]
["    of which:"]
[]
["       Comprehensive Schools",6.1,14.7,26.4,26.8,17.2,7.4,1.5,20.8,98.5,340113]
[]
["       Selective Schools ",13.9,26.9,28.4,18.399999999999999,8.6999999999999993,3.1,0.6,40.700000000000003,99.4,75866]
[]
["       Modern Schools",3.1,8.6,21.7,29.9,23.5,10.8,2.4,11.7,97.6,8260]
[]
["Males"]
[]
["    All state-funded schools, state-funded special",7.8,16.100000000000001,24.6,24.7,17,8,1.7,23.9,98.3,195499]
["    schools, hospital schools and PRUs4"]
[]
["    of which:"]
[]
["       Comprehensive Schools",6.3,14,24.2,26.1,18.600000000000001,8.9,1.9,20.3,98.1,153974]
[]
["       Selective Schools ",14.6,25.9,26.9,18.3,9.8000000000000007,3.6,0.8,40.5,99.2,36521]
[]
["       Modern Schools",2.8,8.1999999999999993,20.3,28.5,24.9,12.3,2.9,11,97.1,3380]
[]
["Females"]
[]
["    All state-funded schools, state-funded special",7.1,17.3,28.3,25.9,14.8,5.6,1,24.3,99,232423]
["    schools, hospital schools and PRUs4"]
[]
["    of which:"]
[]
["       Comprehensive Schools",5.9,15.3,28.2,27.3,16.100000000000001,6.1,1.1000000000000001,21.2,98.9,186139]
[]
["       Selective Schools ",13.2,27.8,29.7,18.600000000000001,7.8,2.6,0.5,40.9,99.5,39345]
[]
["       Modern Schools",3.2,9,22.7,30.9,22.5,9.6999999999999993,2.1,12.2,97.9,4880]
[]
[null,null,null,null,null,null,null,null,null,null,"Source: 2013/14 16-18 attainment data (provisional)"]
["1. Covers A level examination results for the 2013/14 academic year."]
["2. Covers students aged 16, 17 or 18 at the start of the 2013/14 academic year, i.e. 31 August 2013."]
["3. Includes ungraded, no award (absent/declined) and pending."]
["4. Sponsor and converter academies; community, voluntary aided, voluntary controlled and foundation schools; city technology colleges (CTCs); free Schools (mainstream, special, UTC, Studio School, 16-19); hospital and special schools; pupil referral units (PRUs)."]
[]
[]
["Notes:"]
["Percentages are rounded to one decimal place and therefore may not sum to totals."]
["Where qualifications taken by a student are in the same subject area and similar in content ‘discounting’ rules have been applied to avoid double counting qualifications."]
["Refer to 'Quality and Methodology Information' document."]

{"sheet":"Table 11a","index":22,"n_rows":78,"n_cols":11,"rows_kept":78,"cut":false,"hidden":false,"merged":[[70,0,70,4],[5,10,6,10],[4,1,4,9],[5,1,5,9],[67,0,68,9]]}
["Table 11a: A level results1 of state-funded school2 students3 by subject and grade"]
["Year: 2013/14 (provisional)"]
["Coverage: England"]
[]
[null,"Males and Females"]
["Subject","Percentage achieving grade",null,null,null,null,null,null,null,null,"Number of entries"]
[null,"A*","A","B","C","D","E","Other4","A*-A ","A*-E "]
[]
["Biological Sciences",8.5,16.7,23.8,22,17.3,10,1.6,25.2,98.4,33991]
["Chemistry",8.1999999999999993,22.2,27,20.399999999999999,13.4,7.4,1.4,30.4,98.6,27772]
["Physics",9.1,19.5,22.7,20,15.7,10.7,2.2999999999999998,28.6,97.7,19319]
["Other Science",8.5,19,24.8,20.9,13.5,11.1,2.1,27.5,97.9,1330]
[]
["Mathematics",16.399999999999999,24.6,23.5,16.600000000000001,11.5,6.1,1.4,41,98.6,45304]
["Further Mathematics",23.2,31,20.6,13.4,7.2,3.6,1.1000000000000001,54.2,98.9,7097]
[]
["Design and Technology",3.6,10.9,23.7,28.4,22.6,9.6999999999999993,1.2,14.4,98.8,9201]
["Computer Studies",3.3,14.9,22.3,23.8,20.5,12.3,2.9,18.100000000000001,97.1,1808]
["ICT5",1.4,7.8,22.2,26.5,25.2,14.6,2.2000000000000002,9.3000000000000007,97.8,4247]
[]
["Home Economics","x",8.9,27.4,27.4,25.1,8.4,"x",11.2,"x",179]
[]
["Accounting and Finance",1.1000000000000001,6.8,23.2,25.9,22.1,16.600000000000001,4.4000000000000004,7.9,95.6,711]
["Business Studies",3.8,11.4,27.3,30.6,18.5,7.2,1.2,15.2,98.8,13782]
["Economics",7.5,21.7,28.9,22.9,12.6,5.3,1.1000000000000001,29.2,98.9,11220]
["Geography",5.6,19.100000000000001,29.4,26.6,13.9,4.7,0.6,24.8,99.4,18298]
["Government and Politics",6.9,18.899999999999999,28.1,24.2,14.9,5.7,1.4,25.8,98.6,6269]
["History",5.4,17.2,31.3,27.7,13.9,3.8,0.5,22.6,99.5,28301]
["Law",4.0999999999999996,10.9,23.8,27,20.8,9.9,3.4,15.1,96.6,3785]
["Psychology",4.7,12.1,25.7,27.5,19.2,8.6,2.2000000000000002,16.8,97.8,31573]
["Sociology",5.4,13.3,29,28.5,16.399999999999999,6.1,1.4,18.7,98.6,16342]
["Other social studies",6.6,13.4,28.7,26.1,16.100000000000001,8,1.1000000000000001,20,98.9,1143]
[]
["Art and Design",11.2,14.3,28.2,27.4,13.8,4.3,0.8,25.5,99.2,21601]
["Drama",2.7,9.3000000000000007,30.1,34.4,18.3,4.5999999999999996,0.5,12.1,99.5,7322]
["English",5.6,13.6,28.4,31.8,17.100000000000001,3.3,0.3,19.2,99.7,46821]
["Media/Film/Television Studies",1.3,9,30.7,37.1,17.600000000000001,3.8,0.5,10.3,99.5,12216]
["Other Communication Studies",1.6,9.5,33.799999999999997,36.299999999999997,15.6,2.9,0.4,11.1,99.6,3277]
[]
["French",4.9000000000000004,28,31,21.2,11.2,3.2,0.4,32.9,99.6,4771]
["German",6.2,26.5,30.1,19.600000000000001,12.2,4.7,0.7,32.700000000000003,99.3,2168]
["Spanish",5.6,24.8,32,23,11.2,3.1,0.4,30.4,99.6,3298]
["Other modern languages",11.5,33.5,28.1,15.4,6.9,3,1.7,44.9,98.3,2841]
["of which:"]
["  Chinese",2,33.4,40.9,17.7,4.3,"x","x",35.4,"x",350]
["  Italian",8,31.7,35.799999999999997,17.5,3.6,"x","x",39.6,"x",338]
["  Polish",14.7,45.4,16.7,11.7,8,2.8,0.7,60,99.3,538]
["  Russian",32.799999999999997,46.3,16.399999999999999,3,1.5,0,0,79.099999999999994,100,201]
[]
["Classical Studies",7.8,24.5,29.9,23.6,10.9,2.9,0.6,32.200000000000003,99.4,1961]
["of which:"]
["  Latin",19.600000000000001,44.8,23.9,8.1999999999999993,"x","x",1,64.400000000000006,99,306]
["  Greek",22.7,59.1,"x","x",0,0,0,81.8,100,22]
["  Classical Civilisation",5.9,21.3,30.5,25.9,12.6,3.4,0.3,27.2,99.7,1313]
[]
["Religious Studies",5.4,16.3,29,26.7,15.5,5.9,1.2,21.7,98.8,13008]
[]
["Music",2.2000000000000002,12.4,24,28.7,21.8,9.8000000000000007,1.1000000000000001,14.6,98.9,3966]
[]
["Physical Education",3.2,10.8,24.1,26.4,21.5,12.4,1.6,14,98.4,7968]
[]
["General Studies",4.4000000000000004,9.4,20.9,25.3,21.2,12.9,5.9,13.8,94.1,15032]
[]
["All subjects",7.4,16.7,26.6,25.3,15.8,6.7,1.4,24.1,98.6,427922]
[]
[null,null,null,null,null,null,null,null,null,null,"Source: 2013/14 16-18 attainment data (provisional)"]
["1. Covers A level examination results for the 2013/14 academic year."]
["2. Sponsor and converter academies; community, voluntary aided, voluntary controlled and foundation schools; city technology colleges (CTCs); free Schools (mainstream, special, UTC, Studio School, 16-19); hospital and special schools; pupil referral units (PRUs)."]
[]
["3. Covers students aged 16, 17 or 18 at the start of the 2013/14 academic year, i.e. 31 August 2013."]
["4. Includes ungraded, no award (absent/declined) and pending."]
["5. Information, Communication and Technology."]
[]
["Notes:"]
["x indicates figure has been suppressed where underlying numbers are small (ie, 1 or 2) or where secondary suppression has been applied."]
["Percentages are rounded to one decimal place and therefore may not sum to totals."]
["Where qualifications taken by a student are in the same subject area and similar in content ‘discounting’ rules have been applied to avoid double counting qualifications."]
["Refer to 'Quality and Methodology Information' document."]

{"sheet":"Table 11b","index":23,"n_rows":77,"n_cols":11,"rows_kept":77,"cut":false,"hidden":false,"merged":[[4,1,4,9],[5,1,5,9],[5,10,6,10]]}
["Table 11b: A level results1 of independent school2 students3 by subject and grade"]
["Year: 2013/14 (provisional)"]
["Coverage: England"]
[]
[null,"Males and Females"]
["Subject","Percentage achieving grade",null,null,null,null,null,null,null,null,"Number of entries"]
[null,"A*","A","B","C","D","E","Other4","A*-A ","A*-E "]
[]
["Biological Sciences",19.7,28,23.6,15,8.6999999999999993,3.8,1.2,47.7,98.8,8542]
["Chemistry",17.2,35.6,25.2,11.8,6.6,2.9,0.7,52.8,99.3,8345]
["Physics",19,29.4,23.8,13.5,8.4,4.4000000000000004,1.5,48.4,98.5,6223]
["Other Science",16.100000000000001,34.299999999999997,23.1,15.7,7.4,"x","x",50.4,"x",242]
[]
["Mathematics",30,32.6,19.8,9.4,4.8,2.5,0.9,62.6,99.1,14938]
["Further Mathematics",36.9,32.200000000000003,16.5,7.5,4,1.9,1,69.099999999999994,99,3608]
[]
["Design and Technology",11.1,24.4,29.5,20.8,11.6,2.2000000000000002,0.4,35.5,99.6,1606]
["Computer Studies",7.4,24.2,25.3,18.899999999999999,13.2,8.9,2.1,31.6,97.9,190]
["ICT5",2.6,11.8,28.1,26.6,18.899999999999999,9.1,2.9,14.4,97.1,417]
[]
["Home Economics","x",29.2,26.4,23.6,11.3,6.6,"x",31.1,"x",106]
[]
["Accounting and Finance",3.8,19.2,21.4,20.3,13.7,8.8000000000000007,12.6,23.1,87.4,182]
["Business Studies",5.3,17.5,31,25.2,14.1,5.3,1.7,22.8,98.3,3784]
["Economics",15.8,34,27.9,13.5,5.8,2.2999999999999998,0.8,49.8,99.2,6745]
["Geography",12.7,34.299999999999997,28.7,16,6.3,1.9,0.2,47,99.8,5547]
["Government and Politics",15,31.2,29.7,14.3,6.3,2.5,1,46.2,99,2705]
["History",16.899999999999999,34.5,30,13.8,3.8,0.9,0.2,51.4,99.8,6826]
["Law",10.9,13,33.700000000000003,14.1,13,7.6,7.6,23.9,92.4,92]
["Psychology",10.5,21.1,29.4,20.8,11.1,5.6,1.6,31.5,98.4,3531]
["Sociology",9.6999999999999993,14.7,35,21.7,10.199999999999999,6.6,2.1,24.3,97.9,423]
["Other social studies",14.1,31,29.1,16.3,6.4,1.5,1.5,45.1,98.5,326]
[]
["Art and Design",23.7,26.3,28.2,14.4,5.3,1.8,0.4,50,99.6,5357]
["Drama",11.2,23.4,38.799999999999997,20.399999999999999,4.8,"x","x",34.6,"x",1714]
["English",19.2,26.8,29.3,17.899999999999999,5.7,1,0.1,46,99.9,7177]
["Media/Film/Television Studies",5.9,20.2,34.4,25.3,10.8,2.9,0.6,26,99.4,526]
["Other Communication Studies",5,24.1,40,22.7,5.9,"x","x",29.1,"x",220]
[]
["French",10.9,43.4,28.1,11.5,4.5999999999999996,1.3,0.2,54.3,99.8,2536]
["German",12.8,44.5,25.6,11.5,4.2,1.1000000000000001,0.3,57.3,99.7,907]
["Spanish",12.8,38.700000000000003,31,12.3,4.3,0.8,0.2,51.5,99.8,1880]
["Other modern languages",17.600000000000001,45.6,26.9,6.8,1.4,1,0.9,63.1,99.1,3164]
["of which:"]
["  Chinese",9.3000000000000007,44.5,35.299999999999997,7.9,1.4,0.9,0.8,53.8,99.2,1880]
["  Italian",15.3,45.8,29.6,5.4,2,"x","x",61.1,"x",203]
["  Polish",55.6,29.6,"x","x",0,0,0,85.2,100,27]
["  Russian",38.1,56.6,3.6,1,"x","x",0.4,94.6,99.6,670]
[]
["Classical Studies",17.8,37.4,27.6,12.1,4,0.8,0.3,55.2,99.7,2422]
["of which:"]
["  Latin",28.3,45.7,19.2,6,"x","x",0,73.900000000000006,100,944]
["  Greek",31.1,56.1,"x","x",0,0,0,87.3,100,228]
["  Classical Civilisation",6.3,26.1,37.6,20.2,8.1,"x","x",32.4,"x",1016]
[]
["Religious Studies",15.8,33.200000000000003,27.5,15.6,5.5,2,0.4,49,99.6,3516]
[]
["Music",9.1999999999999993,28.4,30.5,21.4,7.8,2.2999999999999998,0.5,37.5,99.5,1333]
[]
["Physical Education",5.3,16.7,25.9,24.5,16.7,9.9,1,22,99,1573]
[]
["General Studies",10.199999999999999,14.4,25.7,21.7,14.8,9.4,3.8,24.6,96.2,874]
[]
["All subjects",18.3,30.9,26.3,14.4,6.6,2.7,0.8,49.2,99.2,107577]
[]
[null,null,null,null,null,null,null,null,null,null,"Source: 2013/14 16-18 attainment data (provisional)"]
["1. Covers A level examination results for the 2013/14 academic year."]
["2. Covers independent schools, independent special schools, independent schools approved to take pupils with special educational needs (SEN) and non-maintained special schools."]
["3. Covers students aged 16, 17 or 18 at the start of the 2013/14 academic year, i.e. 31 August 2013."]
["4. Includes ungraded, no award (absent/declined) and pending."]
["5. Information, Communication and Technology."]
[]
["Notes:"]
["x indicates figure has been suppressed where underlying numbers are small (ie, 1 or 2) or where secondary suppression has been applied."]
["Percentages are rounded to one decimal place and therefore may not sum to totals."]
["Where qualifications taken by a student are in the same subject area and similar in content ‘discounting’ rules have been applied to avoid double counting qualifications."]
["Refer to 'Quality and Methodology Information' document."]

{"sheet":"Table 11c","index":24,"n_rows":78,"n_cols":11,"rows_kept":78,"cut":false,"hidden":false,"merged":[[4,1,4,9],[5,1,5,9],[5,10,6,10]]}
["Table 11c: A level results1 of all further education sector college2 students3 by subject and grade"]
["Year: 2013/14 (provisional)"]
["Coverage: England"]
[]
[null,"Males and Females"]
["Subject","Percentage achieving grade",null,null,null,null,null,null,null,null,"Number of entries"]
[null,"A*","A","B","C","D","E","Other4","A*-A ","A*-E "]
[]
["Biological Sciences",7.5,15.6,22.4,22.1,18.7,11.5,2.1,23.1,97.9,13334]
["Chemistry",6.2,19.600000000000001,25.4,21.3,15.1,9.8000000000000007,2.5,25.8,97.5,11041]
["Physics",7.4,16.2,21.7,20.5,17.8,13.2,3.1,23.6,96.9,6699]
["Other Science",6.5,15.6,23.6,23,19.100000000000001,9.5,2.8,22,97.2,2545]
[]
["Mathematics",12.8,19.8,22.6,19.600000000000001,14.4,8.6999999999999993,2,32.6,98,18818]
["Further Mathematics",18.899999999999999,29.9,21.8,14.9,8.8000000000000007,4.5999999999999996,1.2,48.8,98.8,2339]
[]
["Design and Technology",3.6,9.6,24.5,26.8,21.8,11.2,2.4,13.3,97.6,1026]
["Computer Studies",2.1,11.2,19.600000000000001,25.9,22.4,15.1,3.5,13.3,96.5,1738]
["ICT5",1,6.8,20,27.4,25.9,15.7,3.2,7.8,96.8,2272]
[]
["Home Economics",0,0,"x",41.7,16.7,25,"x",0,"x",24]
[]
["Accounting and Finance",2.1,11.4,23.2,25.9,19.399999999999999,13.6,4.5,13.5,95.5,1858]
["Business Studies",3.1,8.4,25,31.3,21.4,8.8000000000000007,2,11.4,98,8153]
["Economics",4.9000000000000004,15.7,26.1,25.8,17.5,8.1,1.8,20.7,98.2,4932]
["Geography",4.3,17.8,28.5,26.4,16.5,5.5,1,22.1,99,5849]
["Government and Politics",5.6,15.2,26.1,25.5,17.2,8.4,2.2000000000000002,20.7,97.8,3347]
["History",3.6,13.9,28.7,30.3,17.2,5.4,0.9,17.5,99.1,10887]
["Law",4.9000000000000004,13.6,25.2,25,18.399999999999999,9.9,3,18.5,97,6484]
["Psychology",4.0999999999999996,11.1,24.7,27,20,10.3,2.8,15.2,97.2,16108]
["Sociology",4.5999999999999996,12.9,27.3,28.7,17.5,6.8,2,17.600000000000001,98,10986]
["Other social studies",4.3,12,28,28.7,18.7,6.5,1.8,16.399999999999999,98.2,2125]
[]
["Art and Design",7.8,14,31.3,29.1,13.3,3.8,0.8,21.8,99.2,13811]
["Drama",3.1,8.6999999999999993,28.6,32.700000000000003,20.100000000000001,6.1,0.7,11.8,99.3,2768]
["English",3.6,10.8,26.6,34.799999999999997,19.2,4.3,0.6,14.4,99.4,24254]
["Media/Film/Television Studies",1.2,7.9,31.2,38.799999999999997,16.8,3.4,0.7,9.1,99.3,6919]
["Other Communication Studies",1.6,9.3000000000000007,34.200000000000003,37.9,13.9,2.4,0.7,10.9,99.3,4734]
[]
["French",4.5,27.3,27,23,12.7,4.9000000000000004,0.7,31.7,99.3,1775]
["German",7.6,29.9,29.5,18.100000000000001,11.4,"x","x",37.5,"x",648]
["Spanish",6.3,23.2,32.5,23.5,10.8,3.1,0.6,29.5,99.4,1445]
["Other modern languages",10.3,34.700000000000003,31.4,14.8,4.5999999999999996,2.2999999999999998,1.9,45,98.1,1064]
["of which:"]
["  Chinese",6.3,34.9,42.8,11.6,1.9,1.6,0.9,41.2,99.1,318]
["  Italian",10.3,25.5,34.5,20.7,"x","x",0,35.9,100,145]
["  Polish",13.3,52.6,14.1,11.9,3.7,"x","x",65.900000000000006,"x",135]
["  Russian",22.5,57.5,11.3,5,"x",0,"x",80,"x",80]
[]
["Classical Studies",3.5,14.7,28.7,27.9,15.7,7.2,2.2000000000000002,18.2,97.8,1836]
["of which:"]
["  Latin",14.3,42.9,19,"x","x",0,0,57.1,100,21]
["  Greek",".",".",".",".",".",".",".",".",".",0]
["  Classical Civilisation",3.8,14.7,29.3,25.9,15.7,8,2.6,18.399999999999999,97.4,1411]
[]
["Religious Studies",3.5,12.4,26.3,29.8,18.7,7.2,2.1,15.9,97.9,3317]
[]
["Music",1.4,9,24.7,29.7,23.9,9.6999999999999993,1.6,10.3,98.4,1888]
[]
["Physical Education",3.4,12.1,24.3,26,20.5,11.6,2.1,15.5,97.9,3653]
[]
["General Studies",2.8,6.9,16.7,23.8,24.7,16.8,8.3000000000000007,9.6999999999999993,91.7,8171]
[]
["All subjects",5.5,13.9,25.7,27.2,17.7,8,2,19.3,98,206848]
[]
[null,null,null,null,null,null,null,null,null,null,"Source: 2013/14 16-18 attainment data (provisional)"]
["1. Covers A level examination results for the 2013/14 academic year."]
["2. Covers sixth form colleges, further education sector college; other government department funded colleges; and special colleges."]
["3. Covers students aged 16, 17 or 18 at the start of the 2013/14 academic year, i.e. 31 August 2013."]
["4. Includes ungraded, no award (absent/declined) and pending."]
["5. Information, Communication and Technology."]
[]
["Notes:"]
["x indicates figure has been suppressed where underlying numbers are small (ie, 1 or 2) or where secondary suppression has been applied."]
["Percentages are rounded to one decimal place and therefore may not sum to totals."]
["Where qualifications taken by a student are in the same subject area and similar in content ‘discounting’ rules have been applied to avoid double counting qualifications."]
["Refer to 'Quality and Methodology Information' document."]
[". not applicable"]

{"sheet":"Table 11d","index":25,"n_rows":78,"n_cols":11,"rows_kept":78,"cut":false,"hidden":false,"merged":[[4,1,4,9],[5,1,5,9],[5,10,6,10]]}
["Table 11d: A level results1 of sixth form college2 students3 by subject and grade"]
["Year: 2013/14 (provisional)"]
["Coverage: England"]
[]
[null,"Males and Females"]
["Subject","Percentage achieving grade",null,null,null,null,null,null,null,null,"Number of entries"]
[null,"A*","A","B","C","D","E","Other4","A*-A ","A*-E "]
[]
["Biological Sciences",8.5,17.2,23.4,21.3,17.3,10.5,1.9,25.7,98.1,9623]
["Chemistry",6.9,21.5,26.3,20.7,13.9,8.6,2.1,28.4,97.9,8292]
["Physics",8.4,17.2,22.1,20,16.5,12.7,3,25.6,97,4636]
["Other Science",6.4,16.600000000000001,23.7,22.8,18.899999999999999,8.9,2.5,23.1,97.5,1770]
[]
["Mathematics",13.5,20.2,22.9,19.2,14.1,8.5,1.6,33.700000000000003,98.4,13732]
["Further Mathematics",20.3,30.6,20.5,14.8,8.5,4.8,0.5,50.9,99.5,1754]
[]
["Design and Technology",3.4,9.1,24.1,26.7,22.7,11.2,2.7,12.5,97.3,910]
["Computer Studies",2.2000000000000002,11.3,20,26.6,22.5,14.3,3,13.5,97,1295]
["ICT5",0.9,6.6,19.5,28.2,26,15.6,3.2,7.5,96.8,1469]
[]
["Home Economics",0,0,13.6,40.9,"x",27.3,"x",0,"x",22]
[]
["Accounting and Finance",1.9,11.5,23.4,24.7,19,14.5,4.9000000000000004,13.5,95.1,1234]
["Business Studies",3.5,9.1999999999999993,25.1,31.2,20.5,8.6999999999999993,1.7,12.7,98.3,5277]
["Economics",5.0999999999999996,17.100000000000001,27,25.5,16.3,7.4,1.5,22.2,98.5,3874]
["Geography",4.5,19.2,28.9,25.1,16,5.5,0.9,23.7,99.1,4135]
["Government and Politics",6.6,16.899999999999999,26.6,25.7,15.6,6.6,1.9,23.6,98.1,2437]
["History",4.4000000000000004,15.7,30.6,29.3,14.6,4.5999999999999996,0.6,20.2,99.4,7721]
["Law",5.5,15,25.7,25,17.3,8.9,2.6,20.5,97.4,4380]
["Psychology",5,12.3,25.5,26.3,18.899999999999999,9.6,2.5,17.3,97.5,10753]
["Sociology",5,13.4,27.3,28.2,17,7.2,1.9,18.399999999999999,98.1,6949]
["Other social studies",4.8,13.2,28.8,27.7,17.5,6.3,1.7,18,98.3,1509]
[]
["Art and Design",9.1,15.1,32.200000000000003,27.8,12,3.4,0.5,24.1,99.5,9347]
["Drama",3.5,9.8000000000000007,30.2,32.700000000000003,17.7,5.6,0.6,13.3,99.4,1962]
["English",4.0999999999999996,12.2,27.6,33.6,18,4.2,0.4,16.2,99.6,16279]
["Media/Film/Television Studies",1.5,8.5,32.700000000000003,37.9,15.6,3.4,0.5,9.9,99.5,4331]
["Other Communication Studies",1.5,9.4,33.6,38.1,14.3,2.6,0.6,10.9,99.4,2978]
[]
["French",5.0999999999999996,28.9,26.8,22.2,11.7,4.5999999999999996,0.7,34,99.3,1366]
["German",7.2,30.9,28.8,17.2,12.7,"x","x",38,"x",489]
["Spanish",6.3,23.8,33.4,22,11.4,2.7,0.3,30.2,99.7,1103]
["Other modern languages",10.199999999999999,33.6,32.299999999999997,14.9,4.5999999999999996,2.4,1.9,43.8,98.1,736]
["of which:"]
["  Chinese",5.6,34.1,44.4,11.2,2.2000000000000002,1.3,1.3,39.700000000000003,98.7,232]
["  Italian",11.6,27.4,33.700000000000003,21.1,"x","x",0,38.9,100,95]
["  Polish",15.1,47.3,15.1,14,4.3,"x","x",62.4,"x",93]
["  Russian",26.7,44.4,13.3,8.9,"x",0,"x",71.099999999999994,"x",45]
[]
["Classical Studies",4.2,15.9,29.7,26,15.1,6.8,2.4,20.100000000000001,97.6,1348]
["of which:"]
["  Latin",15,45,20,"x","x",0,0,60,100,20]
["  Greek",".",".",".",".",".",".",".",".",".",0]
["  Classical Civilisation",4.2,15.6,29.8,24.9,15.1,7.5,3,19.8,97,1083]
[]
["Religious Studies",3.7,12.9,27.1,29.7,17.7,7.1,1.9,16.600000000000001,98.1,2657]
[]
["Music",1.5,10,24.9,29.5,22.6,9.6,1.8,11.6,98.2,1488]
[]
["Physical Education",3.3,12.7,24.7,25.2,20.399999999999999,11.7,2,16,98,2907]
[]
["General Studies",2.8,7,16.8,23.8,24.9,16.8,8,9.6999999999999993,92,7683]
[]
["All subjects",6.1,14.9,26.2,26.3,16.8,7.8,1.9,21,98.1,146446]
[]
[null,null,null,null,null,null,null,null,null,null,"Source: 2013/14 16-18 attainment data (provisional)"]
["1. Covers A level examination results for the 2013/14 academic year."]
["2. Covers sixth form colleges only."]
["3. Covers students aged 16, 17 or 18 at the start of the 2013/14 academic year, i.e. 31 August 2013."]
["4. Includes ungraded, no award (absent/declined) and pending."]
["5. Information, Communication and Technology."]
[]
["Notes:",null,null," "]
["x indicates figure has been suppressed where underlying numbers are small (ie, 1 or 2) or where secondary suppression has been applied."]
["Percentages are rounded to one decimal place and therefore may not sum to totals."]
["Where qualifications taken by a student are in the same subject area and similar in content ‘discounting’ rules have been applied to avoid double counting qualifications."]
["Refer to 'Quality and Methodology Information' document."]
[". not applicable"]